NOAA-Style Climate Report Archive

for Hessville, NY - Since March 2004

(Reports Generated by WeatherLink)
Select a Year or Month report / some data is missing due to maintenance requirements ...

2022: Jan Feb Mar Apr May Jun Jul Aug Sep Oct Nov Dec
2021: Jan Feb Mar Apr May Jun Jul Aug Sep Oct Nov Dec
2020: Jan Feb Mar Apr May Jun Jul Aug Sep Oct Nov Dec
2019: Jan Feb Mar Apr May Jun Jul Aug Sep Oct Nov Dec
2018: Jan Feb Mar Apr May Jun Jul Aug Sep Oct Nov Dec
2017: Jan Feb Mar Apr May Jun Jul Aug Sep Oct Nov Dec
2016: Jan Feb Mar Apr May Jun Jul Aug Sep Oct Nov Dec
2015: Jan Feb Mar Apr May Jun Jul Aug Sep Oct Nov Dec
2014: Jan Feb Mar Apr May Jun Jul Aug Sep Oct Nov Dec
2013: Jan Feb Mar Apr May Jun Jul Aug Sep Oct Nov Dec
2012: Jan Feb Mar Apr May Jun Jul Aug Sep Oct Nov Dec
2011: Jan Feb Mar Apr May Jun Jul Aug Sep Oct Nov Dec
2010: Jan Feb Mar Apr May Jun Jul Aug Sep Oct Nov Dec
2009: Jan Feb Mar Apr May Jun Jul Aug Sep Oct Nov Dec
2008: Jan Feb Mar Apr May Jun Jul Aug Sep Oct Nov Dec
2007: Jan Feb Mar Apr May Jun Jul Aug Sep Oct Nov Dec
2006: Jan Feb Mar Apr May Jun Jul Aug Sep Oct Nov Dec
2005: Jan Feb Mar Apr May Jun Jul Aug Sep Oct Nov Dec
2004: Jan Feb Mar Apr May Jun Jul Aug Sep Oct Nov Dec

Report for 2022
                            ANNUAL CLIMATOLOGICAL SUMMARY

NAME: Indian Trail Weather  CITY: Hessville   STATE: New York  
ELEV:  1041 ft  LAT:  42° 51' 52" N  LONG:  74° 43' 15" W

               TEMPERATURE (°F), HEAT BASE 65.0, COOL BASE 65.0
                          DEP.  HEAT  COOL                                          
        MEAN  MEAN        FROM  DEG   DEG                        MAX  MAX  MIN  MIN 
 YR MO  MAX   MIN   MEAN  NORM  DAYS  DAYS  HI  DATE  LOW  DATE  >=90 <=32 <=32 <=0 
------------------------------------------------------------------------------------
 22  1  26.5   7.0  17.2  -3.3  1480     0  44.5   1 -12.5   22    0   20   30    9
 22  2  36.0  15.0  25.6   2.3  1104     0  57.9  18  -0.1    6    0   13   26    1
 22  3  44.1  25.6  34.1   2.7   957     1  68.9  18   5.4    4    0    6   20    0
 22  4  53.8  35.2  44.0  -0.3   634     5  78.8  14  27.2   18    0    0    8    0
 22  5  71.4  49.1  60.4   5.1   223    81  89.6  21  33.0    1    0    0    0    0
 22  6  74.0  55.4  64.5   0.5   106    91  87.5  26  44.8   19    0    0    0    0
 22  7  80.9  61.5  71.2   3.3    30   220  90.1  20  48.7   10    1    0    0    0
 22  8  81.6  62.0  71.0   4.6    30   215  90.2   4  50.4   13    2    0    0    0
 22  9  69.0  52.6  60.3   1.1   186    44  81.9  10  36.8   30    0    0    0    0
 22 10  60.8  40.4  49.8   1.9   475     5  74.2   6  28.7   29    0    0    2    0
 22 11  50.6  34.3  42.6   5.0   681     8  73.4   6  16.8   21    0    1   17    0
 22 12  44.3  31.0  37.2  11.1   217     0  55.7   7  25.0    2    0    0    5    0
------------------------------------------------------------------------------------
        58.8  39.8  49.0   2.8  6123   669  90.2 AUG -12.5  JAN    3   40  108   10

                                PRECIPITATION (in)

               DEP.   MAX        DAYS OF RAIN 
               FROM   OBS.          OVER
 YR MO  TOTAL  NORM   DAY  DATE .01   .1   1
---------------------------------------------
 22  1  0.65  -2.57  0.28   17    6    2    0
 22  2  2.33  -0.59  0.59    4    7    6    0
 22  3  3.35  -0.76  0.77    7   13   10    0
 22  4  4.13   0.15  1.80    7   14    7    1
 22  5  2.61  -1.71  0.65   16    9    6    0
 22  6  4.69   0.08  1.12    1   11    9    2
 22  7  2.70  -1.68  0.60    5   13    7    0
 22  8  3.49  -0.81  1.21   26    9    5    1
 22  9  4.07   0.12  1.32    5   15    9    1
 22 10  1.38  -2.71  0.46   13    9    3    0
 22 11  3.49  -0.38  1.35   27    9    7    1
 22 12  0.71  -2.63  0.29    3    4    3    0
---------------------------------------------
       33.60-13.49  1.80  APR  119   74    6

                                WIND SPEED (mph)
                          DOM
 YR MO   AVG.  HI   DATE  DIR
---------------------------------
 22  1   0.0   0.0    1   ---
 22  2   0.0   0.0    1   ---
 22  3   0.0   0.0    1   ---
 22  4   0.0   0.0    1   ---
 22  5   0.0   0.0    1   ---
 22  6   0.0   0.0    1   ---
 22  7   0.0   0.0    1   ---
 22  8   0.0   0.0    1   ---
 22  9   0.0   0.0    1   ---
 22 10   0.0   0.0    1   ---
 22 11   0.0   0.0    1   ---
 22 12   0.0   0.0    1   ---
---------------------------------
         0.0   0.0  JAN  ---