NOAA-Style Climate Report Archive

for Hessville, NY - Since March 2004

(Reports Generated by WeatherLink)
Select a Year or Month report / some data is missing due to maintenance requirements ...

2021: Jan Feb Mar Apr May Jun Jul Aug Sep Oct Nov Dec
2020: Jan Feb Mar Apr May Jun Jul Aug Sep Oct Nov Dec
2019: Jan Feb Mar Apr May Jun Jul Aug Sep Oct Nov Dec
2018: Jan Feb Mar Apr May Jun Jul Aug Sep Oct Nov Dec
2017: Jan Feb Mar Apr May Jun Jul Aug Sep Oct Nov Dec
2016: Jan Feb Mar Apr May Jun Jul Aug Sep Oct Nov Dec
2015: Jan Feb Mar Apr May Jun Jul Aug Sep Oct Nov Dec
2014: Jan Feb Mar Apr May Jun Jul Aug Sep Oct Nov Dec
2013: Jan Feb Mar Apr May Jun Jul Aug Sep Oct Nov Dec
2012: Jan Feb Mar Apr May Jun Jul Aug Sep Oct Nov Dec
2011: Jan Feb Mar Apr May Jun Jul Aug Sep Oct Nov Dec
2010: Jan Feb Mar Apr May Jun Jul Aug Sep Oct Nov Dec
2009: Jan Feb Mar Apr May Jun Jul Aug Sep Oct Nov Dec
2008: Jan Feb Mar Apr May Jun Jul Aug Sep Oct Nov Dec
2007: Jan Feb Mar Apr May Jun Jul Aug Sep Oct Nov Dec
2006: Jan Feb Mar Apr May Jun Jul Aug Sep Oct Nov Dec
2005: Jan Feb Mar Apr May Jun Jul Aug Sep Oct Nov Dec
2004: Jan Feb Mar Apr May Jun Jul Aug Sep Oct Nov Dec

Report for 2021
                            ANNUAL CLIMATOLOGICAL SUMMARY

NAME: Indian Trail Weather  CITY: Hessville   STATE: New York  
ELEV:  1041 ft  LAT:  42° 51' 52" N  LONG:  74° 43' 15" W

               TEMPERATURE (°F), HEAT BASE 65.0, COOL BASE 65.0
                          DEP.  HEAT  COOL                                          
        MEAN  MEAN        FROM  DEG   DEG                        MAX  MAX  MIN  MIN 
 YR MO  MAX   MIN   MEAN  NORM  DAYS  DAYS  HI  DATE  LOW  DATE  >=90 <=32 <=32 <=0 
------------------------------------------------------------------------------------
 21  1  28.7  19.3  24.3   3.8  1261     0  38.1   2  -0.6   29    0   18   31    1
 21  2  30.3  17.0  23.7   0.4  1157     0  49.3  24   1.7   12    0   18   26    0
 21  3  45.3  25.0  35.5   4.1   914     2  73.3  25   6.1    2    0    6   23    0
 21  4  56.0  36.9  46.4   2.1   563     5  76.3  10  20.7    2    0    0    7    0
 21  5  66.0  46.2  56.1   0.8   337    60  86.8  21  32.8    1    0    0    0    0
 21  6  78.7  58.6  68.4   4.4    77   179  90.1  28  43.8   17    1    0    0    0
 21  7  76.2  60.7  68.0   0.1    40   132  84.7  15  49.1   31    0    0    0    0
 21  8  80.1  63.0  71.0   4.6    30   217  88.1  13  51.1   16    0    0    0    0
 21  9  71.0  53.9  62.0   2.8   139    47  81.4   8  44.2   29    0    0    0    0
 21 10  62.0  47.4  54.2   6.3   345    11  76.8  16  33.2   28    0    0    0    0
 21 11  47.2  31.8  38.9   1.3   656     0  66.3  18  20.2   24    0    1   13    0
 21 12
------------------------------------------------------------------------------------
        58.7  42.1  50.2   2.8  5518   654  90.1 JUN  -0.6  JAN    1   43  100    1

                                PRECIPITATION (in)

               DEP.   MAX        DAYS OF RAIN 
               FROM   OBS.          OVER
 YR MO  TOTAL  NORM   DAY  DATE .01   .1   1
---------------------------------------------
 21  1  1.26  -1.96  0.40    2    8    5    0
 21  2  1.34  -1.58  0.46   16    9    4    0
 21  3  1.22  -2.89  0.43   28    8    5    0
 21  4  2.06  -1.92  0.65   29   12    6    0
 21  5  3.65  -0.67  0.62   28   13   11    0
 21  6  4.54  -0.07  0.90   14   14   10    0
 21  7  4.90   0.52  0.69   11   19   14    0
 21  8  4.75   0.45  1.31   19   10    9    1
 21  9  4.39   0.44  1.50   15   11    7    1
 21 10  5.78   1.69  1.27   26   14   11    2
 21 11  1.78  -2.09  0.77   12    8    4    0
 21 12
---------------------------------------------
       35.67 -8.08  1.50  SEP  126   86    4

                                WIND SPEED (mph)
                          DOM
 YR MO   AVG.  HI   DATE  DIR
---------------------------------
 21  1   0.1  31.0   29   WNW
 21  2   0.0  36.0   25   WNW
 21  3   0.0  26.0    1     W
 21  4   0.0   0.0    1   ---
 21  5   0.0   0.0    1   ---
 21  6   0.0   0.0    1   ---
 21  7   0.0   1.0   20   WNW
 21  8   0.0   0.0    1   ---
 21  9   0.0   3.0   15    SW
 21 10   0.0   0.0    1   ---
 21 11   0.0   0.0    1   ---
 21 12
---------------------------------
         0.0  36.0  FEB  WNW