NOAA-Style Climate Report Archive

for Hessville, NY - Since March 2004

(Reports Generated by WeatherLink)

Report for 2020
                            ANNUAL CLIMATOLOGICAL SUMMARY

NAME: Indian Trail Weather  CITY: Hessville   STATE: New York  
ELEV:  1041 ft  LAT:  42° 51' 52" N  LONG:  74° 43' 15" W

               TEMPERATURE (°F), HEAT BASE 65.0, COOL BASE 65.0
                          DEP.  HEAT  COOL                                          
        MEAN  MEAN        FROM  DEG   DEG                        MAX  MAX  MIN  MIN 
 YR MO  MAX   MIN   MEAN  NORM  DAYS  DAYS  HI  DATE  LOW  DATE  >=90 <=32 <=32 <=0 
------------------------------------------------------------------------------------
 20  1  34.4  20.2  27.9   7.4  1151     0  64.5  11   2.5   17    0   12   28    0
 20  2  34.1  20.4  27.4   4.1  1090     0  52.4  24  -4.5   15    0   10   26    2
 20  3  45.9  30.2  37.8   6.4   842     0  68.3   9  12.9    1    0    2   17    0
 20  4  50.7  34.2  41.9  -2.4   694     0  67.0  13  25.2   22    0    0   12    0
 20  5  65.8  44.5  55.2  -0.1   368    63  88.3  26  27.8    9    0    0    4    0
 20  6  76.6  55.4  66.5   2.5   100   145  89.3  22  40.5   14    0    0    0    0
 20  7  83.3  64.1  73.3   5.4     7   266  91.7  27  58.4   31    2    0    0    0
 20  8  78.5  60.1  68.9   2.5    45   164  88.2  11  48.7   31    0    0    0    0
 20  9  70.6  50.4  60.4   1.2   165    48  84.4   9  32.8   21    0    0    0    0
 20 10
 20 11
 20 12
------------------------------------------------------------------------------------
        60.0  42.2  51.0   3.0  4461   687  91.7 JUL  -4.5  FEB    2   24   87    2

                                PRECIPITATION (in)

               DEP.   MAX        DAYS OF RAIN 
               FROM   OBS.          OVER
 YR MO  TOTAL  NORM   DAY  DATE .01   .1   1
---------------------------------------------
 20  1  1.57  -1.65  0.46   25    8    6    0
 20  2  2.37  -0.55  0.59   27    7    6    0
 20  3  2.21  -1.90  0.34   19   12    8    0
 20  4  3.46  -0.52  0.83   27   14    9    0
 20  5  1.94  -2.38  0.53   15    8    5    0
 20  6  2.44  -2.17  0.67    5    9    5    0
 20  7  3.95  -0.43  0.96   28   13   11    0
 20  8  4.84   0.54  1.68    4   10    8    2
 20  9  0.12  -3.83  0.06    2    3    0    0
 20 10
 20 11
 20 12
---------------------------------------------
       22.90-12.89  1.68  AUG   84   58    2

                                WIND SPEED (mph)
                          DOM
 YR MO   AVG.  HI   DATE  DIR
---------------------------------
 20  1   1.8  53.0   11   WNW
 20  2   1.5  47.0   27   WSW
 20  3   1.6  41.0    3   WNW
 20  4   1.3  40.0   13   WNW
 20  5   0.7  36.0   15   WNW
 20  6   0.1  32.0    6    SW
 20  7   0.1  27.0   19    SW
 20  8   0.1  30.0   25    SW
 20  9   0.2  32.0    7   WNW
 20 10
 20 11
 20 12
---------------------------------
         0.9  53.0  JAN  WNW