NOAA-Style Climate Report Archive

for Hessville, NY - Since March 2004

(Reports Generated by WeatherLink)

Report for 2019 January
                   MONTHLY CLIMATOLOGICAL SUMMARY for JAN. 2019

NAME: Indian Trail Weather   CITY: Hessville   STATE: New York 
ELEV:  1041 ft  LAT:  42° 51' 52" N  LONG:  74° 43' 15" W

                   TEMPERATURE (°F), RAIN  (in), WIND SPEED (mph)

                                      HEAT  COOL        AVG
    MEAN                              DEG   DEG         WIND                 DOM
DAY TEMP  HIGH   TIME   LOW    TIME   DAYS  DAYS  RAIN  SPEED HIGH   TIME    DIR
------------------------------------------------------------------------------------
 1  35.7  51.1   7:00a  22.3  12:00m  29.3   0.0  0.04  11.5  52.0   7:30a   WNW
 2  24.2  28.4  12:00p  16.7   8:00a  40.8   0.0  0.00   2.5  11.0   1:00p   WNW
 3  31.0  35.7   7:30a  26.1  12:30a  34.0   0.0  0.02   6.0  28.0   9:00a     W
 4  35.8  43.5   2:30p  28.8   5:00a  29.3   0.0  0.00   4.4  20.0   7:30a    SW
 5  34.4  42.5   3:00p  28.4   3:30a  30.6   0.0  0.18   4.3  29.0   9:00p   WNW
 6  29.2  35.7   6:30a  15.4  12:00m  35.8   0.0  0.02   8.7  28.0   5:00p    NW
 7  16.1  21.8   2:30p   9.5   6:00a  48.9   0.0  0.00   5.0  20.0  12:30a     E
 8  29.1  34.7   4:00p  17.4  12:30a  35.9   0.0  0.11   2.1  13.0   1:30a     E
 9  31.9  35.5   5:30a  26.8  11:00p  33.1   0.0  0.54  12.4  37.0   2:00p     W
10  22.3  26.9  12:30a  16.9  12:00m  42.7   0.0  0.00  14.7  38.0   8:30p   WNW
11  11.0  16.9  12:30a   7.4   7:00p  54.0   0.0  0.00   6.6  34.0  12:30a     W
12  13.0  19.0   2:30p   8.6   5:30a  52.0   0.0  0.00   0.5  14.0  11:00a   WNW
13  11.5  19.6   4:00p   3.9   8:00a  53.5   0.0  0.00   0.0   0.0     ---   ---
14  14.8  26.4   3:00p   3.6   5:00a  50.2   0.0  0.00   1.3  19.0  11:30p   WSW
15  23.7  28.2   8:30p  14.4   1:00a  41.3   0.0  0.00   3.5  18.0   2:00a   WSW
16  26.4  33.4   2:00p  12.8  12:00m  38.6   0.0  0.00   7.5  35.0   7:00p   WSW
17  12.8  19.1   1:00p   4.1   6:30a  52.2   0.0  0.00   0.0   8.0  12:30a   WSW
18  24.6  32.5   2:00p  15.5  12:30a  40.4   0.0  0.02   0.3  18.0   6:30p   WSW
19  18.5  26.9  12:30a   9.3  11:30p  46.5   0.0  0.01   0.7  14.0   3:00p   ENE
20   7.8  19.0  11:00a  -5.4  12:00m  57.2   0.0  0.23   5.8  32.0   1:30p   WNW
21  -3.0   4.5   9:00p -10.6   7:30a  68.0   0.0  0.00  13.4  36.0   8:00p   WNW
22   6.5  15.5   3:30p  -4.8   4:30a  58.5   0.0  0.07   3.8  24.0  12:30a   WNW
23  22.3  45.2  12:00m   6.1   1:00a  42.7   0.0  0.41   3.0  33.0  10:00p   ESE
24  36.4  46.2   3:30a  27.5  12:00m  28.6   0.0  0.69   8.4  33.0   5:30p   WNW
25  22.9  29.5  12:00p  13.2  12:00m  42.1   0.0  0.00   6.1  30.0  11:00a   WSW
26  15.8  22.1   2:30p  12.2   2:00a  49.2   0.0  0.00   0.1  18.0   3:30a    SW
27  20.7  34.5   1:30p   9.5   4:30a  44.3   0.0  0.03   4.9  29.0  10:30a   WNW
28  11.1  18.0   2:00p   1.7   6:30a  53.9   0.0  0.00   3.4  16.0   2:00a   ESE
29  16.1  25.0  11:30p   6.4   3:00a  48.9   0.0  0.41   0.5  17.0  11:30p     E
30   8.8  22.9  12:30a  -4.7  12:00m  56.2   0.0  0.00  10.0  37.0   4:30p    SW
31   0.8   9.4   3:00p  -6.1   4:00a  64.2   0.0  0.00  12.7  34.0   6:30a   WSW
-------------------------------------------------------------------------------------
    19.7  51.1     1   -10.6    21  1402.9   0.0  2.78   5.3  52.0     1     WNW

Max >=  90.0:  0
Max <=  32.0: 19
Min <=  32.0: 31
Min <=   0.0:  5
Max Rain: 0.69 ON 01/24/19
Days of Rain: 13 (>.01 in) 7 (>.1 in) 0 (>1 in)
Heat Base:  65.0  Cool Base:  65.0  Method: Integration