NOAA-Style Climate Report Archive

for Hessville, NY - Since March 2004

(Reports Generated by WeatherLink)

Report for 2019
                            ANNUAL CLIMATOLOGICAL SUMMARY

NAME: Indian Trail Weather  CITY: Hessville   STATE: New York  
ELEV:  1041 ft  LAT:  42° 51' 52" N  LONG:  74° 43' 15" W

               TEMPERATURE (°F), HEAT BASE 65.0, COOL BASE 65.0
                          DEP.  HEAT  COOL                                          
        MEAN  MEAN        FROM  DEG   DEG                        MAX  MAX  MIN  MIN 
 YR MO  MAX   MIN   MEAN  NORM  DAYS  DAYS  HI  DATE  LOW  DATE  >=90 <=32 <=32 <=0 
------------------------------------------------------------------------------------
 19  1  28.1  10.7  19.7  -0.8  1403     0  51.1   1 -10.6   21    0   19   31    5
 19  2  32.3  17.9  24.8   1.5  1124     0  58.2   4  -3.7    1    0   14   26    1
 19  3  39.8  23.0  31.2  -0.2  1046     0  66.8  30   4.1    7    0    7   26    0
 19  4  56.6  36.7  46.2   1.9   569     5  75.7  23  20.2    2    0    0    9    0
 19  5  64.1  46.4  54.8  -0.5   338    22  87.3  19  36.9   14    0    0    0    0
 19  6  74.1  54.9  64.5   0.5   106    92  86.1  28  43.2    4    0    0    0    0
 19  7  81.8  62.4  72.0   4.1    20   238  88.6  20  53.4    8    0    0    0    0
 19  8  77.6  57.9  67.1   0.7    61   126  83.4  17  47.1   26    0    0    0    0
 19  9  71.8  50.7  61.2   2.0   171    56  84.7  22  38.6   19    0    0    0    0
 19 10  59.2  42.0  50.5   2.6   460     9  82.0   1  31.8    5    0    0    1    0
 19 11  50.4  36.3  41.7   4.1   106     0  59.4   1  30.5    4    0    0    1    0
 19 12
------------------------------------------------------------------------------------
        58.6  40.3  49.2   1.5  5406   548  88.6 JUL -10.6  JAN    0   40   94    6

                                PRECIPITATION (in)

               DEP.   MAX        DAYS OF RAIN 
               FROM   OBS.          OVER
 YR MO  TOTAL  NORM   DAY  DATE .01   .1   1
---------------------------------------------
 19  1  2.78  -0.44  0.69   24   13    7    0
 19  2  1.42  -1.50  0.26    6   13    5    0
 19  3  0.94  -3.17  0.48   22    7    2    0
 19  4  3.50  -0.48  0.65   26   14    8    0
 19  5  4.08  -0.24  0.64   13   20   11    0
 19  6  2.90  -1.71  0.62   16   15    8    0
 19  7  3.33  -1.05  1.43   22   13    9    1
 19  8  3.84  -0.46  1.40   21   11    8    1
 19  9  2.21  -1.74  0.76    2   12    4    0
 19 10  9.03   4.94  2.01   16   12    9    4
 19 11  0.29  -3.58  0.29    1    1    1    0
 19 12
---------------------------------------------
       34.32 -9.43  2.01  OCT  131   72    6

                                WIND SPEED (mph)
                          DOM
 YR MO   AVG.  HI   DATE  DIR
---------------------------------
 19  1   5.3  52.0    1   WNW
 19  2   6.8  59.0   25     W
 19  3   7.4  39.0   22     W
 19  4   6.8  47.0    3     W
 19  5   5.4  34.0   25   WNW
 19  6   4.3  35.0   11   WSW
 19  7   3.9  38.0   20   WSW
 19  8   3.7  40.0    8   WSW
 19  9   3.9  38.0    4   WSW
 19 10   4.0  38.0    6     E
 19 11   7.3  56.0    1   WSW
 19 12
---------------------------------
         5.2  59.0  FEB  WSW