NOAA-Style Climate Report Archive

for Hessville, NY - Since March 2004

(Reports Generated by WeatherLink)

Report for 2018 December
                   MONTHLY CLIMATOLOGICAL SUMMARY for DEC. 2018

NAME: Indian Trail Weather   CITY: Hessville   STATE: New York 
ELEV:  1041 ft  LAT:  42° 51' 52" N  LONG:  74° 43' 15" W

                   TEMPERATURE (°F), RAIN  (in), WIND SPEED (mph)

                                      HEAT  COOL        AVG
    MEAN                              DEG   DEG         WIND                 DOM
DAY TEMP  HIGH   TIME   LOW    TIME   DAYS  DAYS  RAIN  SPEED HIGH   TIME    DIR
------------------------------------------------------------------------------------
 1  32.6  39.9  11:00a  30.6   8:30a  32.4   0.0  0.14   4.4  14.0  10:00p   ENE
 2  34.6  37.3  12:30p  31.3  12:30a  30.4   0.0  0.43   1.7  13.0   9:00a     E
 3  37.4  42.9   9:30a  29.5  10:30p  27.6   0.0  0.02   9.5  29.0  10:30a   WSW
 4  24.7  30.0  12:30a  20.5   8:30p  40.3   0.0  0.00   7.4  26.0  11:00a   WNW
 5  24.7  33.3   3:00p  18.0   7:00a  40.3   0.0  0.00   2.4  12.0   2:00a    SW
 6  29.8  34.1   2:30p  22.6  12:30a  35.2   0.0  0.00  11.2  27.0   9:30p    SW
 7  23.3  32.1  12:30a  16.7  10:00p  41.7   0.0  0.00   9.7  30.0   1:00a   WNW
 8  20.2  24.9   2:00p  14.2   4:00a  44.8   0.0  0.00   4.8  17.0   7:00p   WSW
 9  26.6  33.1   3:30p  22.5  12:30a  38.4   0.0  0.00   7.2  23.0   4:00a    SW
10  25.8  31.1   2:00p  18.5   9:30p  39.2   0.0  0.00   5.5  16.0  11:00a   WSW
11  21.9  26.2  11:30p  14.5   5:00a  43.1   0.0  0.00   2.5  13.0   9:30p   WSW
12  25.9  31.5   1:30p  18.6   9:30p  39.1   0.0  0.00   4.6  16.0  11:30a   WNW
13  20.5  24.6  12:00m  17.0   9:00a  44.5   0.0  0.00   4.5  13.0   1:30a     E
14  33.0  44.0   9:30p  24.4   1:00a  32.0   0.0  0.00   1.9  19.0   6:00p   ESE
15  38.9  43.3   1:30a  31.8  12:00m  26.1   0.0  0.00   4.9  21.0  12:30a   WSW
16  31.8  34.0  11:30p  29.9   3:00a  33.2   0.0  0.20   3.9  15.0  12:00p     E
17  32.7  35.5   1:00p  21.4  12:00m  32.4   0.0  0.04   8.1  37.0   7:30p   WNW
18  19.6  22.6   2:00p  16.8   8:30a  45.4   0.0  0.00   9.6  34.0   3:30a   WNW
19  27.5  39.4   2:00p  19.2   7:00a  37.5   0.0  0.00   1.2  13.0   6:00a   WSW
20  31.1  38.0   3:00p  21.4   8:00a  33.9   0.0  0.17   1.0  10.0  12:00m     E
21  44.5  51.6   9:30p  34.3  12:30a  20.5   0.0  0.48   3.0  21.0  10:30p    SW
22  32.6  49.3  12:30a  29.3  12:00p  32.4   0.0  0.00  12.5  40.0  12:30p     W
23  28.0  30.5  11:30p  25.1   6:30a  37.0   0.0  0.00   4.8  33.0   1:00a   ENE
24  31.3  35.6   1:00p  28.0   6:00a  33.7   0.0  0.07   5.1  22.0   8:30p   WSW
25  25.0  31.0  12:30a  18.3  12:00m  40.0   0.0  0.00   6.7  22.0   2:30a   WNW
26  26.8  32.4   9:30p  17.6  12:30a  38.2   0.0  0.00   4.4  19.0   7:30p   WSW
27  23.2  30.9  12:30a  12.7   8:00a  41.8   0.0  0.00   5.1  20.0  12:30a     E
28  36.7  49.7  12:00m  24.7  12:30a  28.3   0.0  0.16   3.5  21.0  12:00m   ENE
29  34.4  50.8   2:00a  21.1  12:00m  30.6   0.0  0.00  11.3  37.0   3:00a   WNW
30  23.8  28.6   8:30p  19.8   3:30a  41.2   0.0  0.03   1.6   9.0   1:00a     E
31  28.4  35.5  12:00m  19.5   7:30a  36.6   0.0  0.44   1.8  12.0   9:00p   ESE
-------------------------------------------------------------------------------------
    28.9  51.6    21    12.7    27  1117.8   0.0  2.18   5.3  40.0    22     WSW

Max >=  90.0:  0
Max <=  32.0: 11
Min <=  32.0: 30
Min <=   0.0:  0
Max Rain: 0.48 ON 12/21/18
Days of Rain: 11 (>.01 in) 7 (>.1 in) 0 (>1 in)
Heat Base:  65.0  Cool Base:  65.0  Method: Integration