NOAA-Style Climate Report Archive

for Hessville, NY - Since March 2004

(Reports Generated by WeatherLink)

Report for 2018 November
                   MONTHLY CLIMATOLOGICAL SUMMARY for NOV. 2018

NAME: Indian Trail Weather   CITY: Hessville   STATE: New York 
ELEV:  1041 ft  LAT:  42° 51' 52" N  LONG:  74° 43' 15" W

                   TEMPERATURE (°F), RAIN  (in), WIND SPEED (mph)

                                      HEAT  COOL        AVG
    MEAN                              DEG   DEG         WIND                 DOM
DAY TEMP  HIGH   TIME   LOW    TIME   DAYS  DAYS  RAIN  SPEED HIGH   TIME    DIR
------------------------------------------------------------------------------------
 1  48.4  56.2  12:30a  44.8  12:00m  16.6   0.0  0.10   3.7  18.0  11:00p     E
 2  52.6  62.5   3:30p  44.6   1:30a  12.4   0.0  0.42   2.5  22.0   7:30a   WNW
 3  43.4  50.5   3:30a  38.7  11:30p  21.6   0.0  0.31   9.5  36.0   2:00p     W
 4  39.3  46.4   3:00p  34.0  12:00m  25.7   0.0  0.01   4.5  21.0   2:00a   ESE
 5  39.1  43.6   2:00p  32.2   3:00a  26.0   0.0  0.61   5.5  21.0   1:00p     E
 6  48.0  54.7   6:30p  41.5   2:00a  17.0   0.0  0.27   6.5  26.0  11:00p     E
 7  48.2  55.9   2:30p  40.1  11:00p  16.8   0.0  0.00  10.1  27.0   4:00a   WSW
 8  40.5  45.3   3:30p  33.8  11:30p  24.5   0.0  0.00   7.1  21.0   8:00a     W
 9  34.1  38.9   1:00p  30.8   6:00a  30.9   0.0  0.37   5.0  20.0   1:30p     E
10  33.5  37.9   5:00a  30.7  12:00m  31.5   0.0  0.21  11.1  46.0   2:30p     W
11  31.1  36.0   3:30p  26.2   9:30p  33.9   0.0  0.01   6.7  23.0   4:00a     W
12  37.4  45.9   3:00p  29.3   6:00a  27.6   0.0  0.00   1.4  11.0  12:00p   SSE
13  33.8  38.3  12:30a  27.9  12:00m  31.2   0.0  0.30   5.6  31.0   5:30p   WNW
14  23.2  28.4   3:00a  16.5  12:00m  41.8   0.0  0.02   9.3  31.0   3:30p   WNW
15  19.8  24.3   3:00p  14.2   2:30a  45.2   0.0  0.07   5.9  20.0  10:30p   ENE
16  30.3  36.2  11:30p  21.8  12:30a  34.7   0.0  0.44   7.5  33.0   6:00p     W
17  35.9  38.9   1:00p  31.4  12:00m  29.1   0.0  0.00  11.4  29.0  10:00a     W
18  28.1  31.6  11:30a  24.1   6:00a  36.9   0.0  0.05   3.0  18.0  12:30a     E
19  32.1  37.2   1:30p  27.5   2:00a  32.9   0.0  0.05   0.8   8.0  12:30p     E
20  33.1  38.2  12:00p  27.6  11:30p  31.9   0.0  0.09   3.9  29.0   6:30p     W
21  25.2  33.3   1:00p   9.8  12:00m  39.8   0.0  0.00  12.5  43.0   2:30p    SW
22   7.9  14.2   3:00p   1.1  10:00p  57.1   0.0  0.00   7.5  27.0  10:30a   WNW
23  11.3  21.5   8:00p  -2.7   7:30a  53.7   0.0  0.00   3.4  14.0   4:30a   ESE
24  24.4  33.2  11:30p  12.9   7:00a  40.6   0.0  0.27   2.5   9.0   1:30a     E
25  37.6  42.0  11:30a  33.1  12:30a  27.4   0.0  0.08   3.7  16.0  11:30a   ENE
26  35.2  37.6  12:30a  32.9   7:30a  29.8   0.0  0.40   5.8  21.0   7:30p     E
27  32.7  35.1  11:00a  30.8  12:00m  32.3   0.0  0.44   7.7  30.0   3:00p   WSW
28  31.8  33.1  12:30p  30.0   4:30a  33.2   0.0  0.01  13.6  33.0   1:00p     W
29  32.7  34.2   2:00p  31.7  10:30p  32.3   0.0  0.00   9.5  30.0   2:30a   WNW
30  32.3  35.9  10:30a  30.3  10:00p  32.7   0.0  0.02   1.6  10.0  12:00m    SE
-------------------------------------------------------------------------------------
    33.4  62.5     2    -2.7    23   947.1   0.0  4.55   6.3  46.0    10       W

Max >=  90.0:  0
Max <=  32.0:  5
Min <=  32.0: 20
Min <=   0.0:  1
Max Rain: 0.61 ON 11/05/18
Days of Rain: 19 (>.01 in) 11 (>.1 in) 0 (>1 in)
Heat Base:  65.0  Cool Base:  65.0  Method: Integration