NOAA-Style Climate Report Archive

for Hessville, NY - Since March 2004

(Reports Generated by WeatherLink)

Report for 2018 October
                   MONTHLY CLIMATOLOGICAL SUMMARY for OCT. 2018

NAME: Indian Trail Weather   CITY: Hessville   STATE: New York 
ELEV:  1041 ft  LAT:  42° 51' 52" N  LONG:  74° 43' 15" W

                   TEMPERATURE (°F), RAIN  (in), WIND SPEED (mph)

                                      HEAT  COOL        AVG
    MEAN                              DEG   DEG         WIND                 DOM
DAY TEMP  HIGH   TIME   LOW    TIME   DAYS  DAYS  RAIN  SPEED HIGH   TIME    DIR
------------------------------------------------------------------------------------
 1  53.4  55.0   1:00p  49.9  12:00m  11.6   0.0  0.13   3.0  12.0  11:30p   ENE
 2  53.8  63.6  12:00m  49.5   3:00a  11.2   0.0  0.63   2.5  13.0  12:00m     E
 3  56.6  63.7  12:30a  49.8  10:00p   8.4   0.0  0.02   3.8  22.0   3:30a   WNW
 4  57.7  69.4   2:00p  48.1   4:00a   8.2   0.9  0.11   3.8  27.0   2:30p    SW
 5  51.0  59.1   4:00p  45.1   6:00a  14.0   0.0  0.00   3.7  15.0   9:30a     E
 6  53.2  66.0  12:00m  46.6   7:30a  11.8   0.0  0.06   2.9  18.0  11:00p     E
 7  65.4  72.6  11:00a  53.7  12:00m   2.1   2.5  0.00   6.0  22.0   5:00a    SW
 8  53.6  58.0  12:00m  49.6   7:00a  11.4   0.0  0.00   4.6  14.0  10:30a     E
 9  69.7  80.5   3:00p  58.0  12:30a   1.5   6.2  0.00   8.6  30.0  11:00a    SW
10  71.3  80.1   3:00p  63.9   9:30p   0.0   6.3  0.00   6.5  23.0  11:30a    SW
11  67.3  71.7   4:00p  56.9  12:00m   1.0   3.3  0.67   8.1  29.0  10:00a   SSW
12  48.8  56.9  12:30a  44.1   7:00p  16.2   0.0  0.00   7.8  29.0   2:30p   WNW
13  43.6  50.2   3:00p  40.6   7:00a  21.4   0.0  0.06   4.3  20.0   4:00p   WNW
14  46.5  58.0   3:30p  38.8   7:30a  18.5   0.0  0.00   5.1  21.0  12:30p    SW
15  48.4  62.1   4:00p  37.9   4:30a  16.6   0.0  0.15   6.6  33.0   9:00p     S
16  42.9  51.7   4:00p  36.3  12:00m  22.1   0.0  0.00   8.6  38.0  12:30a     W
17  42.5  52.3  11:30a  36.6  11:30p  22.5   0.0  0.24  11.5  32.0   6:00p     W
18  35.3  41.6   3:30p  29.8   7:30a  29.7   0.0  0.00   8.8  28.0   1:00a   WNW
19  48.0  62.2   3:30p  35.0  12:30a  17.0   0.0  0.00   9.9  30.0   9:30p    SW
20  50.8  57.6   3:00p  44.2  10:30p  14.2   0.0  0.02   9.9  35.0   5:30a    SW
21  36.6  44.6  12:30a  33.6   9:00a  28.4   0.0  0.00   9.5  31.0   2:00p   WNW
22  40.2  48.5   4:30p  33.3   6:00a  24.8   0.0  0.01   5.2  20.0  10:00a    SW
23  42.5  53.1   2:30p  36.9   8:00a  22.5   0.0  0.22   3.5  22.0   3:30p   ESE
24  41.7  48.8   3:00p  36.6  11:30p  23.3   0.0  0.08   8.0  27.0  12:30p   WNW
25  35.5  37.6  12:30a  34.2   8:00a  29.5   0.0  0.03   7.6  25.0   2:00p   WNW
26  35.9  40.9   4:30p  30.6   8:00a  29.1   0.0  0.00   3.1  11.0  12:30a     E
27  36.3  38.9  12:00m  33.9  11:00a  28.7   0.0  0.73   7.5  20.0   7:00a   ENE
28  41.4  44.9   3:30p  38.6   3:30a  23.6   0.0  0.10   3.6  16.0  12:30p   WSW
29  42.2  46.6   2:30p  37.4  11:00p  22.8   0.0  0.10   5.8  24.0   4:00p     W
30  39.0  47.2   4:30p  31.5  12:00m  26.0   0.0  0.00   7.4  28.0  11:00a     W
31  42.9  57.7   7:30p  30.2   5:00a  22.1   0.0  0.03   4.4  22.0   7:30p   SSW
-------------------------------------------------------------------------------------
    48.2  80.5     9    29.8    18   540.2  19.2  3.39   6.2  38.0    16      SW

Max >=  90.0:  0
Max <=  32.0:  0
Min <=  32.0:  4
Min <=   0.0:  0
Max Rain: 0.73 ON 10/27/18
Days of Rain: 17 (>.01 in) 8 (>.1 in) 0 (>1 in)
Heat Base:  65.0  Cool Base:  65.0  Method: Integration