NOAA-Style Climate Report Archive

for Hessville, NY - Since March 2004

(Reports Generated by WeatherLink)

Report for 2018 September
                   MONTHLY CLIMATOLOGICAL SUMMARY for SEP. 2018

NAME: Indian Trail Weather   CITY: Hessville   STATE: New York 
ELEV:  1041 ft  LAT:  42° 51' 52" N  LONG:  74° 43' 15" W

                   TEMPERATURE (°F), RAIN  (in), WIND SPEED (mph)

                                      HEAT  COOL        AVG
    MEAN                              DEG   DEG         WIND                 DOM
DAY TEMP  HIGH   TIME   LOW    TIME   DAYS  DAYS  RAIN  SPEED HIGH   TIME    DIR
------------------------------------------------------------------------------------
 1  68.6  76.6   5:00p  63.8   8:00a   0.3   3.9  0.00   2.7  16.0   5:00p     E
 2  73.3  81.7   4:00p  65.3   7:00a   0.0   8.3  0.00   4.8  23.0   1:30p   SSW
 3  77.1  88.5   4:00p  69.8   7:00p   0.0  12.1  0.66   7.2  28.0   7:00p    SW
 4  74.9  83.6   5:00p  68.1  11:30p   0.0   9.9  0.00   3.0  14.0   1:00a   WSW
 5  76.8  89.6   4:00p  64.2   7:00a   0.0  11.8  0.00   3.6  19.0  11:00p    SW
 6  76.3  82.4   1:00p  68.1  11:30p   0.0  11.3  0.00   6.2  24.0   1:00a   WNW
 7  66.9  74.7   4:00p  60.1  11:30p   0.7   2.7  0.00   2.9  15.0   9:00p   WNW
 8  57.9  62.2   1:30p  50.4  12:00m   7.1   0.0  0.00   2.4  11.0  10:30a     E
 9  50.8  56.3   3:30p  43.5   6:30a  14.2   0.0  0.00   3.4  13.0  12:00p    SE
10  51.7  55.3  11:00p  48.5   4:30a  13.3   0.0  1.21   8.4  22.0   4:00p     E
11  61.1  67.6   6:00p  55.0  12:30a   4.3   0.4  0.62   1.9  14.0  12:30a   ENE
12  65.1  71.9   2:00p  58.1   6:00a   1.7   1.8  0.00   1.9  10.0   2:30p   WSW
13  68.8  77.4   5:00p  62.5  12:00m   0.1   3.9  0.00   2.3  11.0  12:00p   ENE
14  68.2  75.9   4:30p  62.1   1:30a   0.2   3.5  0.00   2.0  11.0  12:30p    SE
15  69.6  81.3   3:00p  61.3   7:00a   0.8   5.4  0.00   1.7   9.0  11:00a    SW
16  72.7  84.0   4:00p  61.8   6:30a   0.2   7.9  0.00   2.4  11.0   2:00a    SW
17  70.3  78.9   2:30p  62.5   6:30a   0.2   5.5  0.22   2.9  17.0   3:30p   SSW
18  70.1  79.9   5:00p  64.9   7:30a   0.0   5.1  0.82   2.4  14.0  11:00a   WNW
19  66.4  73.6   3:00p  59.0  10:30p   1.0   2.4  0.00   3.1  15.0  11:00a   WNW
20  59.9  68.0   3:00p  50.5   7:00a   5.4   0.3  0.00   3.3  12.0   2:00p     E
21  67.0  73.5   2:00p  60.4   2:30a   1.0   3.0  0.09  11.4  42.0  10:00p   SSW
22  57.4  69.4  12:30a  48.8  10:30p   7.8   0.2  0.12   5.3  28.0   5:30a   WNW
23  53.1  66.8   5:00p  42.5   7:00a  12.0   0.1  0.00   2.8  11.0  10:30a   WSW
24  52.3  61.4   2:00p  45.8   5:30a  12.7   0.0  0.00   7.4  23.0   2:00p     E
25  52.8  57.6   4:30p  47.3   7:00a  12.2   0.0  0.91   5.7  19.0   2:00a     E
26  65.2  76.1   2:30p  55.4  12:00m   3.3   3.6  0.57   6.5  31.0   2:00p   SSW
27  55.2  62.9   2:00p  47.3   4:30a   9.8   0.0  0.03   2.8  15.0   1:00a   WSW
28  55.2  62.5   4:30p  51.0   8:30a   9.8   0.0  0.40   2.7  13.0   7:30a   ENE
29  54.7  63.3   3:30p  47.9  11:30p  10.3   0.0  0.00   3.5  16.0   1:00a   WNW
30  52.5  61.9   3:00p  41.3   6:30a  12.5   0.0  0.00   3.4  15.0   2:00p     S
-------------------------------------------------------------------------------------
    63.7  89.6     5    41.3    30   140.9 103.1  5.65   4.0  42.0    21       E

Max >=  90.0:  0
Max <=  32.0:  0
Min <=  32.0:  0
Min <=   0.0:  0
Max Rain: 1.21 ON 09/10/18
Days of Rain: 11 (>.01 in) 9 (>.1 in) 1 (>1 in)
Heat Base:  65.0  Cool Base:  65.0  Method: Integration