NOAA-Style Climate Report Archive

for Hessville, NY - Since March 2004

(Reports Generated by WeatherLink)

Report for 2018 August
                   MONTHLY CLIMATOLOGICAL SUMMARY for AUG. 2018

NAME: Indian Trail Weather   CITY: Hessville   STATE: New York 
ELEV:  1041 ft  LAT:  42° 51' 52" N  LONG:  74° 43' 15" W

                   TEMPERATURE (°F), RAIN  (in), WIND SPEED (mph)

                                      HEAT  COOL        AVG
    MEAN                              DEG   DEG         WIND                 DOM
DAY TEMP  HIGH   TIME   LOW    TIME   DAYS  DAYS  RAIN  SPEED HIGH   TIME    DIR
------------------------------------------------------------------------------------
 1  70.7  80.2   4:00p  65.0   6:30a   0.0   5.7  0.13   2.9  17.0  11:00p     E
 2  73.9  79.4   1:00p  68.8  10:30p   0.0   8.9  0.01   4.2  18.0   9:30a    SW
 3  70.7  74.7   2:30p  67.8   6:00a   0.0   5.7  0.27   1.6  11.0  12:30a   SSW
 4  74.3  85.1   3:30p  67.2   5:30a   0.0   9.3  0.25   1.9  14.0   5:30p    NW
 5  75.4  87.3   4:30p  63.3   6:30a   0.1  10.5  0.00   2.3   9.0   5:00p    SW
 6  78.4  89.8   3:00p  68.6  12:00m   0.0  13.4  0.00   4.6  18.0   1:00p    SW
 7  74.7  84.2  11:30a  68.3   1:30a   0.0   9.7  0.22   3.2  16.0   1:00p    SW
 8  74.2  82.4   4:00p  68.3   1:00a   0.0   9.2  0.02   2.6  15.0   3:00p    SW
 9  72.5  78.8   4:00p  67.2  12:00m   0.0   7.5  0.10   4.7  20.0   4:00p   WNW
10  71.5  81.8   5:30p  63.9  12:00m   0.0   6.5  0.00   3.3  17.0   3:00a   WSW
11  64.1  66.2   7:30a  59.9   3:00a   1.2   0.3  0.26   1.9   9.0   5:30p   SSE
12  68.9  75.9   5:00p  64.8   4:30a   0.0   3.9  0.00   2.4  12.0   4:00p   ESE
13  69.7  75.0   2:30p  66.2   6:30a   0.0   4.7  0.89   2.6  12.0  11:30a   ESE
14  69.8  78.1   3:00p  65.8  11:30p   0.0   4.8  0.88   3.8  20.0   1:00p    NW
15  74.4  83.4   3:00p  65.5   1:00a   0.0   9.4  0.00   3.7  16.0   2:00p   WNW
16  75.0  84.6   4:30p  68.5  11:00p   0.0  10.0  0.00   3.9  15.0   5:30a   WSW
17  72.3  84.6   3:30p  66.3   6:00a   0.0   7.3  1.09   3.5  21.0   1:30p   SSW
18  71.0  79.3   3:00p  64.2  12:00m   0.0   6.0  0.02   4.0  17.0   9:30a   WSW
19  66.8  74.1   4:30p  59.8   2:00a   1.0   2.8  0.00   3.0  18.0  12:30p   ENE
20  65.8  75.4   4:30p  54.6   6:30a   2.5   3.3  0.00   3.2  16.0   3:00p     E
21  66.2  72.9   3:00p  57.6   5:00a   1.7   2.9  0.00   3.1  13.0  11:00a   ESE
22  68.2  73.9   3:30p  62.4  12:00m   0.2   3.4  0.07   4.4  25.0   2:00p   WSW
23  63.8  73.4   4:30p  53.6   6:30a   3.3   2.2  0.00   4.8  21.0   4:00p   WNW
24  68.9  81.2   4:30p  57.2   6:30a   1.3   5.2  0.00   3.8  18.0   1:30a   WSW
25  68.6  78.8   4:30p  58.8   7:00a   1.1   4.7  0.00   4.8  21.0  11:30a   SSW
26  70.5  80.9   3:30p  60.6   1:00a   0.4   5.9  0.02   4.3  20.0  11:30a    SW
27  74.2  82.7   5:00p  66.8   5:30a   0.0   9.2  0.00   3.3  15.0  12:00m   WSW
28  80.9  89.3   4:30p  74.8   1:00a   0.0  15.9  0.00   8.4  23.0   3:00p   WSW
29  78.8  89.8   3:00p  70.1  12:00m   0.0  13.8  0.73   7.1  27.0   2:00p    SW
30  70.3  77.7   4:00p  61.6  12:00m   0.3   5.7  0.00   3.7  19.0   4:00p   WNW
31  61.9  66.9   1:30p  55.4   5:30a   3.4   0.3  0.00   3.7  14.0   8:30a   ENE
-------------------------------------------------------------------------------------
    71.2  89.8     6    53.6    23    16.5 208.1  4.96   3.7  27.0    29      SW

Max >=  90.0:  0
Max <=  32.0:  0
Min <=  32.0:  0
Min <=   0.0:  0
Max Rain: 1.09 ON 08/17/18
Days of Rain: 14 (>.01 in) 9 (>.1 in) 1 (>1 in)
Heat Base:  65.0  Cool Base:  65.0  Method: Integration