NOAA-Style Climate Report Archive

for Hessville, NY - Since March 2004

(Reports Generated by WeatherLink)

Report for 2018 July
                   MONTHLY CLIMATOLOGICAL SUMMARY for JUL. 2018

NAME: Indian Trail Weather   CITY: Hessville   STATE: New York 
ELEV:  1041 ft  LAT:  42° 51' 52" N  LONG:  74° 43' 15" W

                   TEMPERATURE (°F), RAIN  (in), WIND SPEED (mph)

                                      HEAT  COOL        AVG
    MEAN                              DEG   DEG         WIND                 DOM
DAY TEMP  HIGH   TIME   LOW    TIME   DAYS  DAYS  RAIN  SPEED HIGH   TIME    DIR
------------------------------------------------------------------------------------
 1  83.1  93.8   4:30p  74.8   6:00a   0.0  18.1  0.00   4.5  18.0   3:30a   WSW
 2  80.7  93.4   4:00p  70.5   8:00p   0.0  15.7  0.55   5.3  32.0   7:30p    SW
 3  77.6  88.0   4:00p  69.1   3:00a   0.0  12.6  0.00   3.2  14.0   2:00p   WSW
 4  77.7  89.5   4:30p  63.1   6:00a   0.1  12.7  0.00   4.0  19.0   7:30p     E
 5  79.6  87.9   3:00p  69.5   4:30a   0.0  14.6  0.00   5.9  25.0   6:30p   SSW
 6  70.8  79.0  12:30a  56.5  12:00m   1.0   6.8  0.59   7.0  32.0   2:30p   WNW
 7  64.0  76.3   5:00p  48.6   5:30a   4.3   3.3  0.00   2.9  13.0   2:30p   WSW
 8  69.3  81.5   5:30p  55.8   5:00a   1.9   6.2  0.00   3.4  14.0   4:30p    SW
 9  73.4  85.1   4:30p  61.8   2:30a   0.6   8.9  0.00   4.9  15.0   4:30a    SW
10  74.2  85.5   3:00p  65.3   6:00a   0.0   9.2  0.17   4.4  23.0   3:30p   WSW
11  70.6  81.3   4:30p  58.5  12:00m   0.5   6.1  0.00   2.7  14.0   2:00p    NW
12  68.9  82.2   5:00p  54.9   3:00a   2.6   6.4  0.00   3.5  13.0   2:00p   WSW
13  71.9  84.9   5:30p  57.3   5:00a   1.3   8.2  0.00   3.0  12.0   1:30p    SW
14  76.0  82.9   4:30p  68.0  12:30a   0.0  11.0  0.00   4.5  21.0   4:00a    SW
15  78.0  89.4   5:00p  70.1   6:30a   0.0  13.0  0.00   3.4  13.0   2:30p    SW
16  77.7  89.1   4:00p  65.8   4:30a   0.0  12.7  0.00   3.0  19.0  10:00p   ENE
17  72.1  79.0   3:00p  65.3  12:00m   0.0   7.1  0.59   3.7  19.0   6:00p   WSW
18  67.1  76.0   5:30p  57.9  12:00m   1.4   3.4  0.00   3.8  21.0   5:00p   WNW
19  66.0  80.0   6:30p  52.2   5:30a   3.8   4.8  0.00   3.2  14.0  12:00p    SW
20  69.6  83.2   5:00p  52.6   5:30a   2.7   7.3  0.00   3.9  18.0   7:00p     E
21  68.7  78.0   3:30p  54.4   6:00a   1.3   5.0  0.00   6.6  23.0   2:30p     E
22  69.3  82.4   4:00p  59.2   6:00a   1.4   5.7  0.16   8.0  25.0   8:30a     E
23  73.2  80.8   4:30p  69.3   6:00a   0.0   8.2  0.24   5.8  16.0   4:30p     E
24  75.0  83.0   2:30p  69.5   5:30a   0.0  10.0  0.06   5.1  25.0   3:00p     E
25  72.0  79.3   4:00p  68.6  12:00m   0.0   7.0  0.53   4.2  27.0   6:00p     E
26  72.5  81.6   5:00p  67.2  11:30p   0.0   7.5  0.04   2.5  17.0   3:30p   WNW
27  71.9  82.2   3:30p  64.4   5:30a   0.0   6.9  0.18   3.7  22.0   2:30p    SW
28  69.7  78.9   4:30p  60.8   6:30a   0.4   5.1  0.06   3.0  14.0   2:00p   WNW
29  67.2  77.2   5:00p  58.8   5:30a   1.4   3.6  0.00   4.1  16.0  11:00a   WSW
30  67.6  77.6   4:00p  58.0   6:30a   1.6   4.3  0.00   3.2  14.0   6:30p    SW
31  71.0  80.6   3:00p  63.5   4:30a   0.2   6.2  0.00   2.2  11.0   1:00p     E
-------------------------------------------------------------------------------------
    72.5  93.8     1    48.6     7    26.5 257.6  3.17   4.1  32.0     2      SW

Max >=  90.0:  2
Max <=  32.0:  0
Min <=  32.0:  0
Min <=   0.0:  0
Max Rain: 0.59 ON 07/06/18
Days of Rain: 11 (>.01 in) 8 (>.1 in) 0 (>1 in)
Heat Base:  65.0  Cool Base:  65.0  Method: Integration