NOAA-Style Climate Report Archive

for Hessville, NY - Since March 2004

(Reports Generated by WeatherLink)

Report for 2018 June
                   MONTHLY CLIMATOLOGICAL SUMMARY for JUN. 2018

NAME: Indian Trail Weather   CITY: Hessville   STATE: New York 
ELEV:  1041 ft  LAT:  42° 51' 52" N  LONG:  74° 43' 15" W

                   TEMPERATURE (°F), RAIN  (in), WIND SPEED (mph)

                                      HEAT  COOL        AVG
    MEAN                              DEG   DEG         WIND                 DOM
DAY TEMP  HIGH   TIME   LOW    TIME   DAYS  DAYS  RAIN  SPEED HIGH   TIME    DIR
------------------------------------------------------------------------------------
 1  72.1  85.6   4:30p  64.2   5:30a   0.0   7.1  0.04   2.2  20.0   6:30p    SE
 2  67.8  73.3   7:30p  59.3  12:00m   0.5   3.3  0.00   3.0  12.0   3:30a   WNW
 3  59.7  64.5  12:00p  55.9   3:30a   5.3   0.0  0.09   3.6  18.0  12:00p    SE
 4  53.8  63.6   7:00p  47.5   7:30a  11.2   0.0  0.45   4.6  30.0  10:00p     E
 5  54.3  59.1   4:30p  51.3  12:30a  10.7   0.0  0.01   5.5  23.0   3:30p   WNW
 6  56.3  63.7   4:30p  50.9   4:00a   8.7   0.0  0.00   2.7  13.0   4:30p   WNW
 7  60.5  71.5   5:00p  48.9   1:30a   5.8   1.3  0.00   3.6  18.0   1:00p    SW
 8  66.6  77.5   5:00p  54.9  12:30a   2.8   4.4  0.00   3.4  17.0   4:30p   WNW
 9  64.0  74.3   1:00p  51.0   5:30a   4.0   3.0  0.00   3.5  16.0   3:30p   WNW
10  64.3  75.8   6:00p  50.5   5:30a   3.8   3.1  0.00   3.0  15.0   2:00p    SW
11  62.4  73.6   5:30p  50.6   4:30a   4.8   2.2  0.00   3.7  15.0   9:00a   ESE
12  68.0  78.9   4:30p  54.6  12:30a   2.0   5.0  0.00   8.5  24.0  11:00a    SW
13  67.8  76.1   6:30p  62.1   5:30a   0.5   3.2  0.48   8.2  31.0  10:00p   SSW
14  60.7  66.5  10:00a  56.1  11:00p   4.4   0.1  0.01   7.9  35.0   9:00a   WNW
15  62.8  73.9   6:00p  54.8   5:30a   4.1   2.0  0.00   4.9  23.0  11:30a   WNW
16  66.9  78.7   5:30p  54.0   5:00a   3.1   5.0  0.00   3.8  17.0   2:00p    SW
17  71.5  87.3   6:30p  53.2   5:00a   2.3   8.8  0.00   2.7  10.0   1:00a    SW
18  77.7  90.1   2:00p  68.6   1:00a   0.0  12.7  0.38   8.1  25.0   1:00p   WSW
19  68.3  73.9   4:30p  60.9  12:00m   0.5   3.7  0.00   5.6  22.0   3:30a   WNW
20  64.0  73.2   6:00p  51.8   4:30a   3.3   2.4  0.00   3.0  12.0  10:30p   WSW
21  66.3  77.4   4:00p  55.0   2:30a   3.0   4.2  0.00   4.5  17.0   4:30p   WSW
22  64.7  77.3   5:30p  47.9   5:30a   4.1   3.8  0.00   4.8  17.0   2:00p     E
23  57.4  66.5  12:30a  55.1   3:00p   7.6   0.0  0.21   4.0  16.0   1:00p     E
24  64.1  75.9   6:00p  56.0  12:30a   3.5   2.6  0.26   2.2  21.0  10:30p   ESE
25  64.2  71.6   4:00p  54.0  12:00m   2.7   1.9  0.00   5.5  25.0   1:00p   WNW
26  62.9  77.6   5:30p  46.4   6:00a   5.6   3.5  0.00   3.1  17.0   3:00p   ENE
27  62.3  67.6  10:00a  56.0   1:00a   3.0   0.2  0.56   3.5  16.0   8:30a     E
28  67.0  77.0   4:30p  60.3   1:00a   1.5   3.5  0.61   1.9  20.0   5:00p   ENE
29  73.1  83.0   3:30p  62.3   2:30a   0.2   8.4  0.00   4.0  21.0   3:30p   WNW
30  77.8  91.0   5:00p  62.6   3:00a   0.2  13.0  0.00   4.3  23.0   9:00a   WSW
-------------------------------------------------------------------------------------
    65.0  91.0    30    46.4    26   109.2 108.4  3.10   4.3  35.0    14     WNW

Max >=  90.0:  2
Max <=  32.0:  0
Min <=  32.0:  0
Min <=   0.0:  0
Max Rain: 0.61 ON 06/28/18
Days of Rain: 9 (>.01 in) 7 (>.1 in) 0 (>1 in)
Heat Base:  65.0  Cool Base:  65.0  Method: Integration