NOAA-Style Climate Report Archive

for Hessville, NY - Since March 2004

(Reports Generated by WeatherLink)

Report for 2018 May
                   MONTHLY CLIMATOLOGICAL SUMMARY for MAY. 2018

NAME: Indian Trail Weather   CITY: Hessville   STATE: New York 
ELEV:  1041 ft  LAT:  42° 51' 52" N  LONG:  74° 43' 15" W

                   TEMPERATURE (°F), RAIN  (in), WIND SPEED (mph)

                                      HEAT  COOL        AVG
    MEAN                              DEG   DEG         WIND                 DOM
DAY TEMP  HIGH   TIME   LOW    TIME   DAYS  DAYS  RAIN  SPEED HIGH   TIME    DIR
------------------------------------------------------------------------------------
 1  56.3  71.7   5:30p  41.9   6:30a   9.6   1.0  0.00   5.6  24.0  12:00p   WSW
 2  71.1  84.3   3:30p  56.4   3:00a   1.8   7.9  0.00  11.9  29.0   3:30p   WSW
 3  70.2  81.3   3:30p  62.1  12:00m   0.1   5.3  0.00   6.7  24.0   4:30p   WSW
 4  67.8  80.0   5:00p  54.5  12:00m   1.9   4.7  0.10  11.2  59.0   7:30p    SW
 5  59.8  72.9   5:30p  47.9   6:00a   6.9   1.7  0.00   8.1  35.0   1:30a     W
 6  59.5  63.0   4:00a  53.3  10:30p   5.5   0.0  0.02   5.8  24.0   5:30a    SW
 7  57.3  67.3   5:00p  49.1  11:30p   7.8   0.1  0.00   3.8  15.0   5:30p   NNW
 8  58.3  74.3   4:30p  39.3   6:00a   8.8   2.1  0.00   4.1  17.0   5:00p    SW
 9  65.2  77.5   4:00p  48.9   6:00a   3.9   4.2  0.00   5.3  27.0  11:30p     E
10  63.9  75.1   3:30p  57.4   6:00a   2.2   1.1  0.03  11.6  36.0  11:00a   SSW
11  51.2  59.2  12:30a  44.7   6:30a  13.8   0.0  0.00   8.5  28.0   1:30a   WNW
12  44.3  46.1   8:30a  41.1   3:30a  20.7   0.0  0.09   2.9  12.0  12:30p   ENE
13  53.5  66.7   4:30p  43.1   6:00a  11.6   0.1  0.00   5.3  20.0   2:30p     E
14  61.4  74.4   5:00p  52.2   6:00a   5.8   2.2  0.00   3.5  13.0   6:00a    SW
15  63.6  74.3   2:00p  56.2  10:30p   2.6   1.2  0.22   6.9  25.0   3:30p   WSW
16  60.1  72.5   5:00p  49.0   6:00a   6.1   1.2  0.01   5.4  17.0   3:00p   WSW
17  66.0  78.6   3:00p  55.8   3:00a   3.0   4.0  0.00   3.3  18.0   4:00p     W
18  57.7  67.3   5:30p  48.3   6:30a   7.4   0.2  0.00   6.5  21.0   8:30a   ENE
19  49.6  59.8  12:00m  44.6  11:30a  15.4   0.0  0.65   4.2  18.0   1:30p     E
20  62.4  66.7  11:00a  53.7  11:30p   2.8   0.1  0.15   8.7  26.0   3:00a     W
21  60.8  73.6   5:30p  48.4   4:30a   6.2   2.1  0.00   3.6  16.0   3:30p   WSW
22  56.4  60.5   6:30p  53.3   5:30a   8.6   0.0  0.33   3.6  22.0  11:00p    SW
23  64.0  74.5   3:00p  56.4   5:30a   3.4   2.4  0.00   6.6  31.0   4:30p   WNW
24  64.2  76.1   5:00p  49.9   6:00a   3.8   3.0  0.00   4.6  17.0   9:30a   WNW
25  70.6  81.3   3:30p  60.1   5:30a   1.0   6.6  0.00   7.8  23.0  12:00p   WSW
26  72.6  82.8   2:00p  64.2   5:00a   0.0   7.7  0.00   5.7  19.0   8:30a   WSW
27  60.3  67.4  12:30a  51.3  12:00m   4.8   0.1  0.17   6.2  21.0   5:30p     E
28  59.3  71.3   4:30p  50.5   4:00a   6.9   1.2  0.00   3.1  11.0   1:00a     E
29  72.8  84.5   5:00p  58.3   1:30a   0.5   8.3  0.00   3.4  13.0   6:00p   ENE
30  71.7  85.3   4:30p  58.4   5:00a   1.0   7.6  0.00   3.8  17.0   5:00p   ESE
31  66.9  76.6   3:00p  52.8   5:00a   2.7   4.6  0.00   3.7  21.0   1:30p     S
-------------------------------------------------------------------------------------
    61.9  85.3    30    39.3     8   176.6  80.7  1.77   5.9  59.0     4     WSW

Max >=  90.0:  0
Max <=  32.0:  0
Min <=  32.0:  0
Min <=   0.0:  0
Max Rain: 0.65 ON 05/19/18
Days of Rain: 9 (>.01 in) 5 (>.1 in) 0 (>1 in)
Heat Base:  65.0  Cool Base:  65.0  Method: Integration