NOAA-Style Climate Report Archive

for Hessville, NY - Since March 2004

(Reports Generated by WeatherLink)

Report for 2018 April
                   MONTHLY CLIMATOLOGICAL SUMMARY for APR. 2018

NAME: Indian Trail Weather   CITY: Hessville   STATE: New York 
ELEV:  1041 ft  LAT:  42° 51' 52" N  LONG:  74° 43' 15" W

                   TEMPERATURE (°F), RAIN  (in), WIND SPEED (mph)

                                      HEAT  COOL        AVG
    MEAN                              DEG   DEG         WIND                 DOM
DAY TEMP  HIGH   TIME   LOW    TIME   DAYS  DAYS  RAIN  SPEED HIGH   TIME    DIR
------------------------------------------------------------------------------------
 1  35.5  46.3  12:30a  26.5  12:00m  29.5   0.0  0.01  11.7  33.0  12:30a   WNW
 2  33.7  42.7   5:00p  26.6  12:30a  31.3   0.0  0.00   3.9  15.0  12:00p    SW
 3  34.0  38.3  11:00a  29.9   2:30a  31.0   0.0  0.32   3.6  14.0   6:30p     E
 4  37.4  47.0   3:00p  25.6  12:00m  27.6   0.0  0.19  10.2  51.0   7:30p     W
 5  25.8  31.3   5:30p  21.9   7:00a  39.2   0.0  0.00  11.9  34.0   2:30a     W
 6  31.2  40.2   4:00p  20.8   6:00a  33.8   0.0  0.13   7.0  28.0  12:00m   WSW
 7  28.8  33.8   3:00p  24.6  12:00m  36.2   0.0  0.00  10.6  30.0   8:30a     W
 8  26.7  32.6   3:30p  22.4   6:00a  38.3   0.0  0.00   7.8  27.0   3:00p   WSW
 9  30.3  38.8   4:30p  19.0   7:00a  34.7   0.0  0.00   5.0  18.0   1:30a   WNW
10  33.4  40.5   1:00p  28.6  12:00m  31.6   0.0  0.00   5.4  21.0   3:00p   WSW
11  35.5  44.4   5:00p  23.4   6:30a  29.5   0.0  0.00   6.2  22.0  12:00p    SW
12  40.1  48.6   3:30p  28.6   6:00a  24.9   0.0  0.14   3.0  15.0   3:30p     E
13  48.6  54.9   2:00a  44.5  12:00p  16.4   0.0  0.00   4.9  22.0   3:30a     E
14  39.9  47.8  12:30a  28.5  12:00m  25.1   0.0  0.00   8.7  26.0   6:00p   ENE
15  29.0  31.2   5:00p  26.6   3:00a  36.0   0.0  0.01  14.8  33.0   5:30p     E
16  35.1  41.6   7:00p  30.3   5:30a  29.9   0.0  0.49  12.0  28.0  12:30a     E
17  34.7  39.3  12:00p  29.9  12:00m  30.3   0.0  0.00   9.9  31.0  12:00p     W
18  35.5  43.4   2:00p  29.9  12:30a  29.6   0.0  0.00   9.3  29.0   1:00p   WSW
19  33.8  37.4  12:30p  29.3   9:30p  31.2   0.0  0.01   8.0  28.0   2:30p   WNW
20  32.9  37.4   3:30p  29.3   1:30a  32.1   0.0  0.00  10.4  27.0   1:00p   WNW
21  41.3  52.5   3:30p  31.1   5:00a  23.7   0.0  0.00   8.0  25.0   5:00p   WNW
22  45.9  59.2   5:30p  32.7   2:30a  19.1   0.0  0.00   5.9  25.0   1:30p   WSW
23  50.3  67.1   4:30p  29.1   6:30a  14.9   0.2  0.00   4.2  22.0  12:00m   SSW
24  57.8  71.1   4:00p  39.8   6:30a   8.1   0.9  0.00   6.8  31.0  10:00p   SSW
25  49.3  53.3  12:30a  45.2   6:30a  15.7   0.0  0.99   4.8  15.0   9:30a     E
26  46.5  51.9   1:00a  41.5  11:00p  18.5   0.0  0.00   7.2  28.0   3:00p   WNW
27  44.7  56.3   4:00p  36.0   4:00a  20.3   0.0  0.00   4.0  17.0   4:30p     E
28  50.5  63.1   1:30p  42.1   6:00a  14.5   0.0  0.10   5.3  25.0   2:00p   ENE
29  38.1  43.5  12:30a  36.0   4:30p  26.9   0.0  0.05  10.2  27.0  12:00m     W
30  39.6  46.4   9:00p  34.4   8:00a  25.4   0.0  0.13   9.5  30.0   8:00a     W
-------------------------------------------------------------------------------------
    38.2  71.1    24    19.0     9   805.3   1.1  2.57   7.7  51.0     4     WNW

Max >=  90.0:  0
Max <=  32.0:  2
Min <=  32.0: 21
Min <=   0.0:  0
Max Rain: 0.99 ON 04/25/18
Days of Rain: 9 (>.01 in) 7 (>.1 in) 0 (>1 in)
Heat Base:  65.0  Cool Base:  65.0  Method: Integration