NOAA-Style Climate Report Archive

for Hessville, NY - Since March 2004

(Reports Generated by WeatherLink)

Report for 2018 March
                   MONTHLY CLIMATOLOGICAL SUMMARY for MAR. 2018

NAME: Indian Trail Weather   CITY: Hessville   STATE: New York 
ELEV:  1041 ft  LAT:  42° 51' 52" N  LONG:  74° 43' 15" W

                   TEMPERATURE (°F), RAIN  (in), WIND SPEED (mph)

                                      HEAT  COOL        AVG
    MEAN                              DEG   DEG         WIND                 DOM
DAY TEMP  HIGH   TIME   LOW    TIME   DAYS  DAYS  RAIN  SPEED HIGH   TIME    DIR
------------------------------------------------------------------------------------
 1  40.2  47.1   1:30a  32.2  12:00m  24.8   0.0  0.00   6.0  20.0   6:00p   ENE
 2  29.6  32.6   9:00a  27.0   5:30p  35.4   0.0  0.95  10.8  32.0   5:30p    NW
 3  31.2  34.6   1:00p  28.0  12:30a  33.8   0.0  0.03  11.6  33.0   3:30p   WNW
 4  29.7  33.3   2:30p  26.7  11:00p  35.3   0.0  0.00  10.8  29.0  10:30a    NW
 5  29.5  35.0   2:30p  25.6   7:00a  35.5   0.0  0.00   7.7  20.0  12:30a    NW
 6  33.1  39.0   4:00p  27.2   5:30a  31.9   0.0  0.03   5.1  16.0   3:00p   ENE
 7  29.9  33.2   1:00a  27.8   7:00a  35.1   0.0  0.17   6.7  17.0  11:00a   ENE
 8  29.0  32.9   3:00p  23.4  12:00m  36.0   0.0  0.00   8.1  28.0  10:30a   WNW
 9  28.3  34.2   2:30p  21.6   1:00a  36.7   0.0  0.01  11.1  29.0   2:00p     W
10  28.6  32.3  11:30a  25.4  12:00m  36.4   0.0  0.00  12.8  32.0   4:30p     W
11  27.9  31.3   3:00p  24.7   1:00a  35.6   0.0  0.00   8.5  19.0   4:30a   WNW
12  27.9  35.3   4:30p  16.9   8:00a  37.1   0.0  0.06   4.4  14.0   5:30p     E
13  29.8  32.3   3:00p  27.7  12:00m  35.2   0.0  0.32   7.1  25.0   3:30p     W
14  28.6  31.3   2:00p  25.9   6:30a  36.4   0.0  0.00  12.2  30.0  12:00m     W
15  29.6  35.1   3:30p  26.0   4:30a  35.4   0.0  0.01  13.4  34.0   3:30a     W
16  24.1  29.9  12:30a  21.5   8:00a  40.9   0.0  0.00  12.1  35.0   4:30p   WNW
17  26.0  33.6   5:30p  15.9  12:00m  39.0   0.0  0.00  12.1  40.0   2:30p     W
18  18.3  28.1   6:00p   6.9   6:30a  46.7   0.0  0.00   7.6  22.0  11:30a     W
19  21.6  28.8   4:30p  14.5   5:00a  43.4   0.0  0.00   7.1  19.0  12:30p     W
20  22.6  34.6   5:30p   7.0   7:30a  42.4   0.0  0.00   3.2  12.0   3:00a    NE
21  29.1  38.9   3:00p  19.8   2:30a  35.9   0.0  0.00   2.8  12.0  10:00a    SE
22  31.3  39.9   3:30p  23.5   6:30a  33.8   0.0  0.00  10.2  30.0   4:00p     W
23  31.5  38.8   4:30p  26.2   6:30a  33.5   0.0  0.00   9.9  24.0   4:30p     W
24  29.4  34.9   3:00p  23.8   7:00a  35.6   0.0  0.00   8.5  23.0   6:00p     W
25  30.6  43.5   6:00p  21.2   6:30a  34.4   0.0  0.00   2.0  12.0   2:00p    NW
26  33.6  41.1   5:30p  21.6   6:00a  31.4   0.0  0.00   3.0  13.0   4:00p     E
27  33.6  41.4   3:30p  22.8   7:30a  31.4   0.0  0.06   4.3  18.0   2:00p     E
28  37.7  43.6   3:00p  32.4   4:30a  27.3   0.0  0.04   1.8  10.0   5:00p   WSW
29  39.0  41.5   1:30p  36.6   2:00a  26.0   0.0  0.12   1.5   9.0   3:00p   WSW
30  39.0  44.6   5:30a  34.0  12:00m  26.0   0.0  0.05   8.0  26.0  10:00p     W
31  39.8  49.7   4:30p  27.7   7:00a  25.2   0.0  0.00   7.8  34.0  12:00m   WSW
-------------------------------------------------------------------------------------
    30.3  49.7    31     6.9    18  1073.5   0.0  1.85   7.7  40.0    17       W

Max >=  90.0:  0
Max <=  32.0:  5
Min <=  32.0: 27
Min <=   0.0:  0
Max Rain: 0.95 ON 03/02/18
Days of Rain: 10 (>.01 in) 4 (>.1 in) 0 (>1 in)
Heat Base:  65.0  Cool Base:  65.0  Method: Integration