NOAA-Style Climate Report Archive

for Hessville, NY - Since March 2004

(Reports Generated by WeatherLink)

Report for 2018 February
                   MONTHLY CLIMATOLOGICAL SUMMARY for FEB. 2018

NAME: Indian Trail Weather   CITY: Hessville   STATE: New York 
ELEV:  1041 ft  LAT:  42° 51' 52" N  LONG:  74° 43' 15" W

                   TEMPERATURE (°F), RAIN  (in), WIND SPEED (mph)

                                      HEAT  COOL        AVG
    MEAN                              DEG   DEG         WIND                 DOM
DAY TEMP  HIGH   TIME   LOW    TIME   DAYS  DAYS  RAIN  SPEED HIGH   TIME    DIR
------------------------------------------------------------------------------------
 1  34.9  43.6   4:00p  25.0  12:00m  30.1   0.0  0.06   9.0  28.0  11:30p    SW
 2  13.5  25.0  12:30a   7.1  12:00m  51.5   0.0  0.01  11.0  38.0  11:30a   WNW
 3  17.3  26.6  12:00m   6.7   4:00a  47.7   0.0  0.00  10.5  33.0   9:30a    SW
 4  30.1  33.1   5:30a  26.5  12:30a  34.9   0.0  0.28   8.8  40.0   3:30a   SSW
 5  17.2  32.9   4:00a   3.4   8:30p  47.8   0.0  0.01   8.5  32.0   8:30a   WNW
 6  18.7  26.9   1:00p   9.9  12:30a  46.3   0.0  0.00   4.1  20.0   3:00p   WNW
 7  17.8  23.9   8:30p  11.1  12:30a  47.2   0.0  0.40   5.5  31.0  12:00m   SSW
 8  16.7  22.6   1:00p   9.7   8:00p  48.3   0.0  0.00   6.7  29.0  12:30a   WNW
 9  17.4  21.4   8:00p  11.4   4:00a  47.6   0.0  0.07   4.3  18.0   2:30a     E
10  30.4  37.0   2:00p  21.0  12:30a  34.6   0.0  0.00   1.3   9.0  11:30p   NNW
11  32.3  39.4  10:30p  29.4   1:00p  32.7   0.0  0.08   4.5  34.0  12:00m   ENE
12  26.7  34.9  12:30a  17.3  12:00m  38.3   0.0  0.00  11.0  33.0   5:00p   WNW
13  18.5  28.8   2:30p   9.1   7:30a  46.5   0.0  0.00   2.6  12.0   2:30a     E
14  32.8  43.9   3:00p  15.9   1:00a  32.2   0.0  0.00   3.8  21.0  12:30p    SW
15  43.5  53.0   2:30p  34.2   5:00a  21.5   0.0  0.00   6.3  27.0  12:30p   WSW
16  36.8  48.4   1:30a  25.0  12:00m  28.2   0.0  0.15   9.8  40.0   4:00p     W
17  27.2  33.1   6:30p  20.1   5:00a  37.8   0.0  0.03   5.1  21.0   8:00p     S
18  28.9  34.1   3:30p  20.9  11:30p  36.1   0.0  0.04   6.4  27.0   4:30a     W
19  32.3  43.9  12:00p  17.3   5:30a  32.7   0.0  0.77   3.2  30.0  11:30a   SSE
20  51.6  63.7  11:00p  35.5   1:30a  13.4   0.0  0.05   7.3  29.0  11:00p    SW
21  53.1  71.7  12:30p  34.3  12:00m  12.6   0.7  0.00  11.5  34.0  12:30p   WSW
22  31.6  34.9   3:30a  27.2  12:00m  33.4   0.0  0.22   2.9  13.0  11:30a     E
23  29.4  40.2  11:30p  21.3   6:00a  35.6   0.0  0.22   4.6  31.0  10:30p   ESE
24  37.9  41.4   3:30a  32.3  11:00p  27.1   0.0  0.00   7.3  24.0  10:00a     W
25  36.4  41.4   1:30p  31.6   4:00a  26.8   0.0  0.37   5.0  19.0   5:30a     E
26
27
28
-------------------------------------------------------------------------------------
    29.3  71.7    21     3.4     5   890.9   0.7  2.76   6.4  40.0     4     WNW

Max >=  90.0:  0
Max <=  32.0:  7
Min <=  32.0: 21
Min <=   0.0:  0
Max Rain: 0.77 ON 02/19/18
Days of Rain: 13 (>.01 in) 7 (>.1 in) 0 (>1 in)
Heat Base:  65.0  Cool Base:  65.0  Method: Integration