NOAA-Style Climate Report Archive

for Hessville, NY - Since March 2004

(Reports Generated by WeatherLink)

Report for 2018 January
                   MONTHLY CLIMATOLOGICAL SUMMARY for JAN. 2018

NAME: Indian Trail Weather   CITY: Hessville   STATE: New York 
ELEV:  1041 ft  LAT:  42° 51' 52" N  LONG:  74° 43' 15" W

                   TEMPERATURE (°F), RAIN  (in), WIND SPEED (mph)

                                      HEAT  COOL        AVG
    MEAN                              DEG   DEG         WIND                 DOM
DAY TEMP  HIGH   TIME   LOW    TIME   DAYS  DAYS  RAIN  SPEED HIGH   TIME    DIR
------------------------------------------------------------------------------------
 1   1.4  11.0  11:00p  -8.0   6:00a  63.6   0.0  0.00   5.8  31.0  12:00m   WSW
 2  11.7  20.2   4:00p   1.9   6:00a  53.3   0.0  0.00   8.7  29.0   1:00a   WSW
 3  13.8  21.8   1:30p   8.0   8:00a  51.2   0.0  0.00   5.1  23.0  12:30a    SW
 4  15.9  19.6   3:00p   8.2  12:00m  49.1   0.0  0.01   8.5  37.0   6:30p   WNW
 5   2.7   8.2  12:30a   0.2   8:00a  62.3   0.0  0.00  16.3  40.0  11:00a     W
 6  -0.8   3.1   1:30p  -4.9  12:00m  65.8   0.0  0.00  12.6  37.0   1:30p   WNW
 7   3.3  21.7  12:00m  -7.9   4:30a  61.7   0.0  0.00   3.5  21.0  11:30p   WNW
 8  25.4  35.2  10:00p  14.9  12:30a  39.6   0.0  0.07   6.6  26.0  11:00p    SW
 9  30.4  35.1   3:00a  25.3  12:00m  34.6   0.0  0.00   9.7  33.0   4:30a     W
10  25.0  32.7  11:30p  13.6   7:30a  40.0   0.0  0.00   2.5  10.0   4:00a   ESE
11  44.1  54.0  11:00p  31.5  12:30a  20.9   0.0  0.00   6.1  28.0   9:00p   SSW
12  52.0  63.2   1:30p  32.6  12:00m  13.0   0.0  0.59   6.6  29.0   1:30a     S
13  12.7  32.6  12:30a   2.5  12:00m  52.3   0.0  0.25   4.9  22.0   1:30p   WNW
14   3.4  11.5   2:30p  -3.9   8:00a  61.6   0.0  0.00   4.6  15.0   1:30p     W
15   8.4  14.5   4:00p   0.1  12:30a  56.6   0.0  0.00   4.0  14.0   9:30a   ESE
16  18.7  24.6  11:00p  12.9   2:00a  46.3   0.0  0.23   1.3  11.0   1:00a   ESE
17  17.5  24.4  12:30a   6.9   7:00p  47.5   0.0  0.03   4.5  19.0   3:30p     W
18  15.7  21.9   3:30p   7.6   5:30a  49.3   0.0  0.00   8.9  19.0   2:00p   WSW
19  23.8  33.2  12:00m  16.3   1:00a  41.2   0.0  0.00   7.2  23.0  10:30a    SW
20  36.8  43.2   1:30p  31.8  11:30p  28.2   0.0  0.00  11.1  33.0   6:00a     W
21  35.5  38.9   3:30p  33.2   6:00p  29.5   0.0  0.00   3.5  18.0  12:30a   WSW
22  33.0  34.7  12:30a  31.7   5:00p  32.0   0.0  0.03   3.5  13.0   1:00p     E
23  37.5  44.6   4:00p  33.6  12:30a  27.5   0.0  0.57   5.0  37.0   4:30p   WSW
24  22.1  36.6   1:00a  15.4   9:00p  42.9   0.0  0.00  12.0  39.0   1:00a   WNW
25  15.3  19.8   3:00p   8.9   7:30a  49.7   0.0  0.00   6.5  20.0   2:00p   WNW
26  20.9  30.1   3:30p  12.2   7:30a  44.1   0.0  0.00   2.7  14.0   1:00p   ENE
27  34.4  49.9   6:00p  16.8   6:00a  30.6   0.0  0.01   7.6  33.0   7:00p    SW
28  38.9  44.6   3:00p  29.3  12:00m  26.1   0.0  0.01   5.6  22.0  12:30a   WSW
29  30.2  36.0   3:00p  24.7   5:00a  34.8   0.0  0.00   3.0  12.0  11:30a   WSW
30  21.4  28.1  10:00a  14.7  10:30p  43.6   0.0  0.00   6.5  28.0   4:30p   WNW
31  20.7  30.7   9:00p  11.0   8:00a  44.3   0.0  0.00   6.7  33.0   9:30p     W
-------------------------------------------------------------------------------------
    21.7  63.2    12    -8.0     1  1343.2   0.0  1.80   6.5  40.0     5       W

Max >=  90.0:  0
Max <=  32.0: 16
Min <=  32.0: 28
Min <=   0.0:  4
Max Rain: 0.59 ON 01/12/18
Days of Rain: 7 (>.01 in) 4 (>.1 in) 0 (>1 in)
Heat Base:  65.0  Cool Base:  65.0  Method: Integration