NOAA-Style Climate Report Archive

for Hessville, NY - Since March 2004

(Reports Generated by WeatherLink)

Report for 2018
                            ANNUAL CLIMATOLOGICAL SUMMARY

NAME: Indian Trail Weather  CITY: Hessville   STATE: New York  
ELEV:  1041 ft  LAT:  42° 51' 52" N  LONG:  74° 43' 15" W

               TEMPERATURE (°F), HEAT BASE 65.0, COOL BASE 65.0
                          DEP.  HEAT  COOL                                          
        MEAN  MEAN        FROM  DEG   DEG                        MAX  MAX  MIN  MIN 
 YR MO  MAX   MIN   MEAN  NORM  DAYS  DAYS  HI  DATE  LOW  DATE  >=90 <=32 <=32 <=0 
------------------------------------------------------------------------------------
 18  1  29.9  13.6  21.7   1.2  1343     0  63.2  12  -8.0    1    0   16   28    4
 18  2  39.4  21.6  30.7   7.4   961     1  71.7  21   3.4    5    0    7   23    0
 18  3  36.5  23.9  30.3  -1.1  1074     0  49.7  31   6.9   18    0    5   27    0
 18  4  46.1  30.5  38.2  -6.1   805     1  71.1  24  19.0    9    0    2   21    0
 18  5  72.5  51.7  61.9   6.6   177    81  85.3  30  39.3    8    0    0    0    0
 18  6  74.9  55.2  65.0   1.0   109   108  91.0  30  46.4   26    2    0    0    0
 18  7  82.9  62.3  72.5   4.6    27   258  93.8   1  48.6    7    2    0    0    0
 18  8  79.6  64.0  71.2   4.8    17   208  89.8   6  53.6   23    0    0    0    0
 18  9  72.2  56.2  63.7   4.5   141   103  89.6   5  41.3   30    0    0    0    0
 18 10  56.2  41.7  48.2   0.3   540    19  80.5   9  29.8   18    0    0    4    0
 18 11  38.9  27.6  33.4  -4.2   947     0  62.5   2  -2.7   23    0    5   20    1
 18 12  35.6  22.3  28.9   2.8  1118     0  51.6  21  12.7   27    0   11   30    0
------------------------------------------------------------------------------------
        55.5  39.3  47.2   1.8  7258   779  93.8 JUL  -8.0  JAN    4   46  153    5

                                PRECIPITATION (in)

               DEP.   MAX        DAYS OF RAIN 
               FROM   OBS.          OVER
 YR MO  TOTAL  NORM   DAY  DATE .01   .1   1
---------------------------------------------
 18  1  1.80  -1.42  0.59   12    7    4    0
 18  2  2.78  -0.14  0.77   19   14    7    0
 18  3  1.85  -2.26  0.95    2   10    4    0
 18  4  2.57  -1.41  0.99   25    9    7    0
 18  5  1.77  -2.55  0.65   19    9    5    0
 18  6  3.10  -1.51  0.61   28    9    7    0
 18  7  3.17  -1.21  0.59    6   11    8    0
 18  8  4.96   0.66  1.09   17   14    9    1
 18  9  5.65   1.70  1.21   10   11    9    1
 18 10  3.39  -0.70  0.73   27   17    8    0
 18 11  4.55   0.68  0.61    5   19   11    0
 18 12  2.18  -1.16  0.48   21   11    7    0
---------------------------------------------
       37.77 -9.32  1.21  SEP  141   86    2

                                WIND SPEED (mph)
                          DOM
 YR MO   AVG.  HI   DATE  DIR
---------------------------------
 18  1   6.5  40.0    5     W
 18  2   6.6  40.0    4   WNW
 18  3   7.7  40.0   17     W
 18  4   7.7  51.0    4   WNW
 18  5   5.9  59.0    4   WSW
 18  6   4.3  35.0   14   WNW
 18  7   4.1  32.0    2    SW
 18  8   3.7  27.0   29    SW
 18  9   4.0  42.0   21     E
 18 10   6.2  38.0   16    SW
 18 11   6.3  46.0   10     W
 18 12   5.3  40.0   22   WSW
---------------------------------
         5.7  59.0  MAY  WSW