NOAA-Style Climate Report Archive

for Hessville, NY - Since March 2004

(Reports Generated by WeatherLink)

Report for 2017 December
                   MONTHLY CLIMATOLOGICAL SUMMARY for DEC. 2017

NAME: Indian Trail Weather   CITY: Hessville   STATE: New York 
ELEV:  1041 ft  LAT:  42° 51' 52" N  LONG:  74° 43' 15" W

                   TEMPERATURE (°F), RAIN  (in), WIND SPEED (mph)

                                      HEAT  COOL        AVG
    MEAN                              DEG   DEG         WIND                 DOM
DAY TEMP  HIGH   TIME   LOW    TIME   DAYS  DAYS  RAIN  SPEED HIGH   TIME    DIR
------------------------------------------------------------------------------------
 1  38.6  42.7  12:30a  28.8  11:30p  26.4   0.0  0.00   6.4  25.0  12:30a   WNW
 2  33.1  38.4   2:30p  28.1   1:00a  31.9   0.0  0.00   1.5   7.0   3:30a    SE
 3  34.4  44.0   3:30p  28.7   7:00a  30.6   0.0  0.00   1.4   8.0   1:00p    SE
 4  32.7  42.2   3:00p  25.6   7:00a  32.3   0.0  0.00   1.8  11.0   1:00a   SSW
 5  48.4  52.7  10:30a  34.0  12:30a  16.7   0.0  0.32  10.7  36.0  10:30a   SSW
 6  35.4  43.0  12:30a  31.5   8:30a  29.7   0.0  0.00  11.4  30.0   3:00a   WSW
 7  32.1  36.0   1:00a  28.1  11:30p  32.9   0.0  0.00   8.3  24.0   1:30a   WSW
 8  28.3  32.6   1:00p  23.5   5:30a  36.7   0.0  0.00   6.8  20.0  12:30a    SW
 9  26.8  29.9   1:30p  21.7  12:00m  38.2   0.0  0.01   3.3  17.0  12:30a     E
10  28.0  33.0   2:00p  20.2  12:30a  37.0   0.0  0.00   9.4  31.0   2:00p   WSW
11  27.3  30.0   9:30a  24.4   8:00p  37.7   0.0  0.00   6.4  19.0  12:30a   WSW
12  26.4  34.0   2:30p  13.5  12:00m  38.6   0.0  0.19   6.9  32.0  10:00p     E
13  14.5  18.0   1:30p  11.1   2:00a  50.5   0.0  0.00  13.4  40.0   2:30p   WSW
14  14.0  17.0  10:00a  11.4  10:30p  51.0   0.0  0.00   7.1  35.0   2:30p   WSW
15  15.4  20.9  12:30p   8.7   6:30a  49.6   0.0  0.00   3.3  16.0  12:30a   ENE
16  21.7  25.4  11:00a  11.5  12:00m  43.3   0.0  0.00   9.9  28.0   3:30a   WSW
17  16.6  24.3  11:30a   5.6   7:30a  48.4   0.0  0.00   2.0  13.0  11:30a   NNW
18  26.3  38.3  12:00m  16.3   6:00a  38.7   0.0  0.00   4.5  23.0   9:00p     E
19  41.8  48.7   2:00p  37.6   2:30a  23.2   0.0  0.00  11.3  28.0  12:30p   WSW
20  30.8  38.3   1:30a  24.8  12:00m  34.2   0.0  0.07  11.6  32.0   2:00a   WNW
21  21.9  27.1   3:00p  14.1   8:00a  43.1   0.0  0.00   4.3  17.0   2:00a   WNW
22  19.5  23.5  12:30a  16.4  10:00a  45.5   0.0  0.22   4.8  15.0  10:00a     E
23  29.4  34.8   6:30p  22.7  12:30a  35.6   0.0  0.27   4.0  27.0   9:00p     E
24  28.3  31.5   1:30p  23.3  12:00m  36.7   0.0  0.00   5.9  24.0   9:00p     E
25  23.7  30.3   8:30a  18.1  12:00m  41.3   0.0  0.06  12.9  44.0   1:00p   WSW
26  13.9  18.2  12:30a   9.0  12:00m  51.1   0.0  0.00  16.2  44.0  12:00p   WSW
27   7.6  14.9  12:30p   3.3   2:00a  57.4   0.0  0.00   7.6  26.0  12:00p   WSW
28  -0.1   6.0  12:30a  -8.4   6:30a  65.1   0.0  0.00   8.0  34.0   3:00p   WNW
29   5.1  10.9   2:30p   0.3   7:30a  59.9   0.0  0.00   5.9  25.0   3:00p   WNW
30   6.5  11.2  10:30p   0.5   1:00a  58.5   0.0  0.00   2.2  15.0  12:00m     S
31  -0.4   9.9  12:30a  -5.9   8:00a  65.4   0.0  0.00   7.6  26.0   1:30p   WNW
-------------------------------------------------------------------------------------
    23.5  52.7     5    -8.4    28  1287.2   0.0  1.14   7.0  44.0    25     WSW

Max >=  90.0:  0
Max <=  32.0: 17
Min <=  32.0: 29
Min <=   0.0:  2
Max Rain: 0.32 ON 12/05/17
Days of Rain: 6 (>.01 in) 4 (>.1 in) 0 (>1 in)
Heat Base:  65.0  Cool Base:  65.0  Method: Integration