NOAA-Style Climate Report Archive

for Hessville, NY - Since March 2004

(Reports Generated by WeatherLink)

Report for 2017 October
                   MONTHLY CLIMATOLOGICAL SUMMARY for OCT. 2017

NAME: Indian Trail Weather   CITY: Hessville   STATE: New York 
ELEV:  1041 ft  LAT:  42° 51' 52" N  LONG:  74° 43' 15" W

                   TEMPERATURE (°F), RAIN  (in), WIND SPEED (mph)

                                      HEAT  COOL        AVG
    MEAN                              DEG   DEG         WIND                 DOM
DAY TEMP  HIGH   TIME   LOW    TIME   DAYS  DAYS  RAIN  SPEED HIGH   TIME    DIR
------------------------------------------------------------------------------------
 1  50.2  63.0   4:30p  38.3   6:00a  14.8   0.0  0.00   4.8  16.0   2:00p   WSW
 2  52.0  67.2   3:00p  39.4   6:30a  13.1   0.1  0.00   3.3  14.0   4:00a    SW
 3  55.7  73.3   3:30p  39.8   7:00a  10.9   1.6  0.00   3.1  16.0  12:00p   SSW
 4  66.8  81.0   3:30p  53.2   7:00a   3.7   5.4  0.00   7.4  27.0  11:00p    SW
 5  62.0  72.4   5:00p  53.9  12:00m   4.6   1.6  0.06   5.3  31.0   1:00a   WSW
 6  58.2  62.7   3:00p  54.0  12:30a   6.8   0.0  0.04   2.5  13.0   3:00a    SW
 7  63.7  76.3   5:30p  55.9   5:30a   3.7   2.4  0.03   3.0  25.0   7:00p     E
 8  69.3  78.2  11:30a  59.1  11:30p   0.8   5.2  0.08   8.0  31.0  10:30a   SSW
 9  64.4  74.9   5:30p  59.4  12:30a   2.2   1.7  0.89   4.5  30.0   8:30p     E
10  64.2  71.8   4:00p  58.2  12:00m   2.3   1.5  0.00   4.5  18.0  12:00p   WNW
11  55.8  60.8  12:00p  46.0  12:00m   9.2   0.0  0.02   5.3  16.0   3:30p   ENE
12  49.9  59.1   4:00p  45.0   4:00a  15.1   0.0  0.05   5.5  17.0  11:30a   ESE
13  51.5  62.9   3:30p  37.5   6:00a  13.5   0.0  0.00   3.8  15.0   1:30p     E
14  58.0  65.6   4:30p  51.8   6:00a   7.0   0.0  0.00   2.4  14.0  11:00a   SSW
15  64.3  78.5   3:30p  50.0   4:30a   4.7   4.0  0.18   9.2  41.0   9:00p   SSW
16  44.5  55.4  12:30a  37.3  12:00m  20.5   0.0  0.01   7.7  29.0   3:00a     W
17  44.5  57.9   4:00p  30.9   7:30a  20.5   0.0  0.01   5.9  25.0   9:30p    SW
18  56.7  70.2   4:30p  48.4  12:30a   9.1   0.7  0.00   7.5  25.0   3:00a    SW
19  60.0  71.4   3:30p  46.4   5:30a   6.1   1.1  0.00   6.8  26.0   3:30p    SW
20  55.5  66.9   4:00p  46.5  12:00m   9.5   0.1  0.00   7.8  26.0  10:30a   WSW
21  57.4  73.6   2:00p  41.7   6:00a   9.1   1.5  0.00   2.9  14.0  12:00p    SW
22  55.6  68.2   5:30p  42.8   7:30a   9.7   0.3  0.00   1.4   9.0   2:00a   SSW
23  56.9  69.8   4:00p  43.5   5:30a   8.6   0.5  0.00   3.4  21.0   4:30p     E
24  65.1  74.1   4:30p  55.3  11:30p   1.4   1.5  0.42   6.5  33.0   1:00p   SSW
25  54.4  63.7   3:30p  45.9  12:00m  10.6   0.0  0.00   4.0  15.0   2:30p     W
26  47.8  55.7   2:30p  43.2  12:00m  17.2   0.0  0.00   7.6  31.0   5:30p   WNW
27  48.0  60.3   3:30p  39.2   7:00a  17.0   0.0  0.00   5.6  19.0   3:30a   WSW
28  52.9  68.4   2:30p  39.0   8:00a  12.5   0.3  0.00   4.8  35.0   1:00p   SSW
29  56.9  62.0   2:30p  49.8   6:00a   8.1   0.0  2.01   5.0  24.0  12:00m     E
30  46.4  57.8  12:30a  41.0   9:00a  18.6   0.0  1.56  16.1  42.0  12:00p   WSW
31  43.1  47.1  12:00p  39.3   9:30p  21.9   0.0  0.00  10.5  31.0   4:30a    SW
-------------------------------------------------------------------------------------
    55.9  81.0     4    30.9    17   312.8  29.5  5.36   5.7  42.0    30      SW

Max >=  90.0:  0
Max <=  32.0:  0
Min <=  32.0:  1
Min <=   0.0:  0
Max Rain: 2.01 ON 10/29/17
Days of Rain: 11 (>.01 in) 5 (>.1 in) 2 (>1 in)
Heat Base:  65.0  Cool Base:  65.0  Method: Integration