NOAA-Style Climate Report Archive

for Hessville, NY - Since March 2004

(Reports Generated by WeatherLink)

Report for 2017 September
                   MONTHLY CLIMATOLOGICAL SUMMARY for SEP. 2017

NAME: Indian Trail Weather   CITY: Hessville   STATE: New York 
ELEV:  1041 ft  LAT:  42° 51' 52" N  LONG:  74° 43' 15" W

                   TEMPERATURE (°F), RAIN  (in), WIND SPEED (mph)

                                      HEAT  COOL        AVG
    MEAN                              DEG   DEG         WIND                 DOM
DAY TEMP  HIGH   TIME   LOW    TIME   DAYS  DAYS  RAIN  SPEED HIGH   TIME    DIR
------------------------------------------------------------------------------------
 1  51.3  62.1   4:00p  43.2   5:00a  13.7   0.0  0.00   5.1  21.0   2:30p   WNW
 2  53.9  68.4   4:00p  38.5   6:30a  11.3   0.2  0.00   3.6  14.0   1:00p   ENE
 3  52.7  57.6   8:00p  47.9   6:00a  12.3   0.0  0.66   5.3  21.0  10:30p   ENE
 4  67.1  77.2   3:30p  56.8   1:00a   2.4   4.5  0.00  11.1  33.0   9:30p    SW
 5  66.9  75.8   2:30p  57.8  12:00m   1.5   3.4  0.20   5.7  26.0   1:00a    SW
 6  57.7  60.3   2:30p  56.0  12:00m   7.3   0.0  0.37   1.6  12.0   7:00p     E
 7  57.5  67.3   4:00p  51.3   5:30a   7.5   0.1  0.11   4.6  18.0   5:30p   WSW
 8  54.8  62.9   2:00p  49.9  12:00m  10.2   0.0  0.34   6.2  19.0   9:30a   WSW
 9  53.8  62.2   3:30p  47.3   4:30a  11.2   0.0  0.00   4.0  17.0  11:00a   WNW
10  56.6  65.8   4:30p  48.0   6:00a   8.4   0.0  0.00   3.8  15.0  11:00a   WSW
11  59.5  73.4   5:30p  46.3   7:30a   7.2   1.6  0.00   4.0  16.0  10:00p   WSW
12  63.1  76.7   4:30p  50.3   7:00a   5.1   3.2  0.00   4.2  13.0   2:00p    SW
13  66.5  81.6   5:30p  52.6   6:00a   3.4   4.9  0.00   2.7  12.0   2:30p    SW
14  68.8  75.6   3:00p  65.3  11:00p   0.0   3.8  0.28   3.5  16.0   2:30a    SW
15  68.5  79.4   4:30p  62.5   7:00a   0.5   4.0  0.01   2.3  12.0  11:00p   WSW
16  69.5  82.1   5:30p  60.7   6:30a   0.7   5.2  0.00   2.9  11.0  12:30a   WSW
17  68.5  81.3   4:00p  57.3   7:00a   1.6   5.1  0.00   2.1   9.0   1:00p    SW
18  69.3  80.7   3:30p  58.0   7:00a   1.3   5.6  0.00   3.1  14.0   1:00p     E
19  65.2  76.1   4:00p  58.0   4:00a   2.4   2.6  0.00   2.3  15.0   1:30p     E
20  67.1  78.9   4:00p  56.2   7:00a   2.2   4.3  0.00   1.4  10.0   2:30p    SW
21  69.0  79.6   3:00p  61.0   2:00a   1.0   5.0  0.00   1.4   8.0   7:30a   WSW
22  65.0  78.4   6:00p  53.6   6:00a   3.5   3.5  0.00   2.0  13.0  11:30a    SW
23  68.5  83.0   2:30p  51.5   6:00a   3.0   6.5  0.00   3.9  17.0   2:30p   WSW
24  74.8  87.2   4:00p  63.8   4:30a   0.0   9.8  0.00   3.9  13.0  12:30a   WSW
25  73.5  86.3   4:00p  62.7   7:00a   0.1   8.6  0.00   2.7  11.0  12:00p   WSW
26  72.4  85.7   3:30p  62.8   4:30a   0.4   7.8  0.00   2.0  10.0   3:00p    SW
27  75.3  87.9   4:30p  64.0   7:00a   0.0  10.3  0.00   3.2  23.0  12:00m   WSW
28  59.2  69.6  12:30a  47.1  12:00m   5.9   0.1  0.00   7.1  24.0   4:00p   WNW
29  53.0  63.6   4:00p  43.8   6:30a  12.0   0.0  0.04   3.2  16.0  12:30p   WSW
30  48.3  52.1   4:00p  43.0  12:00m  16.7   0.0  0.03   2.8  12.0  10:00a   WNW
-------------------------------------------------------------------------------------
    63.2  87.9    27    38.5     2   152.8 100.1  2.04   3.7  33.0     4     WSW

Max >=  90.0:  0
Max <=  32.0:  0
Min <=  32.0:  0
Min <=   0.0:  0
Max Rain: 0.66 ON 09/03/17
Days of Rain: 8 (>.01 in) 6 (>.1 in) 0 (>1 in)
Heat Base:  65.0  Cool Base:  65.0  Method: Integration