NOAA-Style Climate Report Archive

for Hessville, NY - Since March 2004

(Reports Generated by WeatherLink)

Report for 2017 August
                   MONTHLY CLIMATOLOGICAL SUMMARY for AUG. 2017

NAME: Indian Trail Weather   CITY: Hessville   STATE: New York 
ELEV:  1041 ft  LAT:  42° 51' 52" N  LONG:  74° 43' 15" W

                   TEMPERATURE (°F), RAIN  (in), WIND SPEED (mph)

                                      HEAT  COOL        AVG
    MEAN                              DEG   DEG         WIND                 DOM
DAY TEMP  HIGH   TIME   LOW    TIME   DAYS  DAYS  RAIN  SPEED HIGH   TIME    DIR
------------------------------------------------------------------------------------
 1  73.3  85.0   5:30p  64.6   7:00a   0.0   8.3  0.00   3.4  12.0   3:00a    SW
 2  69.2  81.5  12:00p  63.4   4:30a   0.2   4.3  1.00   3.0  37.0   2:30p    SW
 3  71.3  85.3   6:00p  60.0   3:00a   0.9   7.2  0.01   2.2  17.0   8:30p     E
 4  73.7  85.8   2:30p  63.7   6:00a   0.1   8.8  0.00   4.3  25.0   7:00p   SSW
 5  67.8  74.7   1:30p  61.3  11:30p   0.4   3.1  0.01   4.6  24.0   4:30p   WSW
 6  63.6  73.8   5:00p  55.2   5:30a   3.4   2.0  0.00   4.1  20.0   1:30a   WNW
 7  65.3  73.6  12:00p  58.8  12:30a   2.0   2.3  0.01   5.1  21.0   1:30p   SSW
 8  65.8  74.5   4:00p  58.7  12:00m   2.2   3.0  0.00   3.9  17.0   5:30p    NW
 9  67.8  80.0   5:00p  55.8   2:00a   2.4   5.2  0.00   3.7  16.0  12:30p    SW
10  70.8  81.7   2:30p  59.9   6:00a   0.7   6.5  0.00   3.1  15.0   3:00p    SW
11  68.0  75.0   5:30p  60.7   7:00a   0.5   3.5  0.02   2.8  17.0  10:30p   SSW
12  69.4  81.0   2:30p  62.4   6:30a   0.2   4.6  0.05   3.9  21.0   5:00p    SW
13  68.4  78.5   5:00p  60.5  11:30p   0.7   4.1  0.00   4.5  20.0   3:00p   WSW
14  66.1  78.6   5:30p  54.6   7:00a   2.8   3.9  0.00   3.0  14.0   3:30p   SSW
15  69.3  81.1   4:30p  62.1   4:30a   0.2   4.5  0.36   4.1  19.0   5:30p    SW
16  68.0  76.7   4:00p  55.3  12:00m   1.2   4.2  0.00   4.2  19.0  12:30p   WSW
17  64.5  77.5   4:00p  50.9   7:00a   3.9   3.4  0.00   2.9  12.0   2:00a     E
18  71.4  80.6   6:00p  62.7   6:00a   0.4   6.8  0.45   3.5  21.0  10:00p   SSW
19  69.9  78.7   3:00p  63.5  10:00p   0.2   5.1  0.03   6.0  20.0  11:00p   WSW
20  68.4  76.9   5:00p  62.5   3:30a   0.6   4.0  0.00   5.7  20.0   9:30a   WNW
21  72.2  83.0   5:30p  61.1   6:30a   0.7   7.9  0.00   3.6  17.0   1:30p    SW
22  75.0  87.1   3:00p  67.2   6:30a   0.0  10.0  0.32   8.6  45.0   7:30p    SW
23  65.9  72.3   3:00p  59.4   6:30a   1.3   2.2  0.10   5.4  24.0   1:30a   WSW
24  61.1  68.2   3:00p  53.0   6:30a   4.1   0.2  0.00   3.8  16.0   1:00p   WSW
25  60.9  69.6   4:30p  51.7  12:00m   4.9   0.8  0.00   4.1  19.0   3:00p   WNW
26  59.0  70.1   4:30p  47.9   6:00a   7.0   1.0  0.00   3.7  15.0  12:30p   WSW
27  58.7  70.5   4:00p  45.3   5:00a   7.4   1.1  0.00   3.2  14.0  12:00p   ENE
28  59.8  70.9   4:00p  48.2   6:30a   6.4   1.2  0.00   2.5  14.0   1:30p   ESE
29  56.0  62.0   2:30p  49.6   6:30a   9.0   0.0  0.00   2.4  12.0   1:30p     E
30  61.2  73.5   4:00p  47.6   7:00a   5.7   1.9  0.00   3.0  16.0   4:00p    SW
31  59.6  68.6   3:00p  46.8  12:00m   5.7   0.3  0.00   5.0  19.0   8:00a   WNW
-------------------------------------------------------------------------------------
    66.5  87.1    22    45.3    27    75.2 121.4  2.36   4.0  45.0    22     WSW

Max >=  90.0:  0
Max <=  32.0:  0
Min <=  32.0:  0
Min <=   0.0:  0
Max Rain: 1.00 ON 08/02/17
Days of Rain: 8 (>.01 in) 4 (>.1 in) 0 (>1 in)
Heat Base:  65.0  Cool Base:  65.0  Method: Integration