NOAA-Style Climate Report Archive

for Hessville, NY - Since March 2004

(Reports Generated by WeatherLink)

Report for 2017 June
                   MONTHLY CLIMATOLOGICAL SUMMARY for JUN. 2017

NAME: Indian Trail Weather   CITY: Hessville   STATE: New York 
ELEV:  1041 ft  LAT:  42° 51' 52" N  LONG:  74° 43' 15" W

                   TEMPERATURE (°F), RAIN  (in), WIND SPEED (mph)

                                      HEAT  COOL        AVG
    MEAN                              DEG   DEG         WIND                 DOM
DAY TEMP  HIGH   TIME   LOW    TIME   DAYS  DAYS  RAIN  SPEED HIGH   TIME    DIR
------------------------------------------------------------------------------------
 1  58.2  67.5   3:30p  48.9  12:00m   7.0   0.1  0.00   7.4  26.0   5:30p   WSW
 2  53.6  61.2   4:30p  45.0   5:00a  11.4   0.0  0.00   7.1  28.0   4:30p   WSW
 3  55.4  65.1   5:00p  45.7   4:30a   9.6   0.0  0.00   6.7  29.0   4:00p   WNW
 4  53.9  61.3   9:30a  47.1   3:00a  11.1   0.0  0.07   2.9  14.0   2:00p     E
 5  55.6  61.0   1:00p  52.7   1:30a   9.4   0.0  1.14   5.3  19.0  10:00p   ESE
 6  49.8  53.9  12:30a  46.2  12:00m  15.2   0.0  1.11   8.6  18.0  10:00a   ENE
 7  57.5  72.2   7:00p  43.6   4:00a   8.6   1.1  0.01   3.0  15.0   3:00p   NNW
 8  63.8  74.5   3:30p  49.3   6:00a   4.4   3.1  0.00   3.4  13.0   1:00a   WSW
 9  64.1  73.7   4:00p  56.5   7:30a   3.2   2.2  0.02   5.5  30.0   5:00p   WSW
10  68.9  80.0   4:30p  57.0   5:30a   1.6   5.5  0.00   6.3  21.0   9:30a   WSW
11  76.1  86.7   4:00p  65.1  12:30a   0.0  11.1  0.00   7.6  26.0  11:00a   WSW
12  77.5  88.3   3:30p  66.3   2:00a   0.0  12.4  0.00   5.8  19.0   8:30a   WSW
13  74.9  82.9   3:30p  65.1  12:00m   0.0   9.9  0.04   5.8  20.0   7:00p   WNW
14  66.1  77.5   4:30p  54.6   6:00a   2.7   3.8  0.00   2.6  12.0   1:30p   WNW
15  61.4  72.5   1:30p  49.5   5:30a   4.7   1.1  0.00   3.5  16.0   3:00p     E
16  58.9  61.4   4:30p  55.7  12:00p   6.1   0.0  0.57   2.6  11.0   2:00p     E
17  68.9  77.7   3:00p  60.5  12:30a   1.5   5.4  0.00   2.7  15.0   3:30p   SSE
18  75.9  86.5   4:30p  63.1   5:30a   0.1  11.0  0.39   7.8  32.0  11:00p   SSW
19  70.2  80.2   1:00p  64.0  10:30p   0.0   5.2  0.74   4.6  29.0   1:30a    SW
20  66.5  73.8   4:00p  59.8  12:00m   0.8   2.3  0.11   5.8  27.0  12:00p   WSW
21  64.3  72.3   4:00p  56.6   3:00a   2.6   1.8  0.01   5.1  19.0  10:30a   WNW
22  66.5  76.3   4:00p  53.4   3:30a   2.7   4.2  0.00   3.5  18.0  10:30a    SW
23  74.7  81.3   1:30p  70.7   3:30a   0.0   9.7  0.06   7.3  24.0   3:00p    SW
24  69.2  76.6   5:00p  60.8  12:00m   0.4   4.6  0.22   6.1  30.0   1:30p   WNW
25  63.9  74.4   1:30p  55.4  11:00p   3.4   2.3  0.09   6.0  26.0   5:30p    SW
26  59.6  71.1   3:00p  52.9   5:30a   5.9   0.5  0.17   4.9  24.0   4:30p    SW
27  57.2  68.5   2:30p  50.7   5:30a   7.9   0.1  0.05   5.5  37.0   3:30p   WSW
28  62.0  72.6   4:30p  52.5   6:00a   4.7   1.7  0.00   5.9  24.0   2:00p   WSW
29  67.7  74.6   3:00p  59.7   1:00a   1.1   3.7  0.00   5.6  30.0  10:30p   SSW
30  73.1  82.4   2:30p  66.2  12:00m   0.0   8.1  1.04   7.2  28.0   1:30a    SW
-------------------------------------------------------------------------------------
    64.5  88.3    12    43.6     7   126.1 110.9  5.84   5.4  37.0    27     WSW

Max >=  90.0:  0
Max <=  32.0:  0
Min <=  32.0:  0
Min <=   0.0:  0
Max Rain: 1.14 ON 06/05/17
Days of Rain: 15 (>.01 in) 9 (>.1 in) 3 (>1 in)
Heat Base:  65.0  Cool Base:  65.0  Method: Integration