NOAA-Style Climate Report Archive

for Hessville, NY - Since March 2004

(Reports Generated by WeatherLink)

Report for 2017 May
                   MONTHLY CLIMATOLOGICAL SUMMARY for MAY. 2017

NAME: Indian Trail Weather   CITY: Hessville   STATE: New York 
ELEV:  1041 ft  LAT:  42° 51' 52" N  LONG:  74° 43' 15" W

                   TEMPERATURE (°F), RAIN  (in), WIND SPEED (mph)

                                      HEAT  COOL        AVG
    MEAN                              DEG   DEG         WIND                 DOM
DAY TEMP  HIGH   TIME   LOW    TIME   DAYS  DAYS  RAIN  SPEED HIGH   TIME    DIR
------------------------------------------------------------------------------------
 1  57.7  75.5   4:30p  42.6   4:00a   9.1   1.8  0.79   5.1  59.0   9:00p   ESE
 2  53.2  59.9   3:30p  45.2   8:30p  11.8   0.0  0.24   7.3  31.0   3:30p   WSW
 3  45.4  50.2   7:00p  40.8  12:00m  19.6   0.0  0.03  11.6  33.0   2:30p   WSW
 4  48.2  60.2   2:30p  32.8   6:30a  16.8   0.0  0.03   5.2  30.0   4:30p     E
 5  45.1  48.9  10:30p  41.2   7:30a  19.9   0.0  0.73   8.9  27.0   3:00p     E
 6  54.2  66.0   1:30p  44.8  12:00m  10.8   0.0  0.10   7.2  30.0   4:30p   ENE
 7  42.5  46.9  12:00p  36.9  11:00p  22.5   0.0  0.07   6.9  22.0   3:00p     W
 8  38.0  43.5   2:30p  33.5   7:00a  27.0   0.0  0.00   8.5  26.0   2:30p     W
 9  40.4  46.2   5:00p  34.9   6:00a  24.6   0.0  0.02   5.1  18.0   2:30a   WSW
10  44.0  50.3   6:00p  35.3   6:00a  21.0   0.0  0.00   3.4  15.0   1:30p   WSW
11  48.4  59.8   6:30p  34.3   4:30a  16.6   0.0  0.00   3.9  17.0   3:30p   ENE
12  54.6  65.4   4:00p  41.0   6:00a  10.4   0.0  0.00   4.1  17.0   1:30p   ENE
13  48.7  55.7  12:30a  45.7  10:30p  16.3   0.0  0.59   3.7  16.0   3:30p     E
14  48.5  58.2   2:30p  41.1   6:30a  16.5   0.0  0.13   5.4  31.0   3:00p     E
15  52.1  59.0   5:00p  46.5   8:00a  12.9   0.0  0.00  12.6  34.0  11:00a   WNW
16  59.0  71.2   4:30p  46.8   5:30a   7.2   1.2  0.00   6.6  20.0  12:30a   WSW
17  70.4  85.8   5:00p  52.9   6:00a   3.2   8.6  0.00   5.8  26.0  12:30p   WSW
18  74.4  87.1   4:00p  62.4   1:30a   0.1   9.5  0.13   9.8  42.0   7:00p   WSW
19  62.0  72.3  10:30a  46.8  11:00p   4.4   1.4  0.01   7.8  31.0   1:30p   WNW
20  54.4  65.3   6:00p  45.5   5:30a  10.6   0.0  0.00   4.2  18.0  10:00a   ENE
21  55.6  67.5   2:30p  42.0   2:30a   9.5   0.1  0.03   5.0  22.0   3:00p     E
22  51.5  55.4   7:30p  46.4   5:30a  13.5   0.0  0.39   3.1  15.0   9:00p     E
23  57.6  71.2   4:30p  44.4   3:00a   8.5   1.1  0.00   2.8  11.0   5:00p    SW
24  60.7  71.6   3:00p  47.7   6:00a   5.9   1.6  0.00   4.8  20.0   1:30p     E
25  54.0  60.2  12:30a  51.5  12:00m  11.0   0.0  0.33   9.8  24.0  12:00p     E
26  54.3  62.7   2:00p  50.0   4:30a  10.7   0.0  0.14   4.9  23.0   1:30p   WNW
27  59.8  68.4   2:30p  49.9   6:00a   5.6   0.4  0.01   2.6  12.0   2:30p   WNW
28  63.0  71.0   4:30p  52.0   3:30a   3.4   1.3  0.00   4.5  16.0   4:30p     E
29  54.6  60.1  12:30a  51.7   7:00a  10.4   0.0  0.80   4.9  13.0   3:00a     E
30  57.1  64.7   4:00p  52.0   6:00a   7.9   0.0  0.30   4.6  23.0  10:30p     E
31  60.8  73.4   2:30p  54.2   4:00p   5.2   1.1  0.47   5.6  34.0   3:00p    SW
-------------------------------------------------------------------------------------
    53.9  87.1    18    32.8     4   372.9  28.1  5.34   6.0  59.0     1       E

Max >=  90.0:  0
Max <=  32.0:  0
Min <=  32.0:  0
Min <=   0.0:  0
Max Rain: 0.80 ON 05/29/17
Days of Rain: 18 (>.01 in) 12 (>.1 in) 0 (>1 in)
Heat Base:  65.0  Cool Base:  65.0  Method: Integration