NOAA-Style Climate Report Archive

for Hessville, NY - Since March 2004

(Reports Generated by WeatherLink)

Report for 2017 April
                   MONTHLY CLIMATOLOGICAL SUMMARY for APR. 2017

NAME: Indian Trail Weather   CITY: Hessville   STATE: New York 
ELEV:  1041 ft  LAT:  42° 51' 52" N  LONG:  74° 43' 15" W

                   TEMPERATURE (°F), RAIN  (in), WIND SPEED (mph)

                                      HEAT  COOL        AVG
    MEAN                              DEG   DEG         WIND                 DOM
DAY TEMP  HIGH   TIME   LOW    TIME   DAYS  DAYS  RAIN  SPEED HIGH   TIME    DIR
------------------------------------------------------------------------------------
 1  34.3  39.5   5:00p  31.2   6:00a  30.7   0.0  0.04   5.8  23.0   7:30p   ENE
 2  41.5  52.1   5:00p  33.7   5:30a  23.5   0.0  0.00   8.2  23.0   4:30p     W
 3  45.3  56.5   5:30p  33.9   6:30a  19.7   0.0  0.00   4.6  16.0   6:00p     E
 4  42.5  46.8  12:30a  39.0  11:30p  22.5   0.0  1.13   6.9  19.0   3:30a     E
 5  41.2  45.3   2:00p  37.9  12:00m  23.8   0.0  0.02   5.5  24.0   4:30a     W
 6  38.8  42.1   4:30a  37.2   2:00a  26.2   0.0  1.05   9.8  26.0   1:00p     E
 7  36.5  41.7   2:30a  32.6   9:30p  28.5   0.0  0.05  12.8  38.0  12:00m     W
 8  36.0  43.7   5:00p  30.9   8:00a  29.0   0.0  0.00  12.3  32.0   4:30a   WNW
 9  49.7  65.4   5:30p  34.7   6:30a  15.3   0.0  0.00   6.0  23.0  12:00m   WSW
10  66.5  78.8   4:30p  54.3   5:00a   3.2   4.7  0.00  11.3  29.0  11:30p    SW
11  64.4  79.3   1:30p  50.7   9:30p   3.8   3.2  0.01   8.4  33.0   4:00p   WSW
12  48.9  54.8   3:00a  42.0  12:00m  16.1   0.0  0.02   7.5  24.0   7:30p   WNW
13  42.8  52.0   2:30p  35.4  12:00m  22.2   0.0  0.00  10.6  36.0   2:30a   WNW
14  46.4  60.4   5:00p  29.2   6:30a  18.6   0.0  0.00   4.8  14.0   3:30p   WSW
15  53.0  70.5   2:00p  34.0   5:00a  12.6   0.6  0.08   6.9  29.0  10:00p    SW
16  66.1  79.7   3:00p  58.7  12:00m   2.2   3.3  0.13  14.1  35.0   3:30a   WSW
17  51.9  59.5   1:00a  39.9  12:00m  13.1   0.0  0.01  10.8  32.0   3:30p   WNW
18  45.2  57.0   5:30p  34.5   2:30a  19.8   0.0  0.00   4.4  16.0  12:00p     N
19  45.8  57.3  12:30p  37.9   5:30a  19.2   0.0  0.43   5.4  26.0  12:30p   SSW
20  49.5  57.2   3:30p  44.0   6:00a  15.5   0.0  0.18   4.5  15.0   2:00p     E
21  49.3  57.2  12:30p  43.8   2:30a  15.7   0.0  0.58   5.3  17.0   8:30p     E
22  44.7  48.9   4:30p  40.1  11:00p  20.3   0.0  0.00   6.0  21.0   4:30p   WNW
23  50.0  66.2   5:30p  35.0   5:30a  15.0   0.0  0.00   4.4  14.0   4:00p   WSW
24  54.6  69.2   5:00p  38.4   4:00a  11.1   0.6  0.00   4.6  16.0   4:00p   ENE
25  47.1  49.5   4:30p  43.0   8:30a  17.9   0.0  0.17   8.1  26.0  10:30a     E
26  54.0  63.0   7:00p  47.0   1:00a  11.0   0.0  0.01   6.4  17.0   2:00a     E
27  62.2  72.9   5:00p  52.9   2:30a   4.3   1.5  0.00   5.9  20.0   4:30p     E
28  63.1  74.3   4:00p  56.8   6:30a   3.7   1.8  0.31   4.5  19.0   8:30a     W
29  58.7  65.3   9:30a  45.7  12:00m   6.3   0.0  0.00   7.8  30.0   4:00p   WNW
30  44.1  49.1   5:30p  37.3   6:00a  20.9   0.0  0.04   6.3  19.0   9:30a     E
-------------------------------------------------------------------------------------
    49.1  79.7    16    29.2    14   491.7  15.7  4.26   7.3  38.0     7     WNW

Max >=  90.0:  0
Max <=  32.0:  0
Min <=  32.0:  3
Min <=   0.0:  0
Max Rain: 1.13 ON 04/04/17
Days of Rain: 14 (>.01 in) 8 (>.1 in) 2 (>1 in)
Heat Base:  65.0  Cool Base:  65.0  Method: Integration