NOAA-Style Climate Report Archive

for Hessville, NY - Since March 2004

(Reports Generated by WeatherLink)

Report for 2017 January
                   MONTHLY CLIMATOLOGICAL SUMMARY for JAN. 2017

NAME: Indian Trail Weather   CITY: Hessville   STATE: New York 
ELEV:  1041 ft  LAT:  42° 51' 52" N  LONG:  74° 43' 15" W

                   TEMPERATURE (°F), RAIN  (in), WIND SPEED (mph)

                                      HEAT  COOL        AVG
    MEAN                              DEG   DEG         WIND                 DOM
DAY TEMP  HIGH   TIME   LOW    TIME   DAYS  DAYS  RAIN  SPEED HIGH   TIME    DIR
------------------------------------------------------------------------------------
 1  29.8  36.5   3:30a  19.4  11:00p  35.2   0.0  0.05   8.1  33.0   3:30a   WSW
 2  24.4  31.0  11:30p  14.2   7:00a  40.6   0.0  0.00   2.3  10.0  12:30a     E
 3  32.6  34.3   2:30p  30.7  12:30a  32.4   0.0  0.38   7.8  20.0  12:30p     E
 4  32.5  38.8   1:00p  19.8  12:00m  32.5   0.0  0.02   8.6  35.0   4:30p     W
 5  20.5  24.1   2:00p  17.0   6:30a  44.5   0.0  0.01   9.2  33.0   1:30a   WSW
 6  15.0  21.3  12:30a   6.4  11:00p  50.0   0.0  0.00   5.8  18.0   1:00p   WSW
 7  12.1  19.5  12:30p   4.2   9:00a  52.9   0.0  0.00   3.6  19.0  12:00m   WSW
 8  10.9  16.7   1:00p   2.0  12:00m  54.1   0.0  0.00   9.4  28.0   3:30p   WSW
 9   9.1  17.1   2:30p   1.3   1:00a  55.9   0.0  0.00   3.7  13.0  11:30p   WSW
10  19.1  36.3   9:30p   6.9   3:30a  45.9   0.0  0.05   4.3  31.0  11:00p     E
11  40.9  47.3   2:30p  33.7   1:00a  24.2   0.0  0.14  12.8  49.0   3:30a    SW
12  48.6  52.6  12:00p  37.9  12:00m  16.4   0.0  0.22  15.0  40.0   5:30a    SW
13  28.0  37.9  12:30a  18.1  12:00m  37.0   0.0  0.00  10.3  32.0  11:30a   WNW
14  17.5  22.9   3:30p  12.3   5:00a  47.5   0.0  0.00   1.9   8.0  12:30a     E
15  24.7  31.3   3:00p  15.3  12:30a  40.3   0.0  0.00   6.8  23.0   9:30a   WNW
16  28.4  39.7   3:30p  18.5   2:30a  36.6   0.0  0.00   5.6  16.0  11:30a   WSW
17  29.9  31.9  10:30p  25.4   8:00a  35.1   0.0  0.50   2.0  11.0  10:30a   ESE
18  33.3  34.8   1:30p  31.8  12:30a  31.7   0.0  0.10   0.6   7.0   8:00p   WSW
19  35.1  37.7  11:00a  33.5   6:30p  29.9   0.0  0.00   4.9  21.0  12:00p     W
20  33.7  36.9   2:00p  31.6   7:30a  31.3   0.0  0.00   3.7  13.0  10:00a     E
21  40.9  50.3  12:30p  33.3   3:00a  24.1   0.0  0.00   2.6  16.0   4:00p   ESE
22  39.6  43.9   1:00p  35.0  12:00m  25.4   0.0  0.00   5.1  19.0  12:00m     E
23  32.6  35.4   3:30a  28.8  12:00m  32.4   0.0  0.11  12.3  32.0   3:30p     E
24  31.5  34.6  11:30a  27.1  12:00m  33.5   0.0  0.72   6.1  26.0   9:00p   WNW
25  32.4  39.1  12:00m  26.8   1:00a  32.6   0.0  0.00   8.3  30.0   3:00a     W
26  37.5  41.6  11:30a  32.9  11:00p  27.5   0.0  0.01  11.5  32.0  12:00p   WSW
27  32.1  34.6   2:00a  29.4  12:00m  32.9   0.0  0.00  16.8  40.0   3:30a     W
28  29.5  33.7   2:00p  28.3   8:30p  35.5   0.0  0.00  12.8  29.0   3:00a   WSW
29  28.2  32.2   1:30p  20.8  12:00m  36.8   0.0  0.00   9.0  25.0   9:30a   WSW
30  19.6  24.3   2:00p  12.6  12:00m  45.4   0.0  0.00   5.9  23.0   3:30p   WNW
31  16.5  21.3   2:30p   7.5   7:00a  48.5   0.0  0.00   3.6  18.0   2:30p     E
-------------------------------------------------------------------------------------
    28.0  52.6    12     1.3     9  1148.6   0.0  2.31   7.1  49.0    11     WSW

Max >=  90.0:  0
Max <=  32.0: 11
Min <=  32.0: 25
Min <=   0.0:  0
Max Rain: 0.72 ON 01/24/17
Days of Rain: 10 (>.01 in) 6 (>.1 in) 0 (>1 in)
Heat Base:  65.0  Cool Base:  65.0  Method: Integration