NOAA-Style Climate Report Archive

for Hessville, NY - Since March 2004

(Reports Generated by WeatherLink)

Report for 2017
                            ANNUAL CLIMATOLOGICAL SUMMARY

NAME: Indian Trail Weather  CITY: Hessville   STATE: New York  
ELEV:  1041 ft  LAT:  42° 51' 52" N  LONG:  74° 43' 15" W

               TEMPERATURE (°F), HEAT BASE 65.0, COOL BASE 65.0
                          DEP.  HEAT  COOL                                          
        MEAN  MEAN        FROM  DEG   DEG                        MAX  MAX  MIN  MIN 
 YR MO  MAX   MIN   MEAN  NORM  DAYS  DAYS  HI  DATE  LOW  DATE  >=90 <=32 <=32 <=0 
------------------------------------------------------------------------------------
 17  1  33.5  21.4  28.0   7.5  1149     0  52.6  12   1.3    9    0   11   25    0
 17  2  38.9  22.8  31.0   7.7   954     1  71.2  24   6.3    9    0   11   22    0
 17  3  36.0  19.9  27.5  -3.9  1161     0  64.6   1   0.3   12    0   11   25    0
 17  4  58.5  40.4  49.1   4.8   492    16  79.7  16  29.2   14    0    0    3    0
 17  5  63.0  44.9  53.9  -1.4   373    28  87.1  18  32.8    4    0    0    0    0
 17  6  73.6  55.8  64.5   0.5   126   111  88.3  12  43.6    7    0    0    0    0
 17  7  77.6  60.5  68.2   0.3    39   139  83.3  17  51.4   30    0    0    0    0
 17  8  76.7  57.2  66.5   0.1    75   121  87.1  22  45.3   27    0    0    0    0
 17  9  74.0  53.9  63.2   4.0   153   100  87.9  27  38.5    2    0    0    0    0
 17 10  66.8  46.2  55.9   8.0   313    30  81.0   4  30.9   17    0    0    1    0
 17 11  46.1  28.5  37.2  -0.4   835     0  66.1   2  14.2   11    0    1   18    0
 17 12  29.3  17.0  23.5  -2.6  1287     0  52.7   5  -8.4   28    0   17   29    2
------------------------------------------------------------------------------------
        56.2  39.1  47.4   2.0  6956   546  88.3 JUN  -8.4  DEC    0   51  123    2

                                PRECIPITATION (in)

               DEP.   MAX        DAYS OF RAIN 
               FROM   OBS.          OVER
 YR MO  TOTAL  NORM   DAY  DATE .01   .1   1
---------------------------------------------
 17  1  2.31  -0.91  0.72   24   10    6    0
 17  2  2.93   0.01  1.72   25    8    4    1
 17  3  2.32  -1.79  0.89   31    9    7    0
 17  4  4.26   0.28  1.13    4   14    8    2
 17  5  5.34   1.02  0.80   29   18   12    0
 17  6  5.84   1.23  1.14    5   15    9    3
 17  7  3.45  -0.93  0.84   24   13    9    0
 17  8  2.36  -1.94  1.00    2    8    4    0
 17  9  2.04  -1.91  0.66    3    8    6    0
 17 10  5.36   1.27  2.01   29   11    5    2
 17 11  1.33  -2.54  0.31    6   13    6    0
 17 12  1.14  -2.20  0.32    5    6    4    0
---------------------------------------------
       38.68 -8.41  2.01  OCT  133   80    8

                                WIND SPEED (mph)
                          DOM
 YR MO   AVG.  HI   DATE  DIR
---------------------------------
 17  1   7.1  49.0   11   WSW
 17  2   7.6  40.0   25   WSW
 17  3   8.3  52.0    8   WNW
 17  4   7.3  38.0    7   WNW
 17  5   6.0  59.0    1     E
 17  6   5.4  37.0   27   WSW
 17  7   3.8  30.0    8   WSW
 17  8   4.0  45.0   22   WSW
 17  9   3.7  33.0    4   WSW
 17 10   5.7  42.0   30    SW
 17 11   6.4  47.0   19   WNW
 17 12   7.0  44.0   25   WSW
---------------------------------
         6.0  59.0  MAY  WSW