NOAA-Style Climate Report Archive

for Hessville, NY - Since March 2004

(Reports Generated by WeatherLink)

Report for 2016 December
                   MONTHLY CLIMATOLOGICAL SUMMARY for DEC. 2016

NAME: Indian Trail Weather   CITY: Hessville   STATE: New York 
ELEV:  1041 ft  LAT:  42° 51' 52" N  LONG:  74° 43' 15" W

                   TEMPERATURE (°F), RAIN  (in), WIND SPEED (mph)

                                      HEAT  COOL        AVG
    MEAN                              DEG   DEG         WIND                 DOM
DAY TEMP  HIGH   TIME   LOW    TIME   DAYS  DAYS  RAIN  SPEED HIGH   TIME    DIR
------------------------------------------------------------------------------------
 1  41.8  47.6   3:00a  37.4   9:00p  23.2   0.0  0.28  10.0  30.0   2:30a     W
 2  38.4  44.0  11:30a  33.2  11:30p  26.6   0.0  0.01  13.1  33.0  11:30a   WSW
 3  32.6  34.5  12:00p  30.9  12:00m  32.4   0.0  0.03  10.2  30.0   9:00a   WNW
 4  27.3  31.7   2:30p  22.5   7:30p  37.7   0.0  0.00   4.0  16.0  10:00a   WNW
 5  31.6  37.0   4:30p  24.7   3:30a  33.4   0.0  0.08   6.9  32.0   1:30p   WSW
 6  34.3  39.0  10:00a  29.6   7:30a  30.7   0.0  0.04   4.9  17.0  12:30a   ENE
 7  33.3  40.0   1:30p  26.7  11:30p  31.7   0.0  0.12   3.0  21.0   1:30p     E
 8  30.8  36.8  11:30a  26.5  12:00m  34.2   0.0  0.00  10.8  36.0   8:30p   WSW
 9  23.4  27.5   1:00a  14.7  12:00m  41.6   0.0  0.00   9.8  33.0  12:30a   WNW
10  18.7  25.6   2:00p  12.8   7:30a  46.3   0.0  0.00   4.6  13.0  12:00p   WSW
11  22.7  29.1   1:30p  14.5   1:30a  42.3   0.0  0.00   5.1  16.0   5:00a   ESE
12  31.5  37.8  11:30a  23.7   1:30a  33.5   0.0  0.45   9.5  34.0   4:30p   WSW
13  31.3  34.8   3:30p  28.7   7:00a  33.7   0.0  0.00   7.6  33.0  12:30a   WSW
14  24.4  31.4   1:30a  17.6   5:00p  40.6   0.0  0.00  10.0  33.0  12:00p     W
15  12.8  22.8  12:30a   0.2  12:00m  52.2   0.0  0.00  15.0  41.0   7:00a   WSW
16   3.8  10.0  11:30p  -3.9   7:30a  61.2   0.0  0.00   3.7  21.0  12:30a   ESE
17  18.5  28.4  12:00m   9.8  12:30a  46.5   0.0  0.40   1.1   6.0   4:30a   ESE
18  27.8  36.6  10:30a  13.9  12:00m  37.2   0.0  0.65   9.6  41.0  11:30a   WNW
19  11.2  23.9   3:00p   3.1  11:30p  53.8   0.0  0.00   3.1  20.0   1:00a   WSW
20  12.8  28.5   9:00p   2.2   3:30a  52.2   0.0  0.00   4.4  30.0  10:30p     E
21  28.3  34.1   3:00p  25.5   3:30a  36.7   0.0  0.00   8.4  27.0  12:30a   WSW
22  30.8  34.1   1:30p  26.1   6:30a  34.2   0.0  0.13   7.0  26.0   7:30p   WSW
23  34.2  37.9   2:00p  30.6   8:00a  30.8   0.0  0.00   6.9  22.0   2:00a    SW
24  37.5  41.6   6:00a  30.8   3:00a  27.5   0.0  0.01  11.0  33.0   7:30p     W
25  31.6  36.6  12:30a  18.7  12:00m  33.4   0.0  0.00   7.7  29.0   6:30a   WNW
26  26.1  44.8  12:00m  14.5   7:30a  38.9   0.0  0.08   7.9  44.0   9:00p   ESE
27  38.2  46.9   2:00a  30.7  11:00p  26.8   0.0  0.01  11.1  40.0   1:00a     W
28  28.7  30.9  12:30a  24.2  11:30p  36.4   0.0  0.00   7.3  25.0  10:30a     W
29  28.4  33.9   4:30p  23.5   3:30a  36.6   0.0  0.21   6.7  31.0  11:30p     W
30  26.5  31.7  12:30a  21.8  11:00p  38.5   0.0  0.04  12.3  39.0  12:30p     W
31  28.2  35.7   7:00p  10.9   5:00a  36.8   0.0  0.01   8.6  30.0   5:30p    SW
-------------------------------------------------------------------------------------
    27.3  47.6     1    -3.9    16  1167.6   0.0  2.55   7.8  44.0    26     WSW

Max >=  90.0:  0
Max <=  32.0: 12
Min <=  32.0: 29
Min <=   0.0:  1
Max Rain: 0.65 ON 12/18/16
Days of Rain: 12 (>.01 in) 7 (>.1 in) 0 (>1 in)
Heat Base:  65.0  Cool Base:  65.0  Method: Integration