NOAA-Style Climate Report Archive

for Hessville, NY - Since March 2004

(Reports Generated by WeatherLink)

Report for 2016 November
                   MONTHLY CLIMATOLOGICAL SUMMARY for NOV. 2016

NAME: Indian Trail Weather   CITY: Hessville   STATE: New York 
ELEV:  1041 ft  LAT:  42° 51' 52" N  LONG:  74° 43' 15" W

                   TEMPERATURE (°F), RAIN  (in), WIND SPEED (mph)

                                      HEAT  COOL        AVG
    MEAN                              DEG   DEG         WIND                 DOM
DAY TEMP  HIGH   TIME   LOW    TIME   DAYS  DAYS  RAIN  SPEED HIGH   TIME    DIR
------------------------------------------------------------------------------------
 1  38.6  51.4   4:00p  24.0   7:00a  26.4   0.0  0.00   2.8  12.0   3:00p   ESE
 2  51.6  60.0   4:30p  41.3   6:30a  13.4   0.0  0.00   1.7   8.0  11:30p   ENE
 3  52.3  57.7   2:00p  47.1  12:00m  12.7   0.0  0.41   5.4  25.0   3:00p   WNW
 4  42.4  47.3   2:30p  35.0   9:00p  22.6   0.0  0.00   8.1  22.0   2:00p   WNW
 5  47.1  54.2   2:30p  39.0   1:30a  17.9   0.0  0.00  10.3  26.0   4:00p   WSW
 6  41.7  51.7  12:30a  30.4  12:00m  23.3   0.0  0.00   7.2  26.0  12:30a   WNW
 7  39.6  55.7   4:00p  27.2   5:30a  25.4   0.0  0.00   2.9  12.0  11:00p   WSW
 8  49.2  65.0   2:30p  32.4   7:00a  15.8   0.0  0.00   4.5  13.0   8:00p   WSW
 9  44.1  51.4  12:30a  33.6  12:00m  20.9   0.0  0.02   6.2  23.0   4:00p   WNW
10  41.6  51.1   4:00p  29.4   6:30a  23.4   0.0  0.00   8.5  32.0  12:00m   WSW
11  40.7  49.7   5:30a  31.2  12:00m  24.3   0.0  0.05  12.1  34.0   9:00a    NW
12  34.1  41.5   2:00p  25.8   6:30a  30.9   0.0  0.00   7.9  24.0  10:00a   WNW
13  44.5  56.2   3:30p  35.9   6:30a  20.5   0.0  0.00   7.8  23.0  10:30a   WSW
14  45.3  59.6   3:00p  34.6   6:30a  19.7   0.0  0.00   5.2  17.0  10:00a   WSW
15  41.5  45.2   1:00p  36.9  12:30a  23.5   0.0  0.57   2.4  11.0  12:00m   ESE
16  45.4  51.8   2:30p  42.6  12:30a  19.6   0.0  0.01   7.3  20.0  12:30p     W
17  44.5  50.1   1:00p  36.9  12:00m  20.5   0.0  0.00   5.5  19.0   7:00a   WNW
18  41.5  55.4   2:30p  30.8   6:00a  23.5   0.0  0.00   2.5  10.0   2:30a     S
19  44.0  59.5   3:00p  34.1   6:30a  21.0   0.0  0.01   4.6  31.0   8:00p   ENE
20  29.9  34.7   1:00a  25.7  11:30p  35.1   0.0  0.35  14.2  37.0   7:30p     W
21  26.0  27.1  12:30p  24.8   7:30a  39.0   0.0  0.00  17.3  41.0   2:00a   WNW
22  27.6  29.2   2:30p  26.0   6:00a  37.4   0.0  0.00  13.0  36.0   2:30p   WNW
23  26.3  29.6   2:00p  23.7   7:30a  38.7   0.0  0.00   6.3  23.0   9:30a   WNW
24  29.9  33.5   8:30p  26.6   1:30a  35.1   0.0  0.07   3.3  13.0   9:30a     E
25  36.2  41.0   2:00p  32.4  12:30a  28.8   0.0  0.00   1.0  12.0   6:30p     E
26  36.6  38.8   1:30p  34.2   9:30p  28.4   0.0  0.00   4.4  16.0  11:00p   WNW
27  34.4  38.2   2:30p  30.3  11:30p  30.6   0.0  0.00   4.9  21.0   2:00p   WNW
28  34.3  42.9   2:00p  27.8   8:00a  30.7   0.0  0.00   3.1  11.0   2:30p   ENE
29  40.1  49.2   9:30p  31.0   2:00a  24.9   0.0  0.15   2.0  14.0  12:00m    SW
30  47.3  51.1   2:00p  42.8   7:00a  17.7   0.0  0.06   5.7  22.0  12:00m   ESE
-------------------------------------------------------------------------------------
    39.9  65.0     8    23.7    23   751.7   0.0  1.70   6.3  41.0    21     WNW

Max >=  90.0:  0
Max <=  32.0:  3
Min <=  32.0: 15
Min <=   0.0:  0
Max Rain: 0.57 ON 11/15/16
Days of Rain: 8 (>.01 in) 4 (>.1 in) 0 (>1 in)
Heat Base:  65.0  Cool Base:  65.0  Method: Integration