NOAA-Style Climate Report Archive

for Hessville, NY - Since March 2004

(Reports Generated by WeatherLink)

Report for 2016 October
                   MONTHLY CLIMATOLOGICAL SUMMARY for OCT. 2016

NAME: Indian Trail Weather   CITY: Hessville   STATE: New York 
ELEV:  1041 ft  LAT:  42° 51' 52" N  LONG:  74° 43' 15" W

                   TEMPERATURE (°F), RAIN  (in), WIND SPEED (mph)

                                      HEAT  COOL        AVG
    MEAN                              DEG   DEG         WIND                 DOM
DAY TEMP  HIGH   TIME   LOW    TIME   DAYS  DAYS  RAIN  SPEED HIGH   TIME    DIR
------------------------------------------------------------------------------------
 1  51.0  56.1   5:00p  46.3   5:00a  14.0   0.0  0.22   7.5  19.0   1:30a     E
 2  54.7  59.8   5:00p  51.1   3:30a  10.3   0.0  0.03   2.6  11.0  12:30a     E
 3  58.2  67.9   3:00p  51.1   7:30a   7.0   0.1  0.01   2.1  13.0   1:30p     N
 4  56.5  63.0   2:00p  48.0  12:00m   8.5   0.0  0.00   2.4  12.0   4:00p     E
 5  54.4  66.2   4:00p  43.1   7:30a  10.7   0.1  0.00   2.5  12.0   3:00p   WSW
 6  55.9  73.0   5:30p  42.2   6:00a  10.4   1.4  0.00   2.3   9.0   2:00p   WSW
 7  58.1  73.2   4:00p  43.0   7:00a   8.3   1.3  0.00   3.1  16.0  11:00p   ENE
 8  58.0  64.7   2:30p  50.8   6:30a   7.0   0.0  0.04   3.4  22.0   3:30p   WSW
 9  49.7  56.0   2:30p  43.5  12:00m  15.3   0.0  0.00   6.2  25.0   4:30p   WNW
10  43.2  53.0   5:00p  35.7   7:00a  21.8   0.0  0.00   6.2  22.0   1:30p   WNW
11  46.8  63.2   3:30p  31.9   7:30a  18.2   0.0  0.00   3.2  12.0  12:30a    SW
12  54.3  70.0   3:30p  41.1   7:30a  11.4   0.7  0.00   3.9  20.0  12:00p   SSW
13  49.6  56.1   1:30p  42.9   8:00a  15.4   0.0  0.10   5.2  26.0   5:00p   WNW
14  42.3  54.0   4:00p  34.5  11:30p  22.7   0.0  0.00   2.8  14.0   9:30a   WSW
15  44.0  60.6   3:30p  29.2   7:00a  21.0   0.0  0.00   3.1  13.0   3:00p   SSW
16  55.8  71.3   5:00p  41.7   3:00a  10.0   0.8  0.04   5.0  23.0  10:30p    SW
17  62.0  65.9   1:30p  59.2   6:30a   3.0   0.0  0.17   3.3  18.0   2:00a   WSW
18  70.3  80.9   3:00p  59.0   6:00a   1.4   6.7  0.01   9.5  34.0   8:00p    SW
19  59.8  67.0  12:30a  47.3  11:30p   5.2   0.0  0.03   6.5  20.0   7:00a   WNW
20  48.8  51.7   5:00p  43.8   3:00a  16.2   0.0  0.70   4.3  23.0   5:00p     E
21  55.8  69.5  11:30a  46.4  12:00m   9.4   0.2  0.08   5.2  22.0  12:00m     W
22  40.2  46.7  12:30a  36.3   1:30p  24.8   0.0  0.90  12.7  36.0   9:30p   WNW
23  44.3  52.1   2:30p  37.0   3:00a  20.7   0.0  0.04  13.4  39.0   1:00p     W
24  43.9  46.9  11:30a  40.7   7:30p  21.1   0.0  0.00  10.8  38.0   1:00p     W
25  38.3  42.2   4:00p  35.2  12:00m  26.7   0.0  0.00   8.7  28.0  12:30p   WNW
26  34.8  39.6   3:00p  29.6  11:30p  30.2   0.0  0.00   4.9  18.0   1:00p   WNW
27  31.0  32.4  11:30p  29.3   3:00a  34.0   0.0  0.48   3.5  18.0  12:30p   ESE
28  36.1  40.8   3:30p  32.3  12:30a  28.9   0.0  0.03   5.8  27.0   4:30p   WNW
29  41.6  61.1  11:00p  31.8   2:00a  23.4   0.0  0.00   3.9  25.0  12:00m   WSW
30  49.4  57.5  12:30a  37.2  12:00m  15.6   0.0  0.08   6.4  22.0  12:30a   WNW
31  35.5  42.7   4:00p  27.1  11:00p  29.5   0.0  0.00   5.4  20.0   2:30p   WNW
-------------------------------------------------------------------------------------
    49.2  80.9    18    27.1    31   502.1  11.3  2.96   5.3  39.0    23     WNW

Max >=  90.0:  0
Max <=  32.0:  0
Min <=  32.0:  6
Min <=   0.0:  0
Max Rain: 0.90 ON 10/22/16
Days of Rain: 14 (>.01 in) 5 (>.1 in) 0 (>1 in)
Heat Base:  65.0  Cool Base:  65.0  Method: Integration