NOAA-Style Climate Report Archive

for Hessville, NY - Since March 2004

(Reports Generated by WeatherLink)

Report for 2016 September
                   MONTHLY CLIMATOLOGICAL SUMMARY for SEP. 2016

NAME: Indian Trail Weather   CITY: Hessville   STATE: New York 
ELEV:  1041 ft  LAT:  42° 51' 52" N  LONG:  74° 43' 15" W

                   TEMPERATURE (°F), RAIN  (in), WIND SPEED (mph)

                                      HEAT  COOL        AVG
    MEAN                              DEG   DEG         WIND                 DOM
DAY TEMP  HIGH   TIME   LOW    TIME   DAYS  DAYS  RAIN  SPEED HIGH   TIME    DIR
------------------------------------------------------------------------------------
 1  67.1  74.9   3:00p  57.5  12:00m   0.8   3.0  0.00   4.4  20.0   1:30p   WNW
 2  63.5  73.8   4:30p  53.8   4:00a   3.9   2.4  0.00   4.1  17.0   4:30p   WNW
 3  59.9  73.6   4:30p  48.5   7:00a   6.8   1.7  0.00   2.4  11.0  11:00a   WSW
 4  62.7  76.2   3:30p  50.9   5:30a   5.2   2.9  0.00   2.6  11.0   1:00p   WSW
 5  67.6  82.2   3:30p  53.5   6:30a   3.1   5.7  0.00   2.5  12.0   5:30p   WSW
 6  69.1  81.3   4:30p  56.4   7:00a   1.5   5.6  0.00   2.7  12.0  12:30p   WSW
 7  70.3  82.0   3:00p  59.7   4:30a   1.0   6.4  0.00   2.7  13.0  11:30a   ENE
 8  73.2  89.3   3:00p  64.0   5:30a   0.1   8.2  0.20   4.4  27.0   5:00p    SW
 9  73.9  82.4   3:30p  64.4  12:00m   0.0   8.9  0.13   4.4  16.0   1:30p   WNW
10  71.6  84.1   5:00p  62.0   3:00a   0.5   7.1  0.01   4.4  24.0   9:00p   SSW
11  66.3  78.9  12:30a  54.7  11:00p   2.2   3.6  0.16   9.2  31.0   1:00a   WNW
12  60.3  72.9   4:30p  47.9   7:00a   6.6   1.9  0.00   3.2  16.0   1:00p   WSW
13  66.3  80.3   4:30p  50.6   7:00a   3.8   5.2  0.00   4.5  20.0   3:00p    SW
14  65.3  74.4  12:00p  53.5  12:00m   2.1   2.3  0.00   6.9  25.0  11:30a   WSW
15  55.4  69.7   6:00p  43.9   7:00a  10.1   0.5  0.00   2.6  12.0   1:30p   WNW
16  58.2  74.7   4:00p  40.9   7:00a   8.9   2.1  0.00   3.6  15.0  12:00p   SSW
17  65.5  75.9   4:00p  50.2   7:30a   3.3   3.8  0.00   7.3  30.0   9:00p   SSW
18  70.0  76.1   2:30p  65.3   7:30a   0.0   5.0  0.31   5.8  29.0   3:30a    SW
19  67.6  76.2   4:30p  60.9  12:00m   0.6   3.1  0.17   2.3  10.0  11:30a   NNW
20  68.0  81.5   4:00p  54.5   7:00a   2.5   5.5  0.04   3.9  13.0   5:00p   WSW
21  65.5  77.7   4:00p  55.1   7:30a   2.9   3.4  0.00   3.7  15.0   3:30p   WSW
22  65.9  82.3   3:30p  50.7   6:30a   4.0   4.9  0.00   3.8  18.0   3:00p    SW
23  64.9  74.7  12:00p  50.8  11:30p   3.1   2.9  0.00   6.1  22.0   6:30a   WSW
24  53.2  62.5   3:30p  43.3  12:00m  11.8   0.0  0.00   3.6  18.0   5:30p   WNW
25  50.1  62.3   4:30p  40.2   6:00a  14.9   0.0  0.00   4.6  18.0   1:30p   WSW
26  52.6  68.0   4:00p  34.4   7:00a  12.6   0.2  0.00   4.1  24.0  10:30p   SSW
27  59.5  69.9   3:30p  50.5  10:00p   6.2   0.7  0.17   4.6  25.0   1:30a    SW
28  54.4  66.1   4:00p  43.9   7:00a  10.6   0.0  0.00   5.8  22.0  12:00m   ESE
29  54.3  61.0   3:30p  48.9   3:00a  10.7   0.0  0.00   7.6  24.0  10:30a     E
30  51.0  55.2  11:30a  47.7   7:00a  14.0   0.0  0.46   5.8  22.0  11:30a     E
-------------------------------------------------------------------------------------
    63.1  89.3     8    34.4    26   153.8  97.0  1.65   4.5  31.0    11     WSW

Max >=  90.0:  0
Max <=  32.0:  0
Min <=  32.0:  0
Min <=   0.0:  0
Max Rain: 0.46 ON 09/30/16
Days of Rain: 8 (>.01 in) 7 (>.1 in) 0 (>1 in)
Heat Base:  65.0  Cool Base:  65.0  Method: Integration