NOAA-Style Climate Report Archive

for Hessville, NY - Since March 2004

(Reports Generated by WeatherLink)

Report for 2016 August
                   MONTHLY CLIMATOLOGICAL SUMMARY for AUG. 2016

NAME: Indian Trail Weather   CITY: Hessville   STATE: New York 
ELEV:  1041 ft  LAT:  42° 51' 52" N  LONG:  74° 43' 15" W

                   TEMPERATURE (°F), RAIN  (in), WIND SPEED (mph)

                                      HEAT  COOL        AVG
    MEAN                              DEG   DEG         WIND                 DOM
DAY TEMP  HIGH   TIME   LOW    TIME   DAYS  DAYS  RAIN  SPEED HIGH   TIME    DIR
------------------------------------------------------------------------------------
 1  66.5  70.8   6:30p  64.4   5:00a   0.1   1.7  0.06   4.0  12.0  12:00p   ENE
 2  66.0  72.6   4:30p  59.5  12:00m   1.3   2.3  0.15   3.8  18.0   2:00a     E
 3  67.2  79.3   2:30p  54.0   6:00a   2.8   5.0  0.00   3.0  15.0   2:00p   WSW
 4  72.2  83.7   4:30p  60.2   6:30a   0.4   7.6  0.00   3.9  18.0   2:00a    SW
 5  74.1  83.9   3:30p  64.7   6:30a   0.0   9.1  0.01   7.1  27.0  12:00m    SW
 6  73.6  79.5   1:30p  66.2  12:00m   0.0   8.6  0.12   7.9  26.0   6:00p   WSW
 7  70.0  79.7   4:00p  61.7   6:30a   0.4   5.3  0.00   5.0  19.0   3:00p   WNW
 8  68.6  80.1   6:00p  57.9   6:00a   1.7   5.3  0.00   3.3  13.0  12:30a   WSW
 9  70.0  83.1   4:00p  56.3   7:00a   1.9   7.0  0.00   3.7  16.0   3:30p   SSW
10  73.4  82.7   4:00p  64.9   6:00a   0.0   8.4  0.77   3.5  19.0   3:30p    SW
11  79.1  88.9   4:30p  70.0   6:00a   0.0  14.1  0.00   4.1  24.0  11:30p   WSW
12  76.0  87.1   2:30p  72.0   5:30p   0.0  11.0  0.51   9.3  36.0   3:00p   WSW
13  77.8  90.0   4:00p  69.9  10:00p   0.0  12.8  1.02   5.2  43.0   6:30p    SW
14  74.4  81.6  12:30p  67.8  12:00m   0.0   9.4  0.17   6.2  20.0  12:30p   WSW
15  69.8  76.8   4:30p  64.6  12:00m   0.0   4.8  0.00   3.4  14.0  10:30a   WSW
16  71.8  82.6   5:00p  62.7   2:00a   0.3   7.1  0.03   5.5  34.0   9:00p   SSW
17  68.5  76.0   5:30p  62.8   7:30a   0.4   4.0  0.01   6.1  32.0   3:00a   WNW
18  69.2  80.4   3:00p  60.4   5:30a   1.0   5.2  0.02   3.9  17.0   8:00a   WSW
19  70.8  82.5   5:30p  61.1  12:00m   0.6   6.3  0.00   2.8  14.0   2:00a   WSW
20  71.1  85.0   3:00p  57.7   6:30a   1.7   7.7  0.00   2.9  13.0   3:30p   SSW
21  69.0  79.8  11:00a  62.3   6:00a   0.4   4.4  0.29   4.4  28.0  12:00p   SSW
22  61.0  68.3   4:30p  54.9  12:00m   4.3   0.3  0.00   6.3  23.0  11:00a   WNW
23  63.4  75.7   4:00p  48.9   5:30a   4.7   3.1  0.00   3.5  17.0   1:00p   WSW
24  70.1  82.7   5:00p  56.5   5:00a   1.8   6.9  0.00   3.9  15.0   2:00p   SSW
25  72.5  78.8   6:30p  67.4   7:00a   0.0   7.5  0.01   5.8  24.0   1:30a    SW
26  73.0  80.6   2:30p  65.1  12:00m   0.0   8.0  0.22   4.9  19.0   2:30a   WNW
27  71.0  82.0   4:00p  62.5   5:30a   0.3   6.3  0.00   3.0  14.0  11:30a   WSW
28  72.7  85.2   4:00p  59.9   7:00a   0.9   8.6  0.00   5.2  22.0  11:30a   SSW
29  70.8  77.9   4:30p  60.6  12:00m   0.4   6.2  0.00   4.8  19.0  12:00p   WNW
30  65.4  77.4   3:30p  52.3   6:30a   3.5   3.9  0.00   3.1  14.0   4:30p   WSW
31  67.2  74.2   4:30p  61.9   2:30a   0.6   2.8  0.00   3.7  15.0   5:30a    SW
-------------------------------------------------------------------------------------
    70.5  90.0    13    48.9    23    29.5 200.7  3.39   4.6  43.0    13     WSW

Max >=  90.0:  1
Max <=  32.0:  0
Min <=  32.0:  0
Min <=   0.0:  0
Max Rain: 1.02 ON 08/13/16
Days of Rain: 11 (>.01 in) 8 (>.1 in) 1 (>1 in)
Heat Base:  65.0  Cool Base:  65.0  Method: Integration