NOAA-Style Climate Report Archive

for Hessville, NY - Since March 2004

(Reports Generated by WeatherLink)

Report for 2016 July
                   MONTHLY CLIMATOLOGICAL SUMMARY for JUL. 2016

NAME: Indian Trail Weather   CITY: Hessville   STATE: New York 
ELEV:  1041 ft  LAT:  42° 51' 52" N  LONG:  74° 43' 15" W

                   TEMPERATURE (°F), RAIN  (in), WIND SPEED (mph)

                                      HEAT  COOL        AVG
    MEAN                              DEG   DEG         WIND                 DOM
DAY TEMP  HIGH   TIME   LOW    TIME   DAYS  DAYS  RAIN  SPEED HIGH   TIME    DIR
------------------------------------------------------------------------------------
 1  65.6  79.3   1:30p  52.8   6:00a   2.8   3.5  0.45   4.1  31.0   4:00p     S
 2  62.9  70.2   6:00p  57.2   7:00a   3.2   1.1  0.00   7.9  33.0   1:30p   WNW
 3  66.7  76.8   5:00p  56.8   5:30a   2.3   4.1  0.00   6.2  18.0   3:30p   WSW
 4  70.4  82.7   5:00p  56.7   6:00a   1.4   6.8  0.00   4.9  14.0   3:30a   WSW
 5  73.8  84.1   4:00p  65.5   6:30a   0.0   8.8  0.00   3.5  18.0   5:30p   WNW
 6  75.6  86.5   3:30p  66.1   6:00a   0.0  10.6  0.00   4.5  18.0  12:30p   WSW
 7  74.3  84.2   5:30p  64.6   6:00a   0.0   9.3  0.01   3.1  15.0   5:30p   WSW
 8  70.5  76.5  12:30p  63.1   6:30a   0.1   5.7  0.38   3.8  14.0   9:30a   ENE
 9  65.2  71.4   2:00p  61.6  11:00p   0.6   0.8  1.00   3.3  15.0   2:00p   ENE
10  64.1  70.5  12:30p  60.1  12:00m   1.8   0.8  0.03   5.8  21.0   3:30p   WNW
11  65.7  77.4   6:30p  56.2   3:30a   2.8   3.5  0.00   3.0  12.0   2:30p   WSW
12  69.2  82.7   4:30p  52.6   5:00a   2.9   7.1  0.00   3.4  13.0   1:30p   ENE
13  77.4  87.6   3:00p  67.9   5:30a   0.0  12.4  0.02   5.8  22.0   9:00p   SSW
14  75.7  85.6   2:00p  70.0   3:30p   0.0  10.7  0.31   6.1  29.0   3:00p   SSW
15  73.1  83.4   4:00p  63.4  12:00m   0.0   8.2  0.05   5.3  28.0   5:00p   WSW
16  68.6  78.3   4:00p  60.0   6:00a   0.9   4.5  0.00   3.7  15.0   8:30a   WSW
17  69.6  79.3   4:00p  61.8   6:30a   0.6   5.2  0.07   2.6  12.0   2:00p   NNW
18  73.0  81.7   3:30p  61.9  12:30a   0.2   8.1  0.23   7.4  31.0   2:30p   WSW
19  65.7  74.8   3:30p  56.4  12:00m   1.8   2.5  0.00   5.4  19.0   3:30p   WSW
20  66.1  76.3   4:30p  54.8   5:30a   2.9   4.0  0.00   4.3  17.0   1:30p   WSW
21  71.2  84.0   5:00p  55.8   4:30a   1.8   7.9  0.00   4.1  21.0  11:30p   WSW
22  77.5  87.4   2:30p  70.9   2:00a   0.0  12.5  0.11   8.7  27.0   4:30p   WSW
23  74.1  83.8   4:30p  61.7  12:00m   0.2   9.3  0.00   5.9  32.0   7:00p   WSW
24  72.1  84.3   5:30p  61.1   6:00a   0.5   7.6  0.00   3.7  17.0  11:30a   WSW
25  71.8  84.3  11:30a  61.0   6:00a   0.3   7.1  0.09   3.6  17.0  12:30p   WSW
26  72.3  80.3   4:00p  66.0  12:00m   0.0   7.3  0.08   6.5  22.0   2:30p   WNW
27  73.5  85.3   5:00p  63.1   4:30a   0.2   8.7  0.00   4.4  17.0   5:00p   WSW
28  75.2  85.1   3:30p  64.9   6:00a   0.0  10.2  0.00   3.1  14.0  11:30a   WSW
29  73.7  83.6   4:30p  62.7  12:00m   0.1   8.7  0.00   3.1  18.0   2:00p   NNW
30  67.1  73.9   4:30p  57.6   5:30a   1.2   3.3  0.00   1.6  10.0  10:30a     E
31  63.3  66.4  12:30a  60.1   6:30a   1.8   0.0  1.96   4.5  16.0   6:00p     E
-------------------------------------------------------------------------------------
    70.5  87.6    13    52.6    12    30.4 200.3  4.79   4.6  33.0     2     WSW

Max >=  90.0:  0
Max <=  32.0:  0
Min <=  32.0:  0
Min <=   0.0:  0
Max Rain: 1.96 ON 07/31/16
Days of Rain: 13 (>.01 in) 7 (>.1 in) 1 (>1 in)
Heat Base:  65.0  Cool Base:  65.0  Method: Integration