NOAA-Style Climate Report Archive

for Hessville, NY - Since March 2004

(Reports Generated by WeatherLink)

Report for 2016 June
                   MONTHLY CLIMATOLOGICAL SUMMARY for JUN. 2016

NAME: Indian Trail Weather   CITY: Hessville   STATE: New York 
ELEV:  1041 ft  LAT:  42° 51' 52" N  LONG:  74° 43' 15" W

                   TEMPERATURE (°F), RAIN  (in), WIND SPEED (mph)

                                      HEAT  COOL        AVG
    MEAN                              DEG   DEG         WIND                 DOM
DAY TEMP  HIGH   TIME   LOW    TIME   DAYS  DAYS  RAIN  SPEED HIGH   TIME    DIR
------------------------------------------------------------------------------------
 1  65.7  77.3   5:00p  48.3   5:00a   3.4   4.1  0.00   3.5  11.0  12:30a   ENE
 2  69.5  80.6   2:30p  59.5   6:00a   0.8   5.3  0.00   4.0  21.0   2:00p   ESE
 3  69.8  79.3   5:30p  61.4  11:00p   0.4   5.2  0.00   3.2  16.0   5:00p   WSW
 4  68.8  80.2   4:30p  53.6   6:00a   1.9   5.7  0.00   2.5  14.0   1:30p     N
 5  64.4  71.7   1:00p  60.3   6:00a   1.8   1.2  1.18   3.5  22.0   5:00p   ESE
 6  66.1  76.0   3:30p  57.4  11:30p   2.2   3.3  0.01   7.4  26.0   3:30p   WSW
 7  61.8  71.3   1:30p  54.5  11:30p   3.7   0.5  0.07   5.1  23.0   2:00p   WNW
 8  52.5  57.3   2:00p  46.8  10:00p  12.5   0.0  0.00   7.6  33.0   6:30p   WNW
 9  52.5  58.1   4:00p  46.4   8:00a  12.5   0.0  0.00   9.1  33.0   1:00p   WNW
10  56.0  66.6   4:30p  45.4   5:30a   9.1   0.1  0.00   6.8  27.0   2:00p   WNW
11  53.9  69.3  10:00p  41.8   5:30a  11.7   0.6  0.45   3.3  17.0  10:00p   WSW
12  58.0  70.8   3:30a  49.5  12:00m   7.8   0.8  0.00   9.8  31.0  11:30a   WNW
13  52.2  57.4   6:00p  48.6   6:30a  12.8   0.0  0.00   7.3  26.0  11:30a   WNW
14  58.1  70.4   5:00p  44.7   5:30a   7.8   0.9  0.00   5.7  22.0   2:30p   WNW
15  65.7  79.2   5:00p  51.7   4:00a   3.7   4.3  0.41   4.1  15.0   1:00p   WSW
16  68.2  79.6   4:00p  56.6   4:30a   2.0   5.1  0.00   3.3  14.0   4:00p    SW
17  66.6  78.5   6:00p  50.7   5:00a   3.0   4.5  0.00   2.8  16.0  12:30p     E
18  69.0  83.5   5:00p  52.6   6:00a   2.5   6.5  0.00   3.0  25.0   3:30p   NNW
19  72.5  86.3   5:00p  56.0   5:30a   1.4   8.9  0.00   3.5  13.0  10:00a   WSW
20  75.7  86.3   5:00p  61.0   6:30a   0.2  10.9  0.00   6.4  25.0  11:00p    SW
21  66.9  75.8   1:00a  55.8  12:00m   1.3   3.1  0.10   7.3  28.0   2:00p   WNW
22  60.3  70.8   4:30p  49.7   3:30a   6.0   1.3  0.00   5.4  28.0   2:00p   WNW
23  63.1  77.2   2:30p  47.4   5:00a   5.4   3.5  0.00   3.3  20.0   3:30p   WNW
24  65.5  79.1   5:30p  49.0   4:00a   4.3   4.8  0.00   2.6  12.0   2:00p   WSW
25  68.5  83.4   4:00p  52.6   5:30a   3.0   6.6  0.00   2.6  13.0   3:30p    SW
26  74.0  86.6   5:00p  58.9   6:00a   0.7   9.7  0.00   4.5  18.0  12:00p   SSW
27  70.9  75.7   9:30a  66.0  12:30p   0.0   5.9  0.14   7.9  30.0   3:30p    SW
28  68.7  83.6   2:00p  60.7  10:00p   0.7   4.4  0.06   3.4  20.0   4:00p   WSW
29  66.4  74.4   4:30p  60.2  12:00m   1.3   2.7  0.00   3.7  18.0   1:00p   WNW
30  67.7  79.7   4:30p  55.6   6:00a   2.3   5.0  0.00   3.5  17.0   3:00p   WSW
-------------------------------------------------------------------------------------
    64.6  86.6    26    41.8    11   126.2 114.9  2.42   4.9  33.0     8     WSW

Max >=  90.0:  0
Max <=  32.0:  0
Min <=  32.0:  0
Min <=   0.0:  0
Max Rain: 1.18 ON 06/05/16
Days of Rain: 7 (>.01 in) 4 (>.1 in) 1 (>1 in)
Heat Base:  65.0  Cool Base:  65.0  Method: Integration