NOAA-Style Climate Report Archive

for Hessville, NY - Since March 2004

(Reports Generated by WeatherLink)

Report for 2016 May
                   MONTHLY CLIMATOLOGICAL SUMMARY for MAY. 2016

NAME: Indian Trail Weather   CITY: Hessville   STATE: New York 
ELEV:  1041 ft  LAT:  42° 51' 52" N  LONG:  74° 43' 15" W

                   TEMPERATURE (°F), RAIN  (in), WIND SPEED (mph)

                                      HEAT  COOL        AVG
    MEAN                              DEG   DEG         WIND                 DOM
DAY TEMP  HIGH   TIME   LOW    TIME   DAYS  DAYS  RAIN  SPEED HIGH   TIME    DIR
------------------------------------------------------------------------------------
 1  44.4  48.9  12:30a  41.6  12:00m  20.6   0.0  0.21   4.9  18.0  12:00p     E
 2  44.5  51.8   5:00p  40.4   6:00a  20.5   0.0  0.41   4.2  19.0   7:00p   ENE
 3  46.2  48.9   3:30p  40.1   6:30a  18.8   0.0  0.00   3.6  14.0   1:00p   ESE
 4  46.8  49.8  11:30a  44.3  12:00m  18.2   0.0  0.12   5.6  18.0   5:30p     E
 5  48.6  54.7   4:30p  43.3   6:00a  16.4   0.0  0.01   4.5  19.0   1:30p   ENE
 6  50.7  55.2  12:00p  43.3   5:30a  14.3   0.0  0.27   2.6  13.0  11:30a   ENE
 7  54.8  64.0   3:00p  45.8   6:30a  10.2   0.0  0.00   5.3  19.0   2:30p     E
 8  48.8  54.0  12:30a  41.9  11:30p  16.2   0.0  0.14  11.5  37.0   5:30p     W
 9  46.2  55.0   3:00p  37.4  12:00m  18.8   0.0  0.00   9.0  30.0   3:30p   WNW
10  49.9  63.1   6:00p  34.0   4:30a  15.1   0.0  0.00   5.8  17.0   1:00p   WSW
11  58.9  75.8   6:00p  40.8   6:00a   8.3   2.2  0.00   3.9  14.0   1:00a   WSW
12  64.3  77.7   4:30p  48.9   6:00a   4.3   3.6  0.00   4.5  26.0  12:00m   ENE
13  58.2  67.5  12:30a  52.7  11:00a   6.9   0.0  0.41   4.5  31.0   1:30a     E
14  55.5  68.5   3:30p  42.9  12:00m   9.8   0.3  0.09   7.7  31.0   7:30p   SSW
15  40.7  45.2   1:00p  35.3  11:00p  24.3   0.0  0.01  12.5  34.0   8:00a     W
16  43.3  53.3   3:30p  35.2  12:30a  21.7   0.0  0.00  11.4  36.0  12:00p     W
17  52.0  60.8   2:30p  42.2   6:30a  13.0   0.0  0.00   7.0  22.0   3:30a   WSW
18  51.1  63.2   2:30p  37.2   5:30a  13.9   0.0  0.00   3.6  17.0   3:00p   WSW
19  54.1  64.3   3:00p  41.6   6:00a  10.9   0.0  0.00   5.3  19.0   4:30p   WSW
20  57.9  70.7   4:30p  45.1   2:00a   8.3   1.2  0.00   4.8  18.0   1:00p   WSW
21  55.7  66.3   3:00p  45.6   6:00a   9.4   0.1  0.00   2.9  15.0   6:30p   SSW
22  58.4  71.9   5:00p  51.3   1:30a   7.3   0.7  0.18   5.0  20.0   7:30p    NW
23  64.6  77.3   3:00p  51.1   5:00a   4.2   3.8  0.00   4.1  15.0   5:30p   WSW
24  63.8  75.3   4:30p  53.7   6:00a   3.5   2.4  0.00   4.6  19.0   4:30p   WSW
25  68.8  81.5   2:00p  55.2  12:30a   2.1   5.9  0.00   5.9  25.0   3:00p   WSW
26  70.2  81.1   2:30p  57.9   7:00a   1.2   6.3  0.00   2.7  10.0  12:30p    SW
27  73.4  86.0   4:00p  65.1   2:00a   0.0   8.4  0.80   3.8  37.0   7:30p   WSW
28  75.8  88.5   4:00p  63.1   5:30a   0.0  10.8  0.00   3.3  15.0  12:30p   WSW
29  72.2  87.5   1:00p  64.7   3:30a   0.0   7.2  0.14   3.8  27.0   6:00p   SSW
30  71.6  81.5   3:30p  64.9   3:30a   0.0   6.6  0.05   4.5  22.0   9:00a   WSW
31  67.9  77.7   4:30p  58.5  11:00p   1.5   4.3  0.00   6.1  23.0   4:00p   WSW
-------------------------------------------------------------------------------------
    56.8  88.5    28    34.0    10   319.7  63.8  2.84   5.4  37.0     8     WSW

Max >=  90.0:  0
Max <=  32.0:  0
Min <=  32.0:  0
Min <=   0.0:  0
Max Rain: 0.80 ON 05/27/16
Days of Rain: 11 (>.01 in) 9 (>.1 in) 0 (>1 in)
Heat Base:  65.0  Cool Base:  65.0  Method: Integration