NOAA-Style Climate Report Archive

for Hessville, NY - Since March 2004

(Reports Generated by WeatherLink)

Report for 2016 April
                   MONTHLY CLIMATOLOGICAL SUMMARY for APR. 2016

NAME: Indian Trail Weather   CITY: Hessville   STATE: New York 
ELEV:  1041 ft  LAT:  42° 51' 52" N  LONG:  74° 43' 15" W

                   TEMPERATURE (°F), RAIN  (in), WIND SPEED (mph)

                                      HEAT  COOL        AVG
    MEAN                              DEG   DEG         WIND                 DOM
DAY TEMP  HIGH   TIME   LOW    TIME   DAYS  DAYS  RAIN  SPEED HIGH   TIME    DIR
------------------------------------------------------------------------------------
 1  56.7  65.1   9:00a  40.9  11:00p   8.3   0.0  0.20  12.1  36.0   1:00a   SSW
 2  39.4  49.9  12:30p  30.0  11:00p  25.6   0.0  0.03   6.4  31.0   1:30p     W
 3  24.2  31.6   1:00a  19.5   1:00p  40.8   0.0  0.05  11.0  39.0   3:30p     W
 4  20.6  24.2   6:00p  17.9  10:00a  44.4   0.0  0.17   5.3  19.0   9:30a     E
 5  21.6  30.0   4:00p  12.9   7:00a  43.4   0.0  0.00   6.9  22.0   6:30p     N
 6  28.8  42.3  12:00m  14.0   5:00a  36.2   0.0  0.00   4.8  19.0   2:30p     E
 7  42.8  49.7  10:30a  34.9   1:30a  22.2   0.0  0.87   4.3  23.0   8:30a    SE
 8  32.5  38.3  12:30a  28.8  11:30p  32.5   0.0  0.13   9.0  29.0   2:30p   WSW
 9  31.2  40.2   3:30p  22.9   7:00a  33.8   0.0  0.00   7.2  25.0   6:00p   WNW
10  31.4  42.0   5:30p  20.2   6:30a  33.6   0.0  0.00   6.0  23.0   1:00p     W
11  42.8  48.8  10:00p  35.6   8:30a  22.2   0.0  0.09   4.8  28.0   1:00p   SSW
12  39.4  47.1  12:30a  33.2  12:00m  25.6   0.0  0.19   8.4  27.0   5:30a     W
13  38.6  49.5   4:00p  27.0   6:30a  26.4   0.0  0.00   5.1  17.0  11:00a    NW
14  41.7  54.6   5:30p  29.1   3:30a  23.3   0.0  0.00   3.5  15.0  10:30a   SSW
15  47.9  61.1   6:00p  35.3   6:30a  17.1   0.0  0.00   3.2  14.0   9:30a     E
16  52.1  64.1   6:00p  40.5   7:00a  12.9   0.0  0.00   3.5  18.0   2:00p    SE
17  56.8  74.2   4:00p  37.5   6:30a   9.9   1.8  0.00   4.3  19.0   7:00p   WSW
18  60.0  72.7   2:30p  45.6   4:00a   6.8   1.8  0.00   1.5  14.0   1:30a    SW
19  51.4  60.2   2:30a  42.6  12:00m  13.6   0.0  0.00   0.0   0.0     ---   ---
20  49.6  64.2   5:00p  37.0   7:00a  15.4   0.0  0.00   0.0   0.0     ---   ---
21  56.8  76.0   4:30p  34.7   6:30a  10.6   2.4  0.00   0.0   0.0     ---   ---
22  60.2  67.2   3:00p  52.0   7:00a   5.0   0.2  0.05   0.0   0.0     ---   ---
23  49.6  58.4  12:30a  40.3  12:00m  15.4   0.0  0.00   0.0   0.0     ---   ---
24  44.2  55.2   4:00p  30.8   4:00a  20.8   0.0  0.00   0.0   0.0     ---   ---
25  45.9  53.1   3:00p  41.0   5:00a  19.1   0.0  0.00   0.0   0.0     ---   ---
26  38.7  44.5  12:30a  35.5   9:00a  26.3   0.0  0.57   0.0   1.0  12:00p     N
27  40.9  52.6   4:30p  31.1   6:00a  24.1   0.0  0.00   0.0   0.0     ---   ---
28  45.0  57.4   4:00p  31.9   6:30a  20.0   0.0  0.00   0.0   0.0     ---   ---
29  44.4  52.8   4:30p  35.1   4:00a  20.6   0.0  0.02   1.2  11.0   5:00p    SW
30  50.6  60.2   5:30p  42.8   4:30a  14.4   0.0  0.00   3.7  15.0   5:00a   SSW
-------------------------------------------------------------------------------------
    42.9  76.0    21    12.9     5   670.3   6.2  2.37   3.7  39.0     3       W

Max >=  90.0:  0
Max <=  32.0:  3
Min <=  32.0: 13
Min <=   0.0:  0
Max Rain: 0.87 ON 04/07/16
Days of Rain: 11 (>.01 in) 6 (>.1 in) 0 (>1 in)
Heat Base:  65.0  Cool Base:  65.0  Method: Integration