NOAA-Style Climate Report Archive

for Hessville, NY - Since March 2004

(Reports Generated by WeatherLink)

Report for 2016 March
                   MONTHLY CLIMATOLOGICAL SUMMARY for MAR. 2016

NAME: Indian Trail Weather   CITY: Hessville   STATE: New York 
ELEV:  1041 ft  LAT:  42° 51' 52" N  LONG:  74° 43' 15" W

                   TEMPERATURE (°F), RAIN  (in), WIND SPEED (mph)

                                      HEAT  COOL        AVG
    MEAN                              DEG   DEG         WIND                 DOM
DAY TEMP  HIGH   TIME   LOW    TIME   DAYS  DAYS  RAIN  SPEED HIGH   TIME    DIR
------------------------------------------------------------------------------------
 1  24.3  30.2  12:00m  15.7   7:00a  40.7   0.0  0.00   7.8  40.0  12:30a     W
 2  24.7  49.2   4:30a  16.8  11:30p  40.3   0.0  0.05  12.1  41.0  11:30a     W
 3  16.4  21.7   4:30p   8.5   8:00a  48.6   0.0  0.00   5.6  19.0   2:00a     W
 4  24.0  33.7   3:30p  15.7   7:00a  41.0   0.0  0.00   4.3  15.0   3:00p    NE
 5  23.2  30.6   3:30p  12.5   6:30a  41.8   0.0  0.00   2.1  10.0   1:00a   NNE
 6  28.9  38.8   3:30p  20.9   6:30a  36.1   0.0  0.00   3.2  14.0  12:00p   NNE
 7  41.4  52.0  12:30p  26.5  12:30a  23.6   0.0  0.00   7.8  32.0  11:00a    SW
 8  46.0  58.0   3:30p  35.1   4:30a  19.0   0.0  0.00   1.7  11.0  12:00p   ESE
 9  62.0  74.0   3:30p  40.2   2:00a   5.2   2.2  0.00   9.3  27.0   1:00p    SW
10  56.2  60.1  12:30p  51.6  10:00p   8.8   0.0  0.18   7.5  23.0   5:00p    SW
11  39.6  52.3  12:30a  29.1  12:00m  25.4   0.0  0.02   9.3  27.0   2:30p     W
12  43.2  60.5   2:30p  24.8   6:30a  21.8   0.0  0.00   5.9  28.0  12:00p    SW
13  47.1  54.6   3:30p  39.1   6:30a  17.2   0.0  0.00   6.4  25.0   3:00a   ESE
14  38.0  42.9  12:30a  35.5   9:00p  27.0   0.0  0.26   9.0  27.0   4:30p     E
15  42.6  50.2   5:30p  35.3   5:30a  22.4   0.0  0.00   5.2  16.0  12:30a   ENE
16  49.1  60.4   4:30p  42.7  12:00m  15.9   0.0  0.23   5.4  27.0  10:00p     E
17  46.2  56.2   4:30p  38.1  11:00p  18.8   0.0  0.01   9.6  33.0   8:00p    SW
18  35.6  41.0   1:30p  29.6  12:00m  29.4   0.0  0.18  10.1  30.0  10:00a   WSW
19  27.6  35.9   5:30p  21.1   6:30a  37.4   0.0  0.00   6.6  22.0  11:30a     W
20  27.8  36.4   5:00p  17.4   5:30a  37.2   0.0  0.00   4.7  16.0   9:30a   ENE
21  31.5  38.7   1:30p  25.7   6:30a  33.5   0.0  0.00   9.1  34.0   3:30p     W
22  36.9  46.9   4:30p  23.7   7:30a  28.1   0.0  0.00   8.1  25.0   4:00p   WSW
23  44.9  52.4  12:00p  32.4  12:00m  20.1   0.0  0.02   6.9  27.0   7:00a    SW
24  40.8  58.8   5:00p  29.5   6:30a  24.2   0.0  0.00  10.0  25.0   4:00p     E
25  39.1  54.0  11:00a  30.1  10:00p  25.9   0.0  0.06   6.8  33.0  12:30p   WNW
26  36.7  48.1   5:00p  28.3   6:00a  28.3   0.0  0.00   4.4  16.0   3:30a   ENE
27  43.8  59.4   4:00p  28.0   5:30a  21.2   0.0  0.00   3.3  17.0   2:30p   ENE
28  41.7  53.4   4:30p  35.5  11:00p  23.3   0.0  0.32   9.1  43.0   7:00p     E
29  33.9  39.0   3:00p  29.8  10:00a  31.1   0.0  0.00  15.1  43.0   1:30a     W
30  44.2  60.6   4:30p  26.9   6:00a  20.8   0.0  0.00   6.7  29.0   9:30p     S
31  58.7  69.4   5:00p  51.0   6:00a   6.6   0.4  0.00  11.9  41.0  12:00m     S
-------------------------------------------------------------------------------------
    38.6  74.0     9     8.5     3   820.7   2.6  1.33   7.3  43.0    28       W

Max >=  90.0:  0
Max <=  32.0:  3
Min <=  32.0: 20
Min <=   0.0:  0
Max Rain: 0.32 ON 03/28/16
Days of Rain: 9 (>.01 in) 5 (>.1 in) 0 (>1 in)
Heat Base:  65.0  Cool Base:  65.0  Method: Integration