NOAA-Style Climate Report Archive

for Hessville, NY - Since March 2004

(Reports Generated by WeatherLink)

Report for 2016 February
                   MONTHLY CLIMATOLOGICAL SUMMARY for FEB. 2016

NAME: Indian Trail Weather   CITY: Hessville   STATE: New York 
ELEV:  1041 ft  LAT:  42° 51' 52" N  LONG:  74° 43' 15" W

                   TEMPERATURE (°F), RAIN  (in), WIND SPEED (mph)

                                      HEAT  COOL        AVG
    MEAN                              DEG   DEG         WIND                 DOM
DAY TEMP  HIGH   TIME   LOW    TIME   DAYS  DAYS  RAIN  SPEED HIGH   TIME    DIR
------------------------------------------------------------------------------------
 1  42.6  53.6   4:30a  32.0   9:00p  22.4   0.0  0.00  12.1  38.0   5:00a     W
 2  34.2  41.0   2:30p  29.0  12:00m  30.8   0.0  0.00   4.3  16.0  12:00p   WSW
 3  37.0  50.5  12:00m  28.7   1:00a  28.0   0.0  0.72   2.8  18.0   3:30p     E
 4  38.0  50.9  12:30a  31.1  12:00m  27.0   0.0  0.03   6.8  28.0  10:30a     W
 5  28.6  32.9   3:00p  23.0  10:30p  36.4   0.0  0.00   8.0  30.0   1:30p   WNW
 6  30.3  38.5   1:30p  22.7   7:00a  34.7   0.0  0.00   7.3  26.0  12:00p    SW
 7  33.3  40.5   2:30p  27.1   7:00a  31.7   0.0  0.00   4.7  14.0   5:00a    SW
 8  27.3  33.4   1:00p  21.6  10:30p  37.7   0.0  0.01   6.3  20.0   6:30p     E
 9  23.3  26.6  12:00m  20.0   7:30a  41.7   0.0  0.03   3.9  13.0   5:00a     E
10  26.0  31.7   1:30p  21.2   4:30a  39.0   0.0  0.00   7.6  26.0  11:00p   WSW
11  11.3  21.3  12:30a   4.9  12:00m  53.7   0.0  0.00  12.7  33.0  12:00p     W
12  13.0  21.1   3:00p   1.0   1:00a  52.0   0.0  0.00   8.9  28.0  12:00p   SSW
13   0.1  15.5  12:30a -14.7  12:00m  64.9   0.0  0.00  11.8  43.0   2:00p     W
14  -8.9   1.9   4:00p -19.0   6:30a  73.9   0.0  0.00   7.1  21.0  12:30a     W
15   2.9  17.6  12:00m -10.3   7:00a  62.1   0.0  0.09   2.4  13.0   1:00p   SSW
16  31.4  48.1   3:30p  17.5  12:30a  33.6   0.0  0.66   6.8  34.0   5:30p     W
17  28.6  31.5   1:30p  21.8  12:00m  36.4   0.0  0.00   8.6  28.0  10:00p     W
18  15.6  21.9  12:30a   8.8   7:30a  49.4   0.0  0.00   7.9  25.0   1:30a     W
19  20.8  35.8   8:30p   5.9   6:30a  44.2   0.0  0.00   4.6  39.0  10:00p     S
20  44.3  53.2   4:30p  34.6   4:30a  20.7   0.0  0.03  10.5  41.0   1:30a    SW
21  36.6  41.1  12:30a  31.8  10:00p  28.4   0.0  0.00   7.1  27.0   5:00a     W
22  26.9  32.6   1:00a  17.1  12:00m  38.1   0.0  0.00   5.6  20.0  12:00p     W
23  25.7  36.3   2:30p  14.8   6:30a  39.4   0.0  0.00   7.1  19.0   3:30p     E
24  32.7  39.6  12:00m  29.1  12:30a  32.3   0.0  1.16   8.0  28.0   9:30p   ENE
25  37.7  47.5   5:00a  26.2  12:00m  27.3   0.0  0.15   8.2  32.0  12:00m     W
26  19.9  26.2  12:30a  16.7  11:00a  45.1   0.0  0.00  13.4  35.0  12:30a     W
27  27.7  36.9   4:00p  18.2   7:00a  37.3   0.0  0.00   8.3  33.0   9:00p    SW
28  45.5  57.3   4:00p  32.9  12:30a  19.5   0.0  0.00  12.5  32.0   8:00p     N
29  43.3  52.3   3:30a  28.2  12:00m  21.7   0.0  0.11  14.8  39.0   7:30a     W
-------------------------------------------------------------------------------------
    26.7  57.3    28   -19.0    14  1109.4   0.0  2.99   7.9  43.0    13       W

Max >=  90.0:  0
Max <=  32.0: 10
Min <=  32.0: 27
Min <=   0.0:  3
Max Rain: 1.16 ON 02/24/16
Days of Rain: 9 (>.01 in) 5 (>.1 in) 1 (>1 in)
Heat Base:  65.0  Cool Base:  65.0  Method: Integration