NOAA-Style Climate Report Archive

for Hessville, NY - Since March 2004

(Reports Generated by WeatherLink)

Report for 2016 January
                   MONTHLY CLIMATOLOGICAL SUMMARY for JAN. 2016

NAME: Indian Trail Weather   CITY: Hessville   STATE: New York 
ELEV:  1041 ft  LAT:  42° 51' 52" N  LONG:  74° 43' 15" W

                   TEMPERATURE (°F), RAIN  (in), WIND SPEED (mph)

                                      HEAT  COOL        AVG
    MEAN                              DEG   DEG         WIND                 DOM
DAY TEMP  HIGH   TIME   LOW    TIME   DAYS  DAYS  RAIN  SPEED HIGH   TIME    DIR
------------------------------------------------------------------------------------
 1  29.7  32.5   2:00p  25.9  12:00m  35.3   0.0  0.06   9.5  26.0   4:00p   WSW
 2  27.8  29.8  10:30p  24.9   8:30a  37.2   0.0  0.00  10.1  27.0   3:30a    SW
 3  30.5  34.3   3:00p  21.7  12:00m  34.5   0.0  0.00   9.3  29.0  12:00m    SW
 4   7.3  21.7  12:30a   0.2  12:00m  57.7   0.0  0.00   9.4  24.0   4:00p     W
 5   8.0  18.9   4:00p  -0.8   3:00a  57.0   0.0  0.00   4.5  17.0   5:30a   WSW
 6  20.0  32.3   3:30p   5.3   6:00a  45.0   0.0  0.00   2.3  10.0   8:30a   ENE
 7  28.3  39.8   3:30p  20.4   8:30a  36.7   0.0  0.00   2.0   9.0   4:30a     S
 8  27.8  37.3   3:00p  18.4   5:00a  37.2   0.0  0.00   3.4  22.0   3:00p     E
 9  36.3  40.5   2:30p  32.7  12:30a  28.7   0.0  0.00   3.6  13.0   2:30a     E
10  39.3  49.6   3:30p  30.5  12:00m  25.7   0.0  0.61  11.3  41.0   8:00p     E
11  21.2  30.6  12:30a  16.6  11:30p  43.8   0.0  0.00  13.5  41.0  11:00a   WSW
12  21.4  27.6   7:30p  16.2   5:00a  43.6   0.0  0.01   8.2  27.0   9:30p     S
13  16.1  20.1   2:00a   8.1   8:30p  48.9   0.0  0.00  11.6  34.0  12:00p   WSW
14  20.6  26.2  11:30p  13.8   7:30a  44.4   0.0  0.00   9.0  24.0   1:00p    SW
15  27.3  32.5   3:30p  20.8   2:30a  37.7   0.0  0.00   2.1  10.0  12:30p     E
16  32.9  38.1   2:00p  28.4  12:30a  32.1   0.0  0.16   5.6  24.0   2:00p     W
17  27.1  29.5   1:30p  24.9  10:30p  37.9   0.0  0.01   2.4  20.0  12:30a     W
18  15.1  25.6  12:30a  11.2  12:00m  49.9   0.0  0.01  13.9  39.0   2:00a     W
19  14.7  21.7   8:30p   9.1   7:30a  50.3   0.0  0.00  15.3  41.0  12:00p     W
20  19.1  23.5   2:30p  15.6   2:30a  45.9   0.0  0.00   7.6  27.0   1:00a   WSW
21  17.9  24.2   2:00p  11.2  11:00p  47.1   0.0  0.00   7.7  23.0  12:00p     W
22  16.0  22.9   2:00p   9.4   7:00a  49.0   0.0  0.00   3.9  18.0   8:00a    SW
23  18.8  25.8   5:00p  12.3  12:00m  46.3   0.0  0.00   5.5  21.0   2:00p   ENE
24  17.8  24.0   3:30p   8.6   5:30a  47.2   0.0  0.00   7.1  22.0   2:30p     W
25  27.9  34.8   4:00p  22.1   4:00a  37.1   0.0  0.00   2.6  11.0  12:30a   ENE
26  34.1  47.8   5:30p  21.4   4:00a  30.9   0.0  0.03   7.2  35.0   5:00p   SSW
27  30.1  35.6  11:00a  21.2  11:30p  34.9   0.0  0.00  10.6  33.0  12:30p   WSW
28  29.9  37.0   1:30p  19.0   7:30a  35.1   0.0  0.00   5.0  25.0  10:30a     S
29  28.2  33.9   1:00a  20.7  11:30p  36.8   0.0  0.00   8.1  31.0   3:00p     W
30  29.1  41.4   3:30p  20.8  12:30a  35.9   0.0  0.00   5.8  27.0  11:00p     N
31  42.3  51.3   4:30p  35.0   8:00a  22.7   0.0  0.00   5.6  32.0  11:00p   NNE
-------------------------------------------------------------------------------------
    24.6  51.3    31    -0.8     5  1252.5   0.0  0.89   7.2  41.0    10       W

Max >=  90.0:  0
Max <=  32.0: 15
Min <=  32.0: 29
Min <=   0.0:  1
Max Rain: 0.61 ON 01/10/16
Days of Rain: 4 (>.01 in) 2 (>.1 in) 0 (>1 in)
Heat Base:  65.0  Cool Base:  65.0  Method: Integration