NOAA-Style Climate Report Archive

for Hessville, NY - Since March 2004

(Reports Generated by WeatherLink)

Report for 2016
                            ANNUAL CLIMATOLOGICAL SUMMARY

NAME: Indian Trail Weather  CITY: Hessville   STATE: New York  
ELEV:  1041 ft  LAT:  42° 51' 52" N  LONG:  74° 43' 15" W

               TEMPERATURE (°F), HEAT BASE 65.0, COOL BASE 65.0
                          DEP.  HEAT  COOL                                          
        MEAN  MEAN        FROM  DEG   DEG                        MAX  MAX  MIN  MIN 
 YR MO  MAX   MIN   MEAN  NORM  DAYS  DAYS  HI  DATE  LOW  DATE  >=90 <=32 <=32 <=0 
------------------------------------------------------------------------------------
 16  1  32.0  17.6  24.6   4.1  1253     0  51.3  31  -0.8    5    0   15   29    1
 16  2  35.8  18.0  26.7   3.4  1109     0  57.3  28 -19.0   14    0   10   27    3
 16  3  49.0  28.9  38.6   7.2   821     3  74.0   9   8.5    3    0    3   20    0
 16  4  52.9  32.7  42.9  -1.4   670     6  76.0  21  12.9    5    0    3   13    0
 16  5  66.7  47.3  56.8   1.5   320    64  88.5  28  34.0   10    0    0    0    0
 16  6  75.5  53.4  64.6   0.6   126   115  86.6  26  41.8   11    0    0    0    0
 16  7  80.2  61.1  70.5   2.6    30   200  87.6  13  52.6   12    0    0    0    0
 16  8  80.3  61.6  70.5   4.1    29   201  90.0  13  48.9   23    1    0    0    0
 16  9  74.7  52.0  63.1   3.9   154    97  89.3   8  34.4   26    0    0    0    0
 16 10  58.2  40.9  49.2   1.3   502    11  80.9  18  27.1   31    0    0    6    0
 16 11  47.7  32.4  39.9   2.3   752     0  65.0   8  23.7   23    0    3   15    0
 16 12  34.0  20.2  27.3   1.2  1168     0  47.6   1  -3.9   16    0   12   29    1
------------------------------------------------------------------------------------
        57.3  38.9  48.0   2.6  6934   697  90.0 AUG -19.0  FEB    1   46  139    5

                                PRECIPITATION (in)

               DEP.   MAX        DAYS OF RAIN 
               FROM   OBS.          OVER
 YR MO  TOTAL  NORM   DAY  DATE .01   .1   1
---------------------------------------------
 16  1  0.89  -2.33  0.61   10    4    2    0
 16  2  2.99   0.07  1.16   24    9    5    1
 16  3  1.33  -2.78  0.32   28    9    5    0
 16  4  2.37  -1.61  0.87    7   11    6    0
 16  5  2.84  -1.48  0.80   27   11    9    0
 16  6  2.42  -2.19  1.18    5    7    4    1
 16  7  4.79   0.41  1.96   31   13    7    1
 16  8  3.39  -0.91  1.02   13   11    8    1
 16  9  1.65  -2.30  0.46   30    8    7    0
 16 10  2.96  -1.13  0.90   22   14    5    0
 16 11  1.70  -2.17  0.57   15    8    4    0
 16 12  2.55  -0.79  0.65   18   12    7    0
---------------------------------------------
       29.88-17.21  1.96  JUL  117   69    4

                                WIND SPEED (mph)
                          DOM
 YR MO   AVG.  HI   DATE  DIR
---------------------------------
 16  1   7.2  41.0   10     W
 16  2   7.9  43.0   13     W
 16  3   7.3  43.0   28     W
 16  4   3.7  39.0    3     W
 16  5   5.4  37.0    8   WSW
 16  6   4.9  33.0    8   WSW
 16  7   4.6  33.0    2   WSW
 16  8   4.6  43.0   13   WSW
 16  9   4.5  31.0   11   WSW
 16 10   5.3  39.0   23   WNW
 16 11   6.3  41.0   21   WNW
 16 12   7.8  44.0   26   WSW
---------------------------------
         5.8  44.0  DEC  WSW