NOAA-Style Climate Report Archive

for Hessville, NY - Since March 2004

(Reports Generated by WeatherLink)

Report for 2015 December
                   MONTHLY CLIMATOLOGICAL SUMMARY for DEC. 2015

NAME: Indian Trail Weather   CITY: Hessville   STATE: New York 
ELEV:  1041 ft  LAT:  42° 51' 52" N  LONG:  74° 43' 15" W

                   TEMPERATURE (°F), RAIN  (in), WIND SPEED (mph)

                                      HEAT  COOL        AVG
    MEAN                              DEG   DEG         WIND                 DOM
DAY TEMP  HIGH   TIME   LOW    TIME   DAYS  DAYS  RAIN  SPEED HIGH   TIME    DIR
------------------------------------------------------------------------------------
 1  32.3  37.2  12:00m  27.9   2:30a  32.7   0.0  0.10   1.7  10.0  10:00a     E
 2  39.6  43.7  10:00p  36.5   1:30a  25.4   0.0  0.15   1.7  22.0  11:00p     W
 3  36.9  39.9  12:30a  35.4   9:00a  28.1   0.0  0.04   9.9  30.0   9:30a     W
 4  37.7  39.9   2:30p  35.0   1:00a  27.3   0.0  0.00   8.0  22.0   6:30a   WSW
 5  36.0  40.1   3:00p  30.0   9:00p  29.0   0.0  0.00   5.5  17.0  12:30a    SW
 6  33.9  45.0   3:00p  24.5   7:00a  31.1   0.0  0.00   1.7  13.0  12:30a    NE
 7  34.9  40.4   2:30p  28.8  12:00m  30.1   0.0  0.00   5.4  17.0   1:00p   WSW
 8  33.3  40.9   2:00p  27.4  10:00p  31.7   0.0  0.00   1.7  11.0  11:30a    SW
 9  39.3  49.6   3:30p  28.0   8:00a  25.7   0.0  0.00   2.9  17.0   1:30p   SSE
10  46.2  52.5   2:30p  41.4   1:30a  18.8   0.0  0.01   4.3  20.0   6:00a    SW
11  47.2  56.1  12:30p  37.1   6:30a  17.8   0.0  0.00   6.4  27.0  12:30p    SW
12  46.5  52.1  12:30p  36.4   7:30a  18.5   0.0  0.00   2.6  15.0   2:30a    SW
13  44.7  48.3   1:30a  40.1   9:30p  20.3   0.0  0.00   4.0  13.0   9:30a     E
14  46.1  55.1  12:00m  38.7   3:30a  18.9   0.0  0.27   1.9  11.0  12:00m     E
15  44.6  57.2  12:30a  35.9  11:00p  20.4   0.0  0.03  11.8  40.0   3:30p   WSW
16  36.6  40.5  12:30p  34.9   6:00a  28.4   0.0  0.00   4.2  15.0   1:30p     E
17  42.9  49.0   5:00p  34.6   1:30a  22.1   0.0  0.12   3.5  25.0  11:00p     E
18  35.1  40.7  12:30a  30.9  10:00p  29.9   0.0  0.00   8.1  24.0  12:00m     W
19  28.8  32.0  12:30a  25.6   7:30a  36.2   0.0  0.00  16.5  46.0   1:00p   WSW
20  29.9  35.3   2:30p  24.4   9:00p  35.1   0.0  0.00   6.9  33.0  12:30a   WSW
21  36.8  49.6   6:30p  23.3   6:00a  28.2   0.0  0.00   6.6  29.0   9:30p    SW
22  45.6  51.0   6:00p  40.3   8:30a  19.4   0.0  0.41   3.9  21.0  12:30a    SW
23  47.3  52.8   4:30p  42.2   5:00a  17.7   0.0  0.43   4.4  19.0   4:30p     E
24  55.3  66.1  12:00p  41.8  12:00m   9.8   0.1  0.00   7.7  42.0  10:30a   WSW
25  43.5  51.1   1:00p  35.2   2:00a  21.5   0.0  0.00   3.4  13.0   9:00p   WSW
26  38.0  43.3   2:00p  30.6   8:00a  27.0   0.0  0.00   3.5  12.0   2:00p     E
27  38.8  52.6  12:30p  30.3  12:00m  26.2   0.0  0.76   5.9  31.0   5:30p    NW
28  24.9  30.4  12:30a  18.1  11:00p  40.1   0.0  0.07   9.0  24.0   4:30a     E
29  27.7  33.0  12:00m  18.1   1:00a  37.3   0.0  0.52   6.5  27.0   4:00a     E
30  35.6  39.8   1:00p  32.4  12:30a  29.4   0.0  0.00   1.7   8.0  11:00p   SSW
31  34.2  36.5   3:00a  32.2  12:00m  30.8   0.0  0.00   8.0  27.0  10:30p     W
-------------------------------------------------------------------------------------
    38.7  66.1    24    18.1    28   814.9   0.1  2.91   5.5  46.0    19     WSW

Max >=  90.0:  0
Max <=  32.0:  2
Min <=  32.0: 14
Min <=   0.0:  0
Max Rain: 0.76 ON 12/27/15
Days of Rain: 11 (>.01 in) 7 (>.1 in) 0 (>1 in)
Heat Base:  65.0  Cool Base:  65.0  Method: Integration