NOAA-Style Climate Report Archive

for Hessville, NY - Since March 2004

(Reports Generated by WeatherLink)

Report for 2015 November
                   MONTHLY CLIMATOLOGICAL SUMMARY for NOV. 2015

NAME: Indian Trail Weather   CITY: Hessville   STATE: New York 
ELEV:  1041 ft  LAT:  42° 51' 52" N  LONG:  74° 43' 15" W

                   TEMPERATURE (°F), RAIN  (in), WIND SPEED (mph)

                                      HEAT  COOL        AVG
    MEAN                              DEG   DEG         WIND                 DOM
DAY TEMP  HIGH   TIME   LOW    TIME   DAYS  DAYS  RAIN  SPEED HIGH   TIME    DIR
------------------------------------------------------------------------------------
 1  49.9  61.5   2:30p  39.5   1:30a  15.1   0.0  0.01   7.7  35.0  12:30p   WSW
 2  49.1  57.4   2:30p  40.7  12:00m  15.9   0.0  0.00   4.9  17.0  12:00p    SW
 3  53.1  66.2   1:30p  37.9   3:30a  11.9   0.1  0.00   5.1  26.0  12:30p    SW
 4  51.5  64.3   3:00p  39.1   5:30a  13.5   0.0  0.00   2.5  11.0   9:00a     E
 5  59.9  71.2   1:00p  46.5   6:30a   6.2   1.0  0.00   3.1  22.0  12:30p   SSW
 6  62.6  72.5   1:30p  52.7  12:00m   3.5   1.1  0.03  11.0  40.0  12:30p   SSW
 7  45.8  52.7  12:30a  40.4  11:30p  19.2   0.0  0.01   8.2  24.0   7:00a     W
 8  39.7  48.0   3:00p  33.9   8:00p  25.3   0.0  0.00   7.6  23.0   9:30a   WSW
 9  41.6  56.4   3:30p  30.9   6:30a  23.4   0.0  0.00   3.7  14.0  11:00a    SW
10  46.4  54.9   1:30p  35.6   2:30a  18.6   0.0  0.16   2.9  12.0  11:30a   ENE
11  48.6  56.6   3:30p  43.5   5:30a  16.4   0.0  0.76   2.7  12.0   4:00a     E
12  50.5  56.6   2:30p  46.7   7:00a  14.5   0.0  0.42   8.4  37.0   1:30p     S
13  44.0  49.2  10:00a  36.7  10:00p  21.0   0.0  0.03  15.2  41.0  12:30p    SW
14  34.6  38.8   2:00a  30.5   8:30a  30.4   0.0  0.01  11.6  40.0   5:00a     W
15  44.1  53.7   3:00p  35.7   4:00a  20.9   0.0  0.00   7.2  21.0  10:00a    SW
16  44.7  52.8   2:00p  34.1  11:30p  20.3   0.0  0.00   5.2  18.0   2:30p     W
17  34.2  43.7   2:00p  27.7   7:00a  30.8   0.0  0.00   3.8  16.0   1:30p   ESE
18  39.6  52.5   3:30p  24.1   6:30a  25.4   0.0  0.00   4.5  17.0  10:00p     E
19  53.5  60.4  12:30p  48.2   3:00a  11.5   0.0  0.32   5.4  21.0   2:00p   ESE
20  42.2  52.3  12:30a  31.3  11:30p  22.8   0.0  0.00   6.5  23.0   1:00a     W
21  35.8  44.3   3:00p  26.8   7:00a  29.2   0.0  0.00   5.5  18.0   3:00p     E
22  39.1  48.0   5:00a  31.2  12:00m  25.9   0.0  0.00   7.9  30.0   5:00a   WNW
23  27.7  33.3   1:30p  20.8  10:30p  37.3   0.0  0.00   6.7  24.0   2:30p     W
24  30.9  40.2   2:00p  21.9   1:30a  34.1   0.0  0.00   4.0  17.0  12:00p   SSW
25  35.8  47.3   2:00p  27.6   7:30a  29.2   0.0  0.00   3.1  15.0   1:00p   SSW
26  42.1  55.2   1:30p  27.6   5:30a  22.9   0.0  0.00   6.1  31.0  11:30p     S
27  56.3  63.2   2:00p  49.9  12:30a   8.7   0.0  0.00  14.0  40.0   5:30a   SSW
28  37.7  53.5  12:30a  29.3  12:00m  27.3   0.0  0.01   5.1  20.0  12:30a   WNW
29  29.8  36.9   1:30p  24.5   7:00a  35.2   0.0  0.00   5.2  16.0   2:30a     W
30  29.2  37.8   2:30p  23.0   7:30a  35.8   0.0  0.00   2.7  12.0   5:00a     E
-------------------------------------------------------------------------------------
    43.3  72.5     6    20.8    23   652.2   2.2  1.76   6.3  41.0    13      SW

Max >=  90.0:  0
Max <=  32.0:  0
Min <=  32.0: 14
Min <=   0.0:  0
Max Rain: 0.76 ON 11/11/15
Days of Rain: 6 (>.01 in) 4 (>.1 in) 0 (>1 in)
Heat Base:  65.0  Cool Base:  65.0  Method: Integration