NOAA-Style Climate Report Archive

for Hessville, NY - Since March 2004

(Reports Generated by WeatherLink)

Report for 2015 October
                   MONTHLY CLIMATOLOGICAL SUMMARY for OCT. 2015

NAME: Indian Trail Weather   CITY: Hessville   STATE: New York 
ELEV:  1041 ft  LAT:  42° 51' 52" N  LONG:  74° 43' 15" W

                   TEMPERATURE (°F), RAIN  (in), WIND SPEED (mph)

                                      HEAT  COOL        AVG
    MEAN                              DEG   DEG         WIND                 DOM
DAY TEMP  HIGH   TIME   LOW    TIME   DAYS  DAYS  RAIN  SPEED HIGH   TIME    DIR
------------------------------------------------------------------------------------
 1  50.7  58.6   2:00p  43.5  12:00m  14.3   0.0  0.00   4.4  16.0  11:00a   NNE
 2  45.2  51.2   1:30p  40.6   6:00a  19.8   0.0  0.00   4.8  21.0  11:00p    NE
 3  46.6  51.1   4:00p  42.4   7:30a  18.4   0.0  0.00   9.8  26.0  11:30a   ENE
 4  48.8  58.2   4:00p  41.9  10:30p  16.2   0.0  0.00   6.2  19.0  10:30a     E
 5  47.8  60.7   5:00p  35.1   6:00a  17.2   0.0  0.00   2.0  10.0  11:00a    SE
 6  55.3  64.5   3:30p  47.7   7:00a   9.7   0.0  0.00   3.3  16.0   5:30p   WNW
 7  56.2  64.3   5:00p  51.2  12:00m   8.8   0.0  0.00   4.0  17.0  10:00a   WNW
 8  51.3  62.3   4:00p  44.8  12:00m  13.7   0.0  0.00   2.1  10.0  10:30a   WSW
 9  51.9  62.4   1:00p  44.4   1:00a  13.1   0.0  0.68   5.3  31.0  10:00p   WNW
10  45.8  55.8   4:30p  37.6  12:00m  19.2   0.0  0.00   4.8  18.0  12:30a   WNW
11  54.3  68.2   4:00p  37.6  12:30a  11.1   0.4  0.00   6.9  20.0   9:00a    SW
12  61.8  76.7   4:30p  52.2   6:30a   5.4   2.2  0.00   5.4  18.0   2:30a   SSW
13  55.0  64.2   4:00p  46.7   7:30a  10.0   0.0  0.07   3.9  21.0   2:30p    SW
14  50.6  54.9   2:30p  43.5  11:30p  14.4   0.0  0.01   7.6  28.0  10:00a     W
15  49.3  59.4   4:30p  39.7   6:30a  15.7   0.0  0.00   8.3  30.0  12:00m    SW
16  46.5  52.8   2:30p  40.5  11:00p  18.5   0.0  0.21   8.5  25.0   3:30a    SW
17  37.5  42.4   3:00p  32.6  10:00p  27.5   0.0  0.03   9.0  25.0   8:00a     W
18  32.4  38.1   3:00p  28.8   8:30p  32.6   0.0  0.01   4.7  19.0   3:30p     W
19  38.0  50.6   4:30p  22.1   6:30a  27.0   0.0  0.00   7.1  31.0   9:30p   SSW
20  54.2  64.1   4:30p  44.3   3:00a  10.8   0.0  0.09   8.7  28.0   1:30a    SW
21  54.7  60.6   2:00p  48.5  12:00m  10.3   0.0  0.02   1.9  16.0   1:00a    NE
22  54.6  64.8  12:30p  46.4   1:30a  10.4   0.0  0.05   6.7  25.0   3:30p   WSW
23  40.4  48.3   1:30a  32.5  11:00p  24.6   0.0  0.00   6.0  24.0   2:30a   WNW
24  37.7  47.6  11:30p  29.7   8:00a  27.3   0.0  0.15   4.1  20.0  11:00p     E
25  47.9  52.7   2:00p  40.1  11:00p  17.1   0.0  0.24   8.9  31.0   7:30a     W
26  40.2  48.8   4:00p  34.1  12:00m  24.8   0.0  0.00   5.2  16.0   2:00a   WSW
27  37.6  49.3   4:30p  26.7   8:00a  27.4   0.0  0.00   2.2   9.0   2:00p    SW
28  41.5  50.8  12:00m  34.5   2:30a  23.5   0.0  1.06   5.6  22.0   1:00p   ENE
29  53.8  62.8  10:30a  44.3  11:30p  11.2   0.0  0.28   7.8  32.0  11:30a   SSW
30  42.0  46.4   1:00a  33.6  10:00p  23.0   0.0  0.01  10.2  33.0   5:00a     W
31  38.8  48.9   5:00p  27.4   7:30a  26.2   0.0  0.00   2.7  12.0   2:30p    SW
-------------------------------------------------------------------------------------
    47.4  76.7    12    22.1    19   549.2   2.6  2.91   5.7  33.0    30      SW

Max >=  90.0:  0
Max <=  32.0:  0
Min <=  32.0:  5
Min <=   0.0:  0
Max Rain: 1.06 ON 10/28/15
Days of Rain: 11 (>.01 in) 6 (>.1 in) 1 (>1 in)
Heat Base:  65.0  Cool Base:  65.0  Method: Integration