NOAA-Style Climate Report Archive

for Hessville, NY - Since March 2004

(Reports Generated by WeatherLink)

Report for 2015 September
                   MONTHLY CLIMATOLOGICAL SUMMARY for SEP. 2015

NAME: Indian Trail Weather   CITY: Hessville   STATE: New York 
ELEV:  1041 ft  LAT:  42° 51' 52" N  LONG:  74° 43' 15" W

                   TEMPERATURE (°F), RAIN  (in), WIND SPEED (mph)

                                      HEAT  COOL        AVG
    MEAN                              DEG   DEG         WIND                 DOM
DAY TEMP  HIGH   TIME   LOW    TIME   DAYS  DAYS  RAIN  SPEED HIGH   TIME    DIR
------------------------------------------------------------------------------------
 1  70.9  81.2   5:00p  61.4   5:00a   0.2   6.1  0.00   2.8  13.0   2:30p    SW
 2  71.6  82.9   4:00p  61.2   3:30a   0.4   7.0  0.01   3.5  17.0   1:30p    SW
 3  73.3  84.5   3:30p  66.3   5:30a   0.0   8.3  0.00   3.8  18.0   4:30p    SW
 4  71.1  81.5   3:30p  61.3   7:00a   0.3   6.5  0.00   3.9  16.0   4:00p     E
 5  69.5  83.3   3:30p  58.4   6:30a   1.6   6.1  0.00   2.3  15.0   1:00p   SSE
 6  72.0  86.1   4:30p  57.2   6:30a   1.0   8.0  0.00   3.0  15.0   2:30p    SW
 7  77.1  88.6   3:30p  67.2   6:30a   0.0  12.1  0.00   5.2  16.0   1:00a    SW
 8  76.6  87.0  12:30p  68.5   7:00a   0.0  11.6  0.00   4.3  16.0   2:30p    SW
 9  75.0  89.0   3:30p  66.3  11:30p   0.0  10.0  0.18   7.4  26.0   4:30p   SSW
10  64.3  68.6   1:00p  59.5  11:00p   1.4   0.7  0.14   1.3   9.0   1:00p   WNW
11  66.4  76.2   3:30p  59.4   7:00a   2.1   3.5  0.01   3.3  16.0   2:30p    SW
12  61.5  69.3   1:30p  51.6   6:00a   4.3   0.7  0.44   2.8  14.0  10:30p   ENE
13  60.7  69.4   2:00p  54.2  12:00m   4.6   0.3  0.38   4.9  22.0   1:30p    SW
14  57.9  67.2   3:30p  52.4   6:00a   7.2   0.1  0.17   9.7  30.0   4:00p    SW
15  64.6  76.3   3:30p  55.1   6:30a   3.7   3.3  0.00   5.4  18.0  12:00p    SW
16  66.6  80.1   4:00p  56.0   7:00a   2.8   4.4  0.00   3.1  11.0   5:30a    SW
17  68.3  82.1   3:00p  53.1   7:00a   2.3   5.6  0.00   2.8  12.0   3:00p    SW
18  68.8  81.2   3:30p  55.6   7:00a   1.5   5.4  0.00   4.5  17.0  10:30p   SSW
19  70.7  81.8   2:00p  59.9   7:00a   0.6   6.3  0.34   7.1  33.0  11:00p   SSW
20  57.3  65.1   4:00p  46.2  12:00m   7.7   0.0  0.08   5.2  20.0   1:00a   WNW
21  51.2  60.7   3:00p  41.1   5:30a  13.8   0.0  0.00   2.5  13.0  11:30a   ENE
22  55.2  65.5   5:00p  46.8  12:00m   9.8   0.0  0.00   1.8  14.0   3:00p   ENE
23  58.7  73.5   5:00p  43.8   7:00a   8.1   1.8  0.00   2.8  10.0   1:00p   SSW
24  62.1  73.9   4:30p  49.8   5:00a   5.0   2.1  0.00   3.1  13.0  12:00p    SW
25  58.4  69.6   5:00p  50.3   6:30a   7.2   0.6  0.00   2.2  13.0   3:00p    SE
26  55.0  65.8   3:00p  45.5  12:00m  10.0   0.0  0.00   3.4  16.0  11:00a   ENE
27  54.6  70.5   4:30p  40.7   6:00a  11.0   0.6  0.00   2.2  12.0   1:30p   ENE
28  61.1  72.8   5:00p  48.3   5:30a   5.8   1.9  0.00   2.0  14.0   5:30p   SSE
29  67.2  72.2  10:30a  65.0   3:30a   0.0   2.2  0.77   4.1  21.0   7:00a   SSW
30  57.7  65.1  12:30a  49.5  12:00m   7.3   0.0  1.21   4.6  21.0   6:00p    NW
-------------------------------------------------------------------------------------
    64.8  89.0     9    40.7    27   119.7 115.2  3.73   3.8  33.0    19      SW

Max >=  90.0:  0
Max <=  32.0:  0
Min <=  32.0:  0
Min <=   0.0:  0
Max Rain: 1.21 ON 09/30/15
Days of Rain: 9 (>.01 in) 8 (>.1 in) 1 (>1 in)
Heat Base:  65.0  Cool Base:  65.0  Method: Integration