NOAA-Style Climate Report Archive

for Hessville, NY - Since March 2004

(Reports Generated by WeatherLink)

Report for 2015 August
                   MONTHLY CLIMATOLOGICAL SUMMARY for AUG. 2015

NAME: Indian Trail Weather   CITY: Hessville   STATE: New York 
ELEV:  1041 ft  LAT:  42° 51' 52" N  LONG:  74° 43' 15" W

                   TEMPERATURE (°F), RAIN  (in), WIND SPEED (mph)

                                      HEAT  COOL        AVG
    MEAN                              DEG   DEG         WIND                 DOM
DAY TEMP  HIGH   TIME   LOW    TIME   DAYS  DAYS  RAIN  SPEED HIGH   TIME    DIR
------------------------------------------------------------------------------------
 1  69.0  76.4   4:30p  60.0  11:30p   0.6   4.6  0.10   4.9  20.0   2:30p    SW
 2  70.0  81.2   4:00p  58.2   3:00a   1.6   6.6  0.00   5.2  25.0  11:30p    SW
 3  73.1  80.9  12:30p  61.5  11:30p   0.2   8.3  0.19   7.4  28.0   3:30a   SSW
 4  67.6  77.3   2:30p  60.0  11:00p   1.4   4.1  0.00   4.3  19.0   3:30p    SW
 5  65.4  73.8   3:00p  58.3  11:30p   2.2   2.6  0.00   6.8  26.0   2:30p    SW
 6  64.3  74.3   3:30p  55.2   6:00a   3.4   2.7  0.00   5.4  22.0   2:30p    SW
 7  65.0  77.3   6:30p  52.3   6:00a   3.7   3.7  0.00   2.3  14.0   3:00p    SW
 8  65.5  76.5   3:00p  52.8   5:30a   2.9   3.3  0.00   1.9  13.0   1:30p   NNW
 9  68.3  80.0   5:30p  58.8   1:30a   1.6   5.0  0.00   2.5  13.0  12:00p   ENE
10  69.2  81.0   1:00p  58.6   6:00a   1.3   5.4  0.00   6.3  35.0   6:00p     S
11  67.5  74.8   6:00p  61.5   6:30a   0.6   3.2  0.66   4.2  19.0   6:30p    SW
12  66.7  75.3   2:00p  59.9  12:00m   1.0   2.8  0.00   5.2  21.0  10:30a   WNW
13  64.9  75.3   3:00p  57.2  10:30p   2.6   2.6  0.00   4.0  15.0   2:30p    SW
14  68.0  82.5   3:00p  57.8  12:30a   1.8   4.7  0.27   4.4  24.0   5:30p   SSW
15  68.9  80.5   2:00p  62.8   6:00a   0.3   4.2  0.09   3.1  25.0   3:30p    SW
16  71.9  82.9   6:00p  60.9   6:00a   0.5   7.4  0.01   3.1  15.0   1:30p    SW
17  74.9  86.3   5:00p  63.1   6:00a   0.1   9.9  0.00   2.0  13.0  11:30a   SSW
18  74.8  89.7   4:00p  64.6   4:30a   0.0   9.8  0.00   2.1  14.0   2:00p     S
19  73.5  85.6   3:00p  62.3   6:00a   0.3   8.8  0.00   3.1  19.0   3:00p    SE
20  74.7  84.3   3:30p  65.1   6:00a   0.0   9.7  0.17   4.7  26.0  12:00p    SE
21  65.6  76.2   3:30p  56.1  12:00m   2.4   3.0  0.75   3.2  20.0  12:30a    SW
22  64.6  76.0   3:30p  54.2   6:30a   3.6   3.2  0.00   3.5  12.0   9:30a    SW
23  66.3  78.5   3:00p  53.5   6:30a   2.9   4.2  0.00   3.0  14.0  12:00p    SW
24  67.7  81.6   2:00p  55.8   6:00a   1.8   4.5  0.06   3.5  18.0   1:00p   SSE
25  66.3  78.4   3:00p  57.2  12:00m   2.5   3.8  0.00   3.5  21.0   7:30p    SW
26  62.0  71.1   1:30p  52.7   5:30a   4.0   1.0  0.00   3.7  15.0  12:30p    SW
27  60.6  66.9   2:49p  54.6  12:00m   4.5   0.1  0.01   4.1  20.0   1:30p    SW
28  61.1  71.6   4:30p  52.1   7:00a   5.0   1.1  0.00   3.3  12.0   1:00a    SW
29  65.4  78.3   3:00p  52.1   4:30a   3.9   4.2  0.00   2.7  18.0   3:00p    SW
30  67.3  77.6   2:00p  58.9   6:30a   1.5   3.8  0.00   2.0  13.0   2:30p   SSW
31  70.9  81.5   2:30p  61.1   5:30a   0.5   6.4  0.00   4.5  23.0   5:00p    SW
-------------------------------------------------------------------------------------
    67.8  89.7    18    52.1    28    58.7 144.7  2.31   3.9  35.0    10      SW

Max >=  90.0:  0
Max <=  32.0:  0
Min <=  32.0:  0
Min <=   0.0:  0
Max Rain: 0.75 ON 08/21/15
Days of Rain: 8 (>.01 in) 5 (>.1 in) 0 (>1 in)
Heat Base:  65.0  Cool Base:  65.0  Method: Integration