NOAA-Style Climate Report Archive

for Hessville, NY - Since March 2004

(Reports Generated by WeatherLink)

Report for 2015 July
                   MONTHLY CLIMATOLOGICAL SUMMARY for JUL. 2015

NAME: Indian Trail Weather   CITY: Hessville   STATE: New York 
ELEV:  1041 ft  LAT:  42° 51' 52" N  LONG:  74° 43' 15" W

                   TEMPERATURE (°F), RAIN  (in), WIND SPEED (mph)

                                      HEAT  COOL        AVG
    MEAN                              DEG   DEG         WIND                 DOM
DAY TEMP  HIGH   TIME   LOW    TIME   DAYS  DAYS  RAIN  SPEED HIGH   TIME    DIR
------------------------------------------------------------------------------------
 1  62.6  72.9   2:00p  58.4   5:00a   3.0   0.6  0.52   4.7  27.0   2:00p    SW
 2  61.7  70.0   4:00p  52.0  12:00m   4.3   1.1  0.00   4.5  22.0   3:00p   WNW
 3  61.4  74.3   5:00p  49.2   3:30a   5.9   2.3  0.00   3.1  12.0   5:30a    SW
 4  59.7  68.8   7:00p  53.7   3:30a   5.6   0.3  0.15   1.9  15.0  11:30p   SSW
 5  66.9  77.9   3:30p  57.2   5:30a   2.1   4.0  0.00   3.8  13.0  12:30a    SW
 6  68.0  79.7   3:00p  54.2   6:00a   2.7   5.7  0.00   2.8  13.0   4:00p   SSW
 7  71.7  81.6   5:00p  63.6   2:30a   0.1   6.8  0.07   3.9  24.0   1:00p   SSW
 8  68.6  73.8   3:30p  61.1  12:00m   0.4   4.1  0.01   4.4  19.0   1:00a   WNW
 9  63.4  70.1   1:30p  57.4   6:00a   2.7   1.1  0.73   1.7  10.0   9:30a   ENE
10  67.2  76.2   5:00p  58.9   6:00a   1.2   3.5  0.01   5.5  20.0   4:00a   WNW
11  69.6  80.8   3:30p  57.7   2:00a   1.5   6.1  0.00   4.5  16.0   2:30p    SW
12  71.7  80.6   5:30p  61.0   6:00a   0.4   7.0  0.00   3.8  15.0  12:00p    SW
13  73.0  83.8   3:00p  62.2   6:30a   0.3   6.9  0.25   2.4  49.0   8:30p   SSW
14  72.1  80.5   3:30p  65.4   7:30a   0.0   5.3  0.25   2.7  24.0   3:30p   SSW
15  65.6  72.0   4:00p  57.9  12:00m   1.2   1.8  0.02   4.7  25.0   6:00p   WNW
16  62.4  74.9   6:30p  49.0   5:30a   4.9   2.2  0.00   2.1  11.0  10:00a   WNW
17  64.8  77.1   2:30p  50.6   6:00a   3.9   3.7  0.01   2.6  17.0   2:30p   SSW
18  75.1  84.7   5:30p  66.8  12:30a   0.0  10.1  0.01   6.1  26.0   8:00a   SSW
19  76.7  90.2   4:00p  67.4   3:30a   0.0  11.7  0.00   5.8  28.0   6:00p    SW
20  73.9  81.4   5:00p  65.5  11:30p   0.0   8.9  0.00   4.6  18.0   1:00a   WNW
21  69.6  80.1  12:30p  62.4  11:30p   0.4   5.0  0.04   4.4  22.0   6:30p   SSW
22  66.5  74.2   4:00p  58.6   6:30a   1.6   3.1  0.00   6.5  25.0   1:30p    SW
23  66.2  75.4   4:30p  57.0   6:00a   2.3   3.5  0.00   5.4  20.0   1:30p   WNW
24  66.9  78.5   4:30p  53.5   5:30a   2.9   4.8  0.00   3.8  22.0   4:30p   WNW
25  67.9  78.9   1:30p  57.1   3:30a   2.0   4.9  0.00   2.7  18.0  12:00m   SSW
26  72.3  82.0   6:00p  63.1   5:30a   0.2   7.5  0.11   3.3  23.0   3:00a   NNW
27  74.3  86.3   5:30p  63.5   6:00a   0.0   9.3  0.00   3.0  13.0   7:00p    SW
28  75.7  86.9   5:00p  62.0   6:30a   0.1  10.8  0.00   3.9  18.0   1:30p    SW
29  76.7  88.6   4:30p  65.4   5:30a   0.0  11.7  0.00   3.5  12.0   4:00p    SW
30  74.2  81.7   4:00p  68.5  12:00m   0.0   9.2  0.49   5.8  21.0  10:00a    SW
31  71.5  80.0   6:00p  62.7   6:00a   0.1   6.5  0.00   6.4  24.0   8:30a    SW
-------------------------------------------------------------------------------------
    69.0  90.2    19    49.0    16    49.8 169.5  2.67   4.0  49.0    13      SW

Max >=  90.0:  1
Max <=  32.0:  0
Min <=  32.0:  0
Min <=   0.0:  0
Max Rain: 0.73 ON 07/09/15
Days of Rain: 10 (>.01 in) 7 (>.1 in) 0 (>1 in)
Heat Base:  65.0  Cool Base:  65.0  Method: Integration