NOAA-Style Climate Report Archive

for Hessville, NY - Since March 2004

(Reports Generated by WeatherLink)

Report for 2015 June
                   MONTHLY CLIMATOLOGICAL SUMMARY for JUN. 2015

NAME: Indian Trail Weather   CITY: Hessville   STATE: New York 
ELEV:  1041 ft  LAT:  42° 51' 52" N  LONG:  74° 43' 15" W

                   TEMPERATURE (°F), RAIN  (in), WIND SPEED (mph)

                                      HEAT  COOL        AVG
    MEAN                              DEG   DEG         WIND                 DOM
DAY TEMP  HIGH   TIME   LOW    TIME   DAYS  DAYS  RAIN  SPEED HIGH   TIME    DIR
------------------------------------------------------------------------------------
 1  47.2  49.4   4:00p  45.1  12:30a  17.8   0.0  0.73   8.3  18.0  12:30a   ENE
 2  51.1  61.4   5:30p  44.4   5:00a  13.9   0.0  0.02   3.5  12.0   1:00a     E
 3  55.5  65.8   5:00p  46.4   5:30a   9.5   0.0  0.00   4.1  15.0   2:00p     E
 4  56.5  67.5   6:00p  42.5   5:30a   8.7   0.2  0.00   3.4  15.0   2:00p   ENE
 5  63.3  74.5   4:30p  55.8   7:30a   3.7   1.9  0.08   1.9  13.0   3:00p   ENE
 6  61.7  69.9   5:30p  47.9  11:30p   4.3   1.0  0.13   4.7  19.0   1:30p    NW
 7  60.6  73.9   5:00p  41.2   6:00a   6.8   2.4  0.00   4.9  29.0  12:00m     S
 8  65.1  74.3   3:00p  60.3   8:00a   1.3   1.4  0.33  10.4  35.0   2:00a   SSW
 9  63.2  75.4   1:00p  56.4  12:00m   2.7   0.9  0.40   5.7  26.0   2:00p   SSW
10  65.8  76.2   4:00p  52.5   6:30a   3.3   4.1  0.00   6.8  33.0  11:00p   SSW
11  67.3  74.7   4:00p  58.4  11:00p   1.1   3.4  0.02   5.9  31.0   1:00a   WNW
12  65.4  77.8   4:00p  54.4   6:00a   2.6   2.9  1.89   2.6  50.0   7:30p   ENE
13  69.2  76.3   5:00p  62.0  12:30a   0.4   3.4  0.20   2.9  14.0   5:30p    SW
14  66.9  77.0   3:30p  55.6   5:30a   2.1   4.1  0.00   2.8  13.0   1:30p    SW
15  64.4  71.9   5:00p  58.4   4:00a   2.1   1.6  0.84   2.3  11.0   5:00p   ENE
16  66.0  74.1   3:00p  59.9   6:30a   1.4   2.4  0.25   3.5  26.0   2:30p   WNW
17  62.2  69.3   2:30p  55.7  11:30p   3.4   0.6  0.00   2.7  15.0   8:30a   ENE
18  62.3  69.4   5:30p  53.4   6:00a   3.6   0.9  0.00   4.7  26.0  12:00p   SSW
19  66.5  72.7   4:00p  52.5  12:00m   1.2   2.8  0.00   5.9  21.0   1:30a   WNW
20  61.2  73.4   3:30p  46.7   6:00a   5.4   1.6  0.00   3.3  18.0   4:30p     E
21  67.7  78.2   3:30p  60.4   2:00a   1.5   4.2  0.04   3.4  20.0  11:30p   WNW
22  68.1  77.2   4:30p  59.8   6:00a   1.1   4.2  0.00   4.6  21.0   2:00a   WNW
23  70.5  81.9   3:30p  60.7  11:30p   0.8   6.3  0.00   9.1  34.0  10:00a   SSW
24  62.5  70.7   5:00p  55.2  12:00m   3.7   1.3  0.00   5.2  23.0   1:00p    SW
25  65.0  75.1   3:30p  53.1   5:30a   3.1   3.0  0.01   3.5  16.0   3:30p    SW
26  64.0  75.2   3:30p  56.6   7:00a   3.1   2.1  0.11   2.8  17.0   3:30p     E
27  57.6  66.2   1:30p  50.9  12:00m   7.4   0.0  0.26   5.0  19.0  11:30p     E
28  53.6  57.2   6:00p  50.1   1:30a  11.4   0.0  1.03   8.1  22.0   5:00a   ENE
29  59.3  65.6   3:30p  54.4  12:30a   5.7   0.0  0.02   4.1  18.0   5:00p    SW
30  59.0  62.3   5:30p  54.1   6:00a   6.0   0.0  0.39   3.1  13.0   2:00p     E
-------------------------------------------------------------------------------------
    62.3  81.9    23    41.2     7   139.1  56.7  6.75   4.6  50.0    12     ENE

Max >=  90.0:  0
Max <=  32.0:  0
Min <=  32.0:  0
Min <=   0.0:  0
Max Rain: 1.89 ON 06/12/15
Days of Rain: 17 (>.01 in) 12 (>.1 in) 2 (>1 in)
Heat Base:  65.0  Cool Base:  65.0  Method: Integration