NOAA-Style Climate Report Archive

for Hessville, NY - Since March 2004

(Reports Generated by WeatherLink)

Report for 2015 May
                   MONTHLY CLIMATOLOGICAL SUMMARY for MAY. 2015

NAME: Indian Trail Weather   CITY: Hessville   STATE: New York 
ELEV:  1041 ft  LAT:  42° 51' 52" N  LONG:  74° 43' 15" W

                   TEMPERATURE (°F), RAIN  (in), WIND SPEED (mph)

                                      HEAT  COOL        AVG
    MEAN                              DEG   DEG         WIND                 DOM
DAY TEMP  HIGH   TIME   LOW    TIME   DAYS  DAYS  RAIN  SPEED HIGH   TIME    DIR
------------------------------------------------------------------------------------
 1  52.9  60.4   4:00p  45.9  12:00m  12.1   0.0  0.00   1.8  10.0  11:30a   ENE
 2  56.6  69.3   3:00p  42.3   6:00a   9.0   0.6  0.00   6.0  24.0   1:30p     W
 3  60.1  73.8   3:30p  45.0   5:30a   7.2   2.3  0.00   5.7  23.0  12:00p    SW
 4  65.8  79.0   4:00p  47.4   6:30a   4.2   5.0  0.00   7.1  27.0   1:30p    SW
 5  62.2  70.9   2:00p  56.4   6:30a   3.7   0.9  0.00   5.7  16.0   1:30a     W
 6  60.7  73.6   4:30p  48.5   6:30a   6.2   1.9  0.00   3.5  17.0  12:30p    SW
 7  65.3  80.6   4:30p  46.8   6:00a   4.2   4.5  0.00   4.0  16.0   2:00a   SSW
 8  70.5  85.4   4:30p  52.6   6:00a   2.5   7.9  0.00   3.8  20.0  12:00m    SW
 9  72.5  84.0   3:30p  55.5   6:30a   0.8   8.2  0.00   6.4  27.0  11:00p   SSW
10  69.5  82.4   2:30p  61.3  11:30p   0.5   5.0  0.35   6.3  27.0   9:30a   SSW
11  70.1  85.1   5:30p  59.1   5:30a   1.2   6.3  0.14   4.1  23.0   6:00p     S
12  62.3  74.8   1:00p  49.5  10:30p   4.0   1.3  0.10   8.0  35.0   7:00p     W
13  48.3  53.6   6:30p  42.7  12:00m  16.7   0.0  0.01   9.5  29.0   4:30a     W
14  50.5  62.5   4:30p  36.6   5:00a  14.5   0.0  0.00   4.7  16.0   1:00p   WSW
15  54.6  68.9   3:00p  38.1   5:30a  10.8   0.4  0.01   3.1  12.0   3:00p   SSW
16  63.5  74.3   5:00p  54.5   6:30a   4.0   2.4  0.12   2.8  24.0   9:00p    SW
17  66.6  77.5   5:30p  55.0   5:30a   2.5   4.1  0.00   3.7  19.0  11:30a    SW
18  65.1  79.6   3:00p  52.5   4:00a   3.4   3.5  0.36   3.9  26.0   6:00p   ENE
19  61.8  76.4   2:00p  48.6  12:00m   5.1   1.9  0.24   5.3  29.0   8:30p     W
20  44.3  50.5   5:00p  38.7   9:30a  20.7   0.0  0.00   8.8  31.0   7:00a     W
21  50.4  59.7   3:30p  39.1   5:00a  14.6   0.0  0.00   5.0  16.0   2:30p    SW
22  50.9  58.2   2:00p  39.9  12:00m  14.1   0.0  0.00   8.6  34.0   6:30p   WNW
23  45.8  58.7   5:00p  31.5   5:30a  19.2   0.0  0.00   5.2  22.0   3:30p   WNW
24  62.3  75.6   3:00p  48.0   6:30a   5.8   3.0  0.00   6.3  21.0   8:30a    SW
25  69.0  83.6   4:30p  57.4  12:30a   1.8   5.8  0.00   5.5  32.0  12:00m   SSW
26  73.7  82.2   1:30p  68.2   6:30a   0.0   8.7  0.00   8.1  30.0   1:00a    SW
27  73.1  82.8   1:00p  67.5  12:00m   0.0   8.1  0.00   8.1  40.0   2:00p   SSW
28  66.2  74.2  12:00p  54.9  12:00m   1.3   2.5  0.00   6.7  28.0   2:30p    SW
29  64.4  78.2   5:00p  49.6   5:30a   4.4   3.8  0.00   3.1  15.0  11:30a    SW
30  73.1  84.4   4:00p  60.4  12:30a   0.2   8.3  0.24   7.3  28.0   4:30p   SSW
31  55.6  66.0   7:30a  45.0  11:30p   9.5   0.1  0.21   5.9  19.0   9:00p     E
-------------------------------------------------------------------------------------
    61.5  85.4     8    31.5    23   204.2  96.5  1.78   5.6  40.0    27      SW

Max >=  90.0:  0
Max <=  32.0:  0
Min <=  32.0:  1
Min <=   0.0:  0
Max Rain: 0.36 ON 05/18/15
Days of Rain: 8 (>.01 in) 7 (>.1 in) 0 (>1 in)
Heat Base:  65.0  Cool Base:  65.0  Method: Integration