NOAA-Style Climate Report Archive

for Hessville, NY - Since March 2004

(Reports Generated by WeatherLink)

Report for 2015 April
                   MONTHLY CLIMATOLOGICAL SUMMARY for APR. 2015

NAME: Indian Trail Weather   CITY: Hessville   STATE: New York 
ELEV:  1041 ft  LAT:  42° 51' 52" N  LONG:  74° 43' 15" W

                   TEMPERATURE (°F), RAIN  (in), WIND SPEED (mph)

                                      HEAT  COOL        AVG
    MEAN                              DEG   DEG         WIND                 DOM
DAY TEMP  HIGH   TIME   LOW    TIME   DAYS  DAYS  RAIN  SPEED HIGH   TIME    DIR
------------------------------------------------------------------------------------
 1  28.7  36.6   4:00p  21.8   6:30a  36.3   0.0  0.00   7.4  25.0  12:00p     W
 2  42.7  61.0   4:30p  23.4   1:30a  22.3   0.0  0.00   8.6  42.0  11:00p   SSW
 3  49.2  57.3   5:00p  43.3  11:00p  15.8   0.0  0.02   6.2  38.0   1:00a   WSW
 4  34.3  47.0  12:30a  28.2  11:00p  30.7   0.0  0.04  12.4  37.0   1:00p     W
 5  30.7  33.0   5:30p  28.1   7:00a  34.3   0.0  0.00   8.0  30.0   5:30a   WSW
 6  39.4  52.2   6:00p  26.3   6:00a  25.6   0.0  0.00   2.7  15.0  12:30p   ENE
 7  40.5  45.1   4:30p  35.9  12:00m  24.5   0.0  0.00   4.3  14.0  11:30a   ENE
 8  32.4  35.9  12:30a  30.9  12:00m  32.6   0.0  0.63   8.6  22.0   4:30p     E
 9  33.3  36.5   5:00p  30.3   6:30a  31.7   0.0  0.20   6.9  22.0   3:30p     E
10  41.2  54.3   6:00p  34.2   6:00a  23.8   0.0  0.33   5.8  25.0  12:00m     E
11  37.8  43.4  12:30a  32.5  10:00p  27.2   0.0  0.00  12.9  37.0  11:30a     W
12  46.3  62.5   6:30p  32.4   6:00a  18.8   0.0  0.00   5.5  19.0  12:30a    SW
13  56.6  75.0   3:00p  37.2   6:30a  10.5   2.1  0.00   7.8  39.0  10:30p     S
14  49.4  63.4  12:30a  39.1   7:00a  15.6   0.0  0.07   8.0  34.0   1:30a   WSW
15  47.9  58.2   4:30p  37.1   6:00a  17.1   0.0  0.00   8.5  30.0   3:00p   WSW
16  50.5  70.5   4:30p  29.0   7:00a  14.9   0.4  0.00   5.1  20.0   5:30p     S
17  50.5  57.3  12:30a  43.6  10:30p  14.5   0.0  0.04   5.4  19.0   1:00a   WSW
18  54.4  68.7   1:30p  42.9   5:00a  10.9   0.3  0.00   9.4  44.0   3:30p    SW
19  46.7  57.0   4:30p  32.9   6:30a  18.3   0.0  0.00   6.4  21.0   2:00p     E
20  44.9  50.5   5:30p  38.5   7:00a  20.2   0.0  0.12  10.8  31.0   7:30a     E
21  47.4  54.9   5:00p  40.8  12:00m  17.6   0.0  0.55   6.2  28.0   1:30p    SW
22  41.1  47.9   9:00a  35.0  12:00m  23.4   0.0  0.33   6.1  26.0   7:30p    SW
23  32.9  38.0  12:30p  30.3   7:30a  32.1   0.0  0.00  11.9  32.0   1:00p     W
24  31.4  35.2   5:00p  28.5   6:30a  33.6   0.0  0.00  11.4  31.0  10:30a     W
25  37.8  48.0   4:00p  26.9   6:30a  27.2   0.0  0.00   8.7  23.0   1:00p     W
26  42.1  50.0  12:30p  33.0   3:30a  22.9   0.0  0.00   7.7  26.0  12:00p     W
27  43.7  51.8   2:00p  38.4   6:30a  21.3   0.0  0.00   8.3  31.0  12:30p   WNW
28  51.3  61.7   4:30p  41.7   5:30a  13.7   0.0  0.00   9.8  29.0   5:30p    NW
29  55.1  66.8   4:00p  45.1   6:30a  10.0   0.1  0.00   7.6  25.0   3:30p     W
30  53.9  64.6   3:30p  42.1   5:30a  11.1   0.0  0.00   4.6  17.0   8:00p     E
-------------------------------------------------------------------------------------
    43.1  75.0    13    21.8     1   658.5   2.9  2.33   7.8  44.0    18       W

Max >=  90.0:  0
Max <=  32.0:  0
Min <=  32.0: 11
Min <=   0.0:  0
Max Rain: 0.63 ON 04/08/15
Days of Rain: 10 (>.01 in) 6 (>.1 in) 0 (>1 in)
Heat Base:  65.0  Cool Base:  65.0  Method: Integration