NOAA-Style Climate Report Archive

for Hessville, NY - Since March 2004

(Reports Generated by WeatherLink)

Report for 2015 March
                   MONTHLY CLIMATOLOGICAL SUMMARY for MAR. 2015

NAME: Indian Trail Weather   CITY: Hessville   STATE: New York 
ELEV:  1041 ft  LAT:  42° 51' 52" N  LONG:  74° 43' 15" W

                   TEMPERATURE (°F), RAIN  (in), WIND SPEED (mph)

                                      HEAT  COOL        AVG
    MEAN                              DEG   DEG         WIND                 DOM
DAY TEMP  HIGH   TIME   LOW    TIME   DAYS  DAYS  RAIN  SPEED HIGH   TIME    DIR
------------------------------------------------------------------------------------
 1  13.0  23.6  12:00m   1.2   1:30a  52.0   0.0  0.10   1.7  12.0  12:00m     E
 2  21.7  25.4   1:30p  14.8  12:00m  43.3   0.0  0.00  12.4  39.0   2:30p     W
 3  17.1  30.3  12:00m   4.0   7:00a  47.9   0.0  0.20   5.2  26.0  12:00m     E
 4  31.0  34.0   3:00p  27.0  12:00m  34.0   0.0  0.00  10.0  29.0   1:30a     W
 5  14.0  27.0  12:30a   5.0  10:30p  51.0   0.0  0.00   9.8  29.0   8:00a   WNW
 6  10.5  21.8   4:00p   1.0   6:30a  54.5   0.0  0.00   5.3  17.0   7:30a     W
 7  21.1  29.1   3:30p  12.8   5:30a  43.9   0.0  0.00   8.4  23.0   4:00p    SW
 8  27.4  33.0   4:00p  22.7  12:00m  36.0   0.0  0.01   6.9  38.0   4:30p     W
 9  31.6  40.1   5:00p  21.3   1:00a  33.4   0.0  0.00   9.0  24.0  12:30p   WSW
10  34.9  47.2   6:00p  22.8   8:30a  30.1   0.0  0.01   2.8  21.0   8:30p     S
11  38.9  42.0   3:30p  34.6   9:30p  26.1   0.0  0.00  11.9  34.0  11:30p     W
12  28.5  36.0  12:30a  18.1  12:00m  36.5   0.0  0.00  11.8  36.0   2:00a    NW
13  26.7  37.5   5:00p  15.7   5:00a  38.3   0.0  0.00   3.9  14.0   2:00a    NE
14  31.3  38.4  10:30p  26.6   8:00a  33.7   0.0  0.03   3.1  31.0  11:30p   ENE
15  31.3  34.3   3:30a  28.9  11:30p  33.7   0.0  0.00  12.7  33.0   7:30a     W
16  34.2  41.9   4:00p  23.5   7:00a  30.8   0.0  0.00   3.9  18.0  12:30a   ENE
17  32.9  40.4   2:30a  22.0  12:00m  32.1   0.0  0.04  10.1  40.0   2:30p     W
18  20.2  24.7   2:30p  14.9  12:00m  44.8   0.0  0.01  11.1  33.0  12:00p    NW
19  20.2  29.3   4:30p  12.2   7:30a  44.8   0.0  0.00   8.4  26.0  12:00p   WSW
20  22.8  28.5   1:30p  17.2   4:00a  42.2   0.0  0.05   2.7  10.0   1:30p     E
21  30.1  37.6   4:30p  22.9   4:30a  34.9   0.0  0.01   6.4  30.0   7:00p     W
22  16.9  27.2  12:30a  12.6   9:00a  48.1   0.0  0.00  11.7  33.0   3:30p     W
23  13.4  20.1   4:30p   7.9   7:30a  51.6   0.0  0.00   9.7  26.0  11:00a     W
24  20.5  33.7   4:30p   6.6   7:00a  44.5   0.0  0.00   4.5  14.0   1:30a    SW
25  30.3  42.4   4:00p  15.0   6:30a  34.7   0.0  0.05   4.5  29.0   4:00p   SSW
26  34.4  40.8  10:00a  26.9   6:30a  30.6   0.0  0.56   2.4  15.0  11:30p   NNE
27  32.2  36.7   3:30p  24.9  12:00m  32.8   0.0  0.00   8.0  21.0   9:30a     W
28  20.7  25.5   3:30p  17.2  12:00m  44.3   0.0  0.00   9.6  25.0   3:30p   WNW
29  25.5  37.2   5:00p  13.4   5:30a  39.5   0.0  0.00   5.4  18.0   1:00p     W
30  34.1  38.0   4:00p  28.6   5:00a  30.9   0.0  0.04  12.7  31.0   9:00a   WSW
31  32.5  38.0   5:30p  27.6  12:00m  32.5   0.0  0.00   9.1  27.0   2:00a     W
-------------------------------------------------------------------------------------
    25.8  47.2    10     1.0     6  1213.5   0.0  1.11   7.6  40.0    17       W

Max >=  90.0:  0
Max <=  32.0: 12
Min <=  32.0: 30
Min <=   0.0:  0
Max Rain: 0.56 ON 03/26/15
Days of Rain: 8 (>.01 in) 2 (>.1 in) 0 (>1 in)
Heat Base:  65.0  Cool Base:  65.0  Method: Integration